{"id":25518,"date":"2025-08-20T18:10:59","date_gmt":"2025-08-20T21:10:59","guid":{"rendered":"https:\/\/hificlub.com.br\/loja\/?post_type=product&#038;p=25518"},"modified":"2026-03-03T22:15:19","modified_gmt":"2026-03-04T01:15:19","slug":"focal-theva-cc-caixa-central-200-watts","status":"publish","type":"product","link":"https:\/\/hificlub.com.br\/loja\/produto\/focal-theva-cc-caixa-central-200-watts\/","title":{"rendered":"FOCAL Theva CC &#8211; Caixa Central, 200 Watts"},"content":{"rendered":"<p>A <strong>Focal Theva CC<\/strong> \u00e9 uma caixa ac\u00fastica de canal central projetada para ser o n\u00facleo de um sistema de home theater. Seu principal objetivo \u00e9 garantir di\u00e1logos claros, precisos e bem definidos em filmes e programas de televis\u00e3o. \u00c9 um componente essencial para criar uma experi\u00eancia de som surround coesa e imersiva.<\/p>\n<p>A <strong>Theva CC<\/strong> incorpora diversas tecnologias exclusivas da Focal para oferecer \u00e1udio de alta fidelidade:<\/p>\n<ul>\n<li>Tweet TNF: Possui um tweeter TNF de 1 polegada (25 mm) com c\u00fapula invertida de alum\u00ednio\/magn\u00e9sio. Este design de tweeter \u00e9 uma marca registrada da Focal, conhecido por sua capacidade de produzir altas frequ\u00eancias suaves, detalhadas e n\u00edtidas com baixa distor\u00e7\u00e3o. O formato da c\u00fapula invertida tamb\u00e9m melhora a dispers\u00e3o do som, facilitando a audi\u00e7\u00e3o dos di\u00e1logos em diferentes posi\u00e7\u00f5es de assento.<\/li>\n<li>Cones de fibra de ard\u00f3sia: A caixa ac\u00fastica \u00e9 equipada com dois drivers de cone de fibra de ard\u00f3sia de 6,5 polegadas (16,5 cm). Este material, exclusivo da Focal e fabricado na Fran\u00e7a, utiliza fibras de carbono recicladas. Esta composi\u00e7\u00e3o proporciona um equil\u00edbrio ideal entre rigidez, leveza e amortecimento, resultando em um som din\u00e2mico e equilibrado com frequ\u00eancias m\u00e9dias e m\u00e9dias precisas \u2014 cruciais para a clareza vocal.<\/li>\n<li>Design Ac\u00fastico: A Theva CC \u00e9 uma caixa ac\u00fastica central selada de duas vias. Seu design de gabinete fechado ajuda a proporcionar m\u00e9dios e graves precisos e controlados, o que \u00e9 essencial para garantir que os di\u00e1logos permane\u00e7am n\u00edtidos e sem distor\u00e7\u00e3o.<\/li>\n<li>Base Inclin\u00e1vel: A caixa ac\u00fastica vem com uma pequena base inclin\u00e1vel inclu\u00edda. Isso permite que voc\u00ea incline a caixa ac\u00fastica ligeiramente para cima ou para baixo para direcionar o som precisamente para o n\u00edvel do ouvido do ouvinte. Esse recurso aparentemente insignificante \u00e9 vital para alcan\u00e7ar o palco sonoro correto e garantir que os di\u00e1logos sejam projetados com precis\u00e3o.<\/li>\n<\/ul>\n","protected":false},"excerpt":{"rendered":"<p>A Focal Theva CC \u00e9 uma caixa ac\u00fastica de canal central projetada para ser o n\u00facleo de um sistema de home theater. Seu principal objetivo \u00e9 garantir di\u00e1logos claros, precisos e bem definidos em filmes e programas de televis\u00e3o. \u00c9 um componente essencial para criar uma experi\u00eancia de som surround coesa e imersiva. A Theva [&hellip;]<\/p>\n","protected":false},"featured_media":25523,"template":"","meta":{"_acf_changed":false},"product_brand":[],"product_cat":[35,17,45],"product_tag":[],"class_list":{"0":"post-25518","1":"product","2":"type-product","3":"status-publish","4":"has-post-thumbnail","6":"product_cat-caixas-centrais","7":"product_cat-caixas","8":"product_cat-focal","10":"first","11":"instock","12":"sold-individually","13":"shipping-taxable","14":"purchasable","15":"product-type-simple"},"acf":[],"aioseo_notices":[],"_links":{"self":[{"href":"https:\/\/hificlub.com.br\/loja\/wp-json\/wp\/v2\/product\/25518","targetHints":{"allow":["GET"]}}],"collection":[{"href":"https:\/\/hificlub.com.br\/loja\/wp-json\/wp\/v2\/product"}],"about":[{"href":"https:\/\/hificlub.com.br\/loja\/wp-json\/wp\/v2\/types\/product"}],"wp:featuredmedia":[{"embeddable":true,"href":"https:\/\/hificlub.com.br\/loja\/wp-json\/wp\/v2\/media\/25523"}],"wp:attachment":[{"href":"https:\/\/hificlub.com.br\/loja\/wp-json\/wp\/v2\/media?parent=25518"}],"wp:term":[{"taxonomy":"product_brand","embeddable":true,"href":"https:\/\/hificlub.com.br\/loja\/wp-json\/wp\/v2\/product_brand?post=25518"},{"taxonomy":"product_cat","embeddable":true,"href":"https:\/\/hificlub.com.br\/loja\/wp-json\/wp\/v2\/product_cat?post=25518"},{"taxonomy":"product_tag","embeddable":true,"href":"https:\/\/hificlub.com.br\/loja\/wp-json\/wp\/v2\/product_tag?post=25518"}],"curies":[{"name":"wp","href":"https:\/\/api.w.org\/{rel}","templated":true}]}}