{"id":25434,"date":"2025-08-19T10:44:43","date_gmt":"2025-08-19T13:44:43","guid":{"rendered":"https:\/\/hificlub.com.br\/loja\/?post_type=product&#038;p=25434"},"modified":"2026-03-03T22:15:20","modified_gmt":"2026-03-04T01:15:20","slug":"bw-cwm7-5-s2-caixa-de-teto-150-watts-par","status":"publish","type":"product","link":"https:\/\/hificlub.com.br\/loja\/produto\/bw-cwm7-5-s2-caixa-de-teto-150-watts-par\/","title":{"rendered":"B&#038;W CWM7.5 S2 &#8211; Caixa de Teto, 150 Watts, (par)"},"content":{"rendered":"<p>A caixa ac\u00fastica <b>B&amp;W CWM7.5 S2<\/b> \u00e9 um modelo de embutir (in-wall) da Bowers &amp; Wilkins, parte da s\u00e9rie CI 700. Ela \u00e9 projetada para quem busca alta fidelidade de \u00e1udio sem a necessidade de caixas ac\u00fasticas tradicionais, integrando-se discretamente na parede.<\/p>\n<p>A CWM7.5 S2 \u00e9 uma caixa de <b>duas vias<\/b>, que compartilha a mesma configura\u00e7\u00e3o ac\u00fastica do popular alto-falante de estante da B&amp;W, o 707 S2.<\/p>\n<ul>\n<li><b>Tweeter Carbon Dome:<\/b> Possui um tweeter de c\u00fapula de carbono de 25mm (1 polegada). Essa tecnologia, desenvolvida pela B&amp;W, oferece agudos limpos e detalhados com baixa distor\u00e7\u00e3o, proporcionando uma sonoridade clara e precisa.<\/li>\n<li><b>Driver Continuum\u2122:<\/b> O m\u00e9dio-grave \u00e9 reproduzido por um driver de cone Continuum\u2122 de 130mm (5 polegadas). O material Continuum\u2122 foi desenvolvido como sucessor do ic\u00f4nico Kevlar da B&amp;W e \u00e9 conhecido por sua capacidade de reproduzir frequ\u00eancias m\u00e9dias e graves com alta precis\u00e3o e transpar\u00eancia.<\/li>\n<li><b>Flowport\u2122:<\/b> A caixa utiliza a tecnologia Flowport\u2122, que otimiza o fluxo de ar no duto de sintonia do gabinete. Isso minimiza a turbul\u00eancia e o ru\u00eddo, resultando em uma resposta de graves mais suave e com maior impacto.<\/li>\n<li><b>Gabinete Integrado (Back Box):<\/b> A CWM7.5 S2 vem com um gabinete traseiro selado e integrado. Esse design \u00e9 crucial para garantir um desempenho consistente, independentemente da constru\u00e7\u00e3o da parede onde ela for instalada, e tamb\u00e9m protege os componentes internos contra poeira e sujeira.<\/li>\n<\/ul>\n<p>A CWM7.5 S2 \u00e9 uma op\u00e7\u00e3o vers\u00e1til, adequada tanto para sistemas de <b>\u00e1udio est\u00e9reo de alta qualidade<\/b> quanto para sistemas de <b>home theater<\/b>. Sua sonoridade \u00e9 descrita como detalhada e com excelente palco sonoro, tornando-a ideal para uso como caixa frontal, traseira ou at\u00e9 mesmo em um sistema multi-room.<\/p>\n<p>&nbsp;<\/p>\n","protected":false},"excerpt":{"rendered":"<p>A caixa ac\u00fastica B&amp;W CWM7.5 S2 \u00e9 um modelo de embutir (in-wall) da Bowers &amp; Wilkins, parte da s\u00e9rie CI 700. Ela \u00e9 projetada para quem busca alta fidelidade de \u00e1udio sem a necessidade de caixas ac\u00fasticas tradicionais, integrando-se discretamente na parede. A CWM7.5 S2 \u00e9 uma caixa de duas vias, que compartilha a mesma [&hellip;]<\/p>\n","protected":false},"featured_media":25437,"template":"","meta":{"_acf_changed":false},"product_brand":[],"product_cat":[19,295,17],"product_tag":[],"class_list":{"0":"post-25434","1":"product","2":"type-product","3":"status-publish","4":"has-post-thumbnail","6":"product_cat-bw","7":"product_cat-caixa-teto","8":"product_cat-caixas","10":"first","11":"instock","12":"sold-individually","13":"shipping-taxable","14":"purchasable","15":"product-type-simple"},"acf":[],"aioseo_notices":[],"_links":{"self":[{"href":"https:\/\/hificlub.com.br\/loja\/wp-json\/wp\/v2\/product\/25434","targetHints":{"allow":["GET"]}}],"collection":[{"href":"https:\/\/hificlub.com.br\/loja\/wp-json\/wp\/v2\/product"}],"about":[{"href":"https:\/\/hificlub.com.br\/loja\/wp-json\/wp\/v2\/types\/product"}],"wp:featuredmedia":[{"embeddable":true,"href":"https:\/\/hificlub.com.br\/loja\/wp-json\/wp\/v2\/media\/25437"}],"wp:attachment":[{"href":"https:\/\/hificlub.com.br\/loja\/wp-json\/wp\/v2\/media?parent=25434"}],"wp:term":[{"taxonomy":"product_brand","embeddable":true,"href":"https:\/\/hificlub.com.br\/loja\/wp-json\/wp\/v2\/product_brand?post=25434"},{"taxonomy":"product_cat","embeddable":true,"href":"https:\/\/hificlub.com.br\/loja\/wp-json\/wp\/v2\/product_cat?post=25434"},{"taxonomy":"product_tag","embeddable":true,"href":"https:\/\/hificlub.com.br\/loja\/wp-json\/wp\/v2\/product_tag?post=25434"}],"curies":[{"name":"wp","href":"https:\/\/api.w.org\/{rel}","templated":true}]}}