{"id":25417,"date":"2025-08-18T21:46:11","date_gmt":"2025-08-19T00:46:11","guid":{"rendered":"https:\/\/hificlub.com.br\/loja\/?post_type=product&#038;p=25417"},"modified":"2025-08-18T21:52:39","modified_gmt":"2025-08-19T00:52:39","slug":"kimber-kable-carbon-wbt-0114-cu-cabo-interconnect-rca-1-metro-par","status":"publish","type":"product","link":"https:\/\/hificlub.com.br\/loja\/produto\/kimber-kable-carbon-wbt-0114-cu-cabo-interconnect-rca-1-metro-par\/","title":{"rendered":"KIMBER KABLE Carbon WBT-0114 CU &#8211; Cabo Interconnect RCA, 1 metro, (par)"},"content":{"rendered":"<p>O design inovador do Carbon Phono minimiza a capacit\u00e2ncia, maximiza a blindagem e fornece um DCR extremamente baixo no plano terrestre. O Carbon Phono fornecer\u00e1 os sons que voc\u00ea espera de Kimber Kable. Contender\u00e1 bem com os ambientes mais hostis em rela\u00e7\u00e3o \u00e0 EMI. O cobre banhado em lata 23AWG n\u00e3o isolado \u00e9 delicadamente enrolado \u00e0 m\u00e3o em torno de um n\u00facleo tran\u00e7ado de 8 fios. Esta camada enrolada \u00e0 m\u00e3o se estende at\u00e9 os cabos, bem como para uma cobertura de blindagem completa. Este fio faz contato com a manga de nylon dopada com carbono em todo o comprimento do cabo e acaba sendo amarrado no plano do solo.<\/p>\n<p>&nbsp;<\/p>\n<p><a href=\"https:\/\/www.hifichoice.com\/content\/kimber-kable-debuts-carbon-interconnects\" target=\"_blank\" rel=\"noopener\"><img loading=\"lazy\" decoding=\"async\" class=\"alignnone wp-image-23068 size-full\" src=\"https:\/\/hificlub.com.br\/loja\/wp-content\/uploads\/2025\/06\/Hifi-Choice-award.jpg\" alt=\"\" width=\"353\" height=\"75\" srcset=\"https:\/\/hificlub.com.br\/loja\/wp-content\/uploads\/2025\/06\/Hifi-Choice-award.jpg 353w, https:\/\/hificlub.com.br\/loja\/wp-content\/uploads\/2025\/06\/Hifi-Choice-award-300x64.jpg 300w\" sizes=\"auto, (max-width: 353px) 100vw, 353px\" \/>\u00a0\u00a0\u00a0\u00a0 <\/a><a href=\"https:\/\/stereonet.com\/news\/kimber-kable-carbon-interconnect\" target=\"_blank\" rel=\"noopener\"><img loading=\"lazy\" decoding=\"async\" class=\"alignnone wp-image-22787\" src=\"https:\/\/hificlub.com.br\/loja\/wp-content\/uploads\/2025\/06\/StereoNet.jpg\" alt=\"\" width=\"302\" height=\"76\" srcset=\"https:\/\/hificlub.com.br\/loja\/wp-content\/uploads\/2025\/06\/StereoNet.jpg 358w, https:\/\/hificlub.com.br\/loja\/wp-content\/uploads\/2025\/06\/StereoNet-300x75.jpg 300w\" sizes=\"auto, (max-width: 302px) 100vw, 302px\" \/><\/a><\/p>\n","protected":false},"excerpt":{"rendered":"<p>O design inovador do Carbon Phono minimiza a capacit\u00e2ncia, maximiza a blindagem e fornece um DCR extremamente baixo no plano terrestre. O Carbon Phono fornecer\u00e1 os sons que voc\u00ea espera de Kimber Kable. Contender\u00e1 bem com os ambientes mais hostis em rela\u00e7\u00e3o \u00e0 EMI. O cobre banhado em lata 23AWG n\u00e3o isolado \u00e9 delicadamente enrolado [&hellip;]<\/p>\n","protected":false},"featured_media":25418,"template":"","meta":{"_acf_changed":false},"product_brand":[],"product_cat":[61,71,64],"product_tag":[],"class_list":{"0":"post-25417","1":"product","2":"type-product","3":"status-publish","4":"has-post-thumbnail","6":"product_cat-cabos","7":"product_cat-interconnect-rca","8":"product_cat-kimber","10":"first","11":"instock","12":"sold-individually","13":"shipping-taxable","14":"purchasable","15":"product-type-simple"},"acf":[],"aioseo_notices":[],"_links":{"self":[{"href":"https:\/\/hificlub.com.br\/loja\/wp-json\/wp\/v2\/product\/25417","targetHints":{"allow":["GET"]}}],"collection":[{"href":"https:\/\/hificlub.com.br\/loja\/wp-json\/wp\/v2\/product"}],"about":[{"href":"https:\/\/hificlub.com.br\/loja\/wp-json\/wp\/v2\/types\/product"}],"wp:featuredmedia":[{"embeddable":true,"href":"https:\/\/hificlub.com.br\/loja\/wp-json\/wp\/v2\/media\/25418"}],"wp:attachment":[{"href":"https:\/\/hificlub.com.br\/loja\/wp-json\/wp\/v2\/media?parent=25417"}],"wp:term":[{"taxonomy":"product_brand","embeddable":true,"href":"https:\/\/hificlub.com.br\/loja\/wp-json\/wp\/v2\/product_brand?post=25417"},{"taxonomy":"product_cat","embeddable":true,"href":"https:\/\/hificlub.com.br\/loja\/wp-json\/wp\/v2\/product_cat?post=25417"},{"taxonomy":"product_tag","embeddable":true,"href":"https:\/\/hificlub.com.br\/loja\/wp-json\/wp\/v2\/product_tag?post=25417"}],"curies":[{"name":"wp","href":"https:\/\/api.w.org\/{rel}","templated":true}]}}