{"id":25338,"date":"2025-10-22T11:21:10","date_gmt":"2025-10-22T14:21:10","guid":{"rendered":"https:\/\/hificlub.com.br\/loja\/?post_type=product&#038;p=25338"},"modified":"2026-03-03T22:15:10","modified_gmt":"2026-03-04T01:15:10","slug":"marantz-link-10n-pre-amplificador-de-streaming-completo-de-2-1-canais","status":"publish","type":"product","link":"https:\/\/hificlub.com.br\/loja\/produto\/marantz-link-10n-pre-amplificador-de-streaming-completo-de-2-1-canais\/","title":{"rendered":"MARANTZ Link 10N &#8211; Pr\u00e9-Amplificador de Streaming Completo de 2.1 Canais, com Tecnologia HEOS\u2122"},"content":{"rendered":"<p class=\"\"><span dir=\"auto\">O <strong>LINK 10n<\/strong> \u00e9 um reprodutor de \u00e1udio de rede de refer\u00eancia, projetado usando a mesma tecnologia e habilidade que estabelecem o MODEL 10 e o SACD 10 como l\u00edderes de classe.<\/span><\/p>\n<ul class=\"top-features\">\n<li class=\"\"><span dir=\"auto\">Suporte de \u00e1udio de alta resolu\u00e7\u00e3o<\/span><\/li>\n<li class=\"\"><span dir=\"auto\">HEOS\u00ae integrado<\/span><\/li>\n<li class=\"\"><span dir=\"auto\">Nova tela colorida TFT HD de alta resolu\u00e7\u00e3o<\/span><\/li>\n<li class=\"\"><span dir=\"auto\">Circuitos HDAM e MM mais recentes<\/span><\/li>\n<li class=\"\"><span dir=\"auto\">HDMI ARC com suporte CEC<\/span><\/li>\n<li class=\"\"><span dir=\"auto\">Sa\u00edda de subwoofer de 2.1 canais<\/span><\/li>\n<\/ul>\n<p>Ele \u00e9 um equipamento de \u00e1udio de refer\u00eancia de alta gama, que funciona como um <b>Streamer de Rede (Network Player) e Pr\u00e9-Amplificador<\/b> completo, sendo o principal leitor digital do portf\u00f3lio da Marantz na S\u00e9rie 10.<\/p>\n<p><strong>Principais caracter\u00edsticas<\/strong><\/p>\n<ul>\n<li>Tipo: Pr\u00e9-Amplificador Est\u00e9reo e Leitor de \u00c1udio de Rede de Refer\u00eancia (Streaming Preamplifier 2.1 Canais).<\/li>\n<li>Arquitetura: Totalmente balanceada.<\/li>\n<li>Design: Faz parte da S\u00e9rie 10, com um design ic\u00f3nico e constru\u00e7\u00e3o premium (chassis de alum\u00ednio de camada tripla, revestimento de cobre, m\u00f3dulos HDAM).<\/li>\n<\/ul>\n<p><strong>Cores<\/strong><\/p>\n<ul>\n<li>Preto<\/li>\n<li>Dourado<\/li>\n<\/ul>\n","protected":false},"excerpt":{"rendered":"<p>O LINK 10n \u00e9 um reprodutor de \u00e1udio de rede de refer\u00eancia, projetado usando a mesma tecnologia e habilidade que estabelecem o MODEL 10 e o SACD 10 como l\u00edderes de classe. Suporte de \u00e1udio de alta resolu\u00e7\u00e3o HEOS\u00ae integrado Nova tela colorida TFT HD de alta resolu\u00e7\u00e3o Circuitos HDAM e MM mais recentes HDMI [&hellip;]<\/p>\n","protected":false},"featured_media":26820,"template":"","meta":{"_acf_changed":false},"product_brand":[],"product_cat":[41,92,142],"product_tag":[],"class_list":{"0":"post-25338","1":"product","2":"type-product","3":"status-publish","4":"has-post-thumbnail","6":"product_cat-digital","7":"product_cat-marantz","8":"product_cat-streamers","10":"first","11":"instock","12":"sold-individually","13":"shipping-taxable","14":"product-type-simple"},"acf":[],"aioseo_notices":[],"_links":{"self":[{"href":"https:\/\/hificlub.com.br\/loja\/wp-json\/wp\/v2\/product\/25338","targetHints":{"allow":["GET"]}}],"collection":[{"href":"https:\/\/hificlub.com.br\/loja\/wp-json\/wp\/v2\/product"}],"about":[{"href":"https:\/\/hificlub.com.br\/loja\/wp-json\/wp\/v2\/types\/product"}],"wp:featuredmedia":[{"embeddable":true,"href":"https:\/\/hificlub.com.br\/loja\/wp-json\/wp\/v2\/media\/26820"}],"wp:attachment":[{"href":"https:\/\/hificlub.com.br\/loja\/wp-json\/wp\/v2\/media?parent=25338"}],"wp:term":[{"taxonomy":"product_brand","embeddable":true,"href":"https:\/\/hificlub.com.br\/loja\/wp-json\/wp\/v2\/product_brand?post=25338"},{"taxonomy":"product_cat","embeddable":true,"href":"https:\/\/hificlub.com.br\/loja\/wp-json\/wp\/v2\/product_cat?post=25338"},{"taxonomy":"product_tag","embeddable":true,"href":"https:\/\/hificlub.com.br\/loja\/wp-json\/wp\/v2\/product_tag?post=25338"}],"curies":[{"name":"wp","href":"https:\/\/api.w.org\/{rel}","templated":true}]}}