{"id":25250,"date":"2025-08-13T12:18:38","date_gmt":"2025-08-13T15:18:38","guid":{"rendered":"https:\/\/hificlub.com.br\/loja\/?post_type=product&#038;p=25250"},"modified":"2026-03-03T22:15:23","modified_gmt":"2026-03-04T01:15:23","slug":"reloop-spin-stylus-agulha-de-reposicao","status":"publish","type":"product","link":"https:\/\/hificlub.com.br\/loja\/produto\/reloop-spin-stylus-agulha-de-reposicao\/","title":{"rendered":"RELOOP Spin Stylus &#8211; Agulha de Reposi\u00e7\u00e3o"},"content":{"rendered":"<p>O sistema de cartucho Reloop SPIN \u00e9 a solu\u00e7\u00e3o perfeita para o seu sistema de toca-discos port\u00e1til. Com uma agulha esf\u00e9rica, \u00e9 perfeito para scratching e reprodu\u00e7\u00e3o port\u00e1til de discos. Com alta capacidade de rastreamento, o cartucho SPIN permanece no sulco do disco e n\u00e3o salta, mesmo em manobras r\u00e1pidas. Al\u00e9m disso, tamb\u00e9m tem um efeito positivo no desgaste do vinil.<\/p>\n<p>O sistema de cartucho Reloop SPIN \u00e9 adequado para scratching, gra\u00e7as \u00e0 agulha esf\u00e9rica, e \u00e9 ideal para a reprodu\u00e7\u00e3o port\u00e1til de discos. Com alta capacidade de rastreamento, o cartucho sempre permanece no sulco do disco e n\u00e3o salta, mesmo durante manobras r\u00e1pidas. Al\u00e9m disso, a agulha tem um efeito positivo no desgaste do vinil.<\/p>\n","protected":false},"excerpt":{"rendered":"<p>O sistema de cartucho Reloop SPIN \u00e9 a solu\u00e7\u00e3o perfeita para o seu sistema de toca-discos port\u00e1til. Com uma agulha esf\u00e9rica, \u00e9 perfeito para scratching e reprodu\u00e7\u00e3o port\u00e1til de discos. Com alta capacidade de rastreamento, o cartucho SPIN permanece no sulco do disco e n\u00e3o salta, mesmo em manobras r\u00e1pidas. Al\u00e9m disso, tamb\u00e9m tem um [&hellip;]<\/p>\n","protected":false},"featured_media":25252,"template":"","meta":{"_acf_changed":false},"product_brand":[],"product_cat":[78,99,255],"product_tag":[],"class_list":{"0":"post-25250","1":"product","2":"type-product","3":"status-publish","4":"has-post-thumbnail","6":"product_cat-analogico-audio","7":"product_cat-capsulas","8":"product_cat-reloop","10":"first","11":"instock","12":"sold-individually","13":"shipping-taxable","14":"purchasable","15":"product-type-simple"},"acf":[],"aioseo_notices":[],"_links":{"self":[{"href":"https:\/\/hificlub.com.br\/loja\/wp-json\/wp\/v2\/product\/25250","targetHints":{"allow":["GET"]}}],"collection":[{"href":"https:\/\/hificlub.com.br\/loja\/wp-json\/wp\/v2\/product"}],"about":[{"href":"https:\/\/hificlub.com.br\/loja\/wp-json\/wp\/v2\/types\/product"}],"wp:featuredmedia":[{"embeddable":true,"href":"https:\/\/hificlub.com.br\/loja\/wp-json\/wp\/v2\/media\/25252"}],"wp:attachment":[{"href":"https:\/\/hificlub.com.br\/loja\/wp-json\/wp\/v2\/media?parent=25250"}],"wp:term":[{"taxonomy":"product_brand","embeddable":true,"href":"https:\/\/hificlub.com.br\/loja\/wp-json\/wp\/v2\/product_brand?post=25250"},{"taxonomy":"product_cat","embeddable":true,"href":"https:\/\/hificlub.com.br\/loja\/wp-json\/wp\/v2\/product_cat?post=25250"},{"taxonomy":"product_tag","embeddable":true,"href":"https:\/\/hificlub.com.br\/loja\/wp-json\/wp\/v2\/product_tag?post=25250"}],"curies":[{"name":"wp","href":"https:\/\/api.w.org\/{rel}","templated":true}]}}