{"id":25244,"date":"2025-08-13T12:05:09","date_gmt":"2025-08-13T15:05:09","guid":{"rendered":"https:\/\/hificlub.com.br\/loja\/?post_type=product&#038;p=25244"},"modified":"2026-03-03T22:15:23","modified_gmt":"2026-03-04T01:15:23","slug":"reloop-stylus-om-black-agulha-de-reposicao","status":"publish","type":"product","link":"https:\/\/hificlub.com.br\/loja\/produto\/reloop-stylus-om-black-agulha-de-reposicao\/","title":{"rendered":"RELOOP Stylus Om Black &#8211; Agulha de Reposi\u00e7\u00e3o"},"content":{"rendered":"<p><strong>Stylus OM Black<\/strong><\/p>\n<p>A <b>RELOOP Stylus OM Black<\/b> \u00e9 uma agulha de reposi\u00e7\u00e3o projetada para ser usada com as c\u00e1psulas da s\u00e9rie OM da Reloop, que s\u00e3o fabricadas em parceria com a renomada marca de \u00e1udio Ortofon. Ela \u00e9 uma escolha popular, principalmente entre DJs iniciantes e intermedi\u00e1rios, por ser um acess\u00f3rio vers\u00e1til e acess\u00edvel.<\/p>\n<ul>\n<li><b>Design e Constru\u00e7\u00e3o:<\/b> A Stylus OM Black tem um formato esf\u00e9rico, o que ajuda a reduzir o desgaste do vinil. Sua constru\u00e7\u00e3o \u00e9 robusta e dur\u00e1vel, feita para suportar o uso frequente em ambientes de DJ, incluindo o &#8220;scratching&#8221;.<\/li>\n<li><b>Desempenho:<\/b> Oferece um bom equil\u00edbrio entre qualidade de som e durabilidade. Com uma resposta de frequ\u00eancia que varia de <b>20 Hz a 22 kHz<\/b>, ela proporciona um som claro e din\u00e2mico. Sua tens\u00e3o de sa\u00edda \u00e9 de <b>4 mV<\/b>, um valor adequado para a maioria dos mixers de DJ.<\/li>\n<li><b>For\u00e7a de Rastreada:<\/b> A for\u00e7a de rastreamento recomendada \u00e9 de <b>2 gramas<\/b>, com uma faixa de rastreamento de <b>1,75 a 2,25 gramas<\/b>. Isso garante que a agulha se mantenha est\u00e1vel no sulco do vinil, minimizando pulos, mesmo durante movimentos mais bruscos.<\/li>\n<li><b>Compatibilidade:<\/b> A agulha foi projetada para as c\u00e1psulas Reloop OM Black, mas tamb\u00e9m \u00e9 compat\u00edvel com outros modelos da s\u00e9rie OM e Concorde de primeira gera\u00e7\u00e3o da Ortofon. \u00c9 importante notar que ela n\u00e3o \u00e9 compat\u00edvel com a s\u00e9rie MkII da Ortofon.<\/li>\n<\/ul>\n<p>&nbsp;<\/p>\n","protected":false},"excerpt":{"rendered":"<p>Stylus OM Black A RELOOP Stylus OM Black \u00e9 uma agulha de reposi\u00e7\u00e3o projetada para ser usada com as c\u00e1psulas da s\u00e9rie OM da Reloop, que s\u00e3o fabricadas em parceria com a renomada marca de \u00e1udio Ortofon. Ela \u00e9 uma escolha popular, principalmente entre DJs iniciantes e intermedi\u00e1rios, por ser um acess\u00f3rio vers\u00e1til e acess\u00edvel. [&hellip;]<\/p>\n","protected":false},"featured_media":25245,"template":"","meta":{"_acf_changed":false},"product_brand":[],"product_cat":[78,99,255],"product_tag":[],"class_list":{"0":"post-25244","1":"product","2":"type-product","3":"status-publish","4":"has-post-thumbnail","6":"product_cat-analogico-audio","7":"product_cat-capsulas","8":"product_cat-reloop","10":"first","11":"instock","12":"sold-individually","13":"shipping-taxable","14":"purchasable","15":"product-type-simple"},"acf":[],"aioseo_notices":[],"_links":{"self":[{"href":"https:\/\/hificlub.com.br\/loja\/wp-json\/wp\/v2\/product\/25244","targetHints":{"allow":["GET"]}}],"collection":[{"href":"https:\/\/hificlub.com.br\/loja\/wp-json\/wp\/v2\/product"}],"about":[{"href":"https:\/\/hificlub.com.br\/loja\/wp-json\/wp\/v2\/types\/product"}],"wp:featuredmedia":[{"embeddable":true,"href":"https:\/\/hificlub.com.br\/loja\/wp-json\/wp\/v2\/media\/25245"}],"wp:attachment":[{"href":"https:\/\/hificlub.com.br\/loja\/wp-json\/wp\/v2\/media?parent=25244"}],"wp:term":[{"taxonomy":"product_brand","embeddable":true,"href":"https:\/\/hificlub.com.br\/loja\/wp-json\/wp\/v2\/product_brand?post=25244"},{"taxonomy":"product_cat","embeddable":true,"href":"https:\/\/hificlub.com.br\/loja\/wp-json\/wp\/v2\/product_cat?post=25244"},{"taxonomy":"product_tag","embeddable":true,"href":"https:\/\/hificlub.com.br\/loja\/wp-json\/wp\/v2\/product_tag?post=25244"}],"curies":[{"name":"wp","href":"https:\/\/api.w.org\/{rel}","templated":true}]}}