{"id":25207,"date":"2025-08-12T12:10:43","date_gmt":"2025-08-12T15:10:43","guid":{"rendered":"https:\/\/hificlub.com.br\/loja\/?post_type=product&#038;p=25207"},"modified":"2025-08-12T12:10:43","modified_gmt":"2025-08-12T15:10:43","slug":"epson-pro-cinema-6040ub-projetor-para-entretenimento-domestico-de-2300-lumens-com-4k-enhancement","status":"publish","type":"product","link":"https:\/\/hificlub.com.br\/loja\/produto\/epson-pro-cinema-6040ub-projetor-para-entretenimento-domestico-de-2300-lumens-com-4k-enhancement\/","title":{"rendered":"EPSON Pro Cinema 6040UB &#8211; Projetor para Entretenimento Dom\u00e9stico de 2300 Lumens com 4K Enhancement"},"content":{"rendered":"<p>Os aficionados por cinema v\u00e3o se surpreender com as imagens excepcionais do projetor Pro Cinema 6040UB. As mais avan\u00e7adas tecnologias de proje\u00e7\u00e3o foram combinadas: 3LCD para imagens claras, brilhantes e repletas de cor; compatibilidade HDR para desfrutar do mais recente conte\u00fado cinematogr\u00e1fico; 4K Enhancement entre outros. Tudo isso torna o Pro Cinema 6040UB a solu\u00e7\u00e3o integrada de proje\u00e7\u00e3o para o entretenimento dom\u00e9stico.<\/p>\n<ul>\n<li>2500 lumens de brilho em cores<\/li>\n<li>2500 lumens de brlho em branco<\/li>\n<li>Lente motorizada<\/li>\n<li>HDR Compat\u00edvel<\/li>\n<\/ul>\n<div><strong>A melhor qualidade de imagem<\/strong><\/div>\n<div>Obtenha a melhor experi\u00eancia cinematogr\u00e1fica em casa com este poderoso projetor 4K Enhancement\u00b9 com resolu\u00e7\u00e3o Full HD; tecnologia 3LCD que gera imagens claras, brilhantes e repletas de cor; e brilho em branco e em cores de 2500 lumens\u00b2.<\/p>\n<\/div>\n<div>\n<div><strong>Contraste de at\u00e9 1.000.000:1<\/strong><\/div>\n<div>Detalhes incr\u00edveis. Al\u00e9m disso, esse projetor converte facilmente v\u00eddeos 2D de alta defini\u00e7\u00e3o em v\u00eddeos 3D.<\/p>\n<\/div>\n<div><strong>Instala\u00e7\u00e3o f\u00e1cil<\/strong><\/div>\n<div>A instala\u00e7\u00e3o do projetor \u00e9 f\u00e1cil, pois h\u00e1 dispositivos que melhoram a experi\u00eancia. A lente motorizada permite instal\u00e1-lo em praticamente qualquer lugar.<\/div>\n<\/div>\n","protected":false},"excerpt":{"rendered":"<p>Os aficionados por cinema v\u00e3o se surpreender com as imagens excepcionais do projetor Pro Cinema 6040UB. As mais avan\u00e7adas tecnologias de proje\u00e7\u00e3o foram combinadas: 3LCD para imagens claras, brilhantes e repletas de cor; compatibilidade HDR para desfrutar do mais recente conte\u00fado cinematogr\u00e1fico; 4K Enhancement entre outros. Tudo isso torna o Pro Cinema 6040UB a solu\u00e7\u00e3o [&hellip;]<\/p>\n","protected":false},"featured_media":25208,"template":"","meta":{"_acf_changed":false},"product_brand":[],"product_cat":[252,259],"product_tag":[],"class_list":{"0":"post-25207","1":"product","2":"type-product","3":"status-publish","4":"has-post-thumbnail","6":"product_cat-epson","7":"product_cat-projetor-2","9":"first","10":"instock","11":"sold-individually","12":"shipping-taxable","13":"purchasable","14":"product-type-simple"},"acf":[],"aioseo_notices":[],"_links":{"self":[{"href":"https:\/\/hificlub.com.br\/loja\/wp-json\/wp\/v2\/product\/25207","targetHints":{"allow":["GET"]}}],"collection":[{"href":"https:\/\/hificlub.com.br\/loja\/wp-json\/wp\/v2\/product"}],"about":[{"href":"https:\/\/hificlub.com.br\/loja\/wp-json\/wp\/v2\/types\/product"}],"wp:featuredmedia":[{"embeddable":true,"href":"https:\/\/hificlub.com.br\/loja\/wp-json\/wp\/v2\/media\/25208"}],"wp:attachment":[{"href":"https:\/\/hificlub.com.br\/loja\/wp-json\/wp\/v2\/media?parent=25207"}],"wp:term":[{"taxonomy":"product_brand","embeddable":true,"href":"https:\/\/hificlub.com.br\/loja\/wp-json\/wp\/v2\/product_brand?post=25207"},{"taxonomy":"product_cat","embeddable":true,"href":"https:\/\/hificlub.com.br\/loja\/wp-json\/wp\/v2\/product_cat?post=25207"},{"taxonomy":"product_tag","embeddable":true,"href":"https:\/\/hificlub.com.br\/loja\/wp-json\/wp\/v2\/product_tag?post=25207"}],"curies":[{"name":"wp","href":"https:\/\/api.w.org\/{rel}","templated":true}]}}