{"id":25100,"date":"2025-08-08T18:33:03","date_gmt":"2025-08-08T21:33:03","guid":{"rendered":"https:\/\/hificlub.com.br\/loja\/?post_type=product&#038;p=25100"},"modified":"2025-08-08T18:38:29","modified_gmt":"2025-08-08T21:38:29","slug":"mark-levinson-523-pre-amplificador-dual-monaural-com-estagio-phono","status":"publish","type":"product","link":"https:\/\/hificlub.com.br\/loja\/produto\/mark-levinson-523-pre-amplificador-dual-monaural-com-estagio-phono\/","title":{"rendered":"MARK LEVINSON 523 &#8211; Pr\u00e9-amplificador Dual-Monaural com Est\u00e1gio Phono"},"content":{"rendered":"<p>Ou\u00e7a cada nuance e complexidade da sua m\u00fasica com o \u2116 523. Este pr\u00e9-amplificador de \u00faltima gera\u00e7\u00e3o serve como o centro do seu sistema de \u00e1udio e preserva perfeitamente os sinais de \u00e1udio anal\u00f3gicos \u2014 para que voc\u00ea possa experimentar todo o potencial da m\u00fasica que ama.<\/p>\n<p><strong>\u00c1udio anal\u00f3gico detalhado<\/strong><\/p>\n<p>O n.\u00ba 523 inclui um m\u00f3dulo Pure Phono de alto desempenho, alojado em seu pr\u00f3prio gabinete de a\u00e7o para reduzir o ru\u00eddo e proporcionar um desempenho excepcional. Seus \u00e1lbuns de vinil favoritos nunca soar\u00e3o melhor.<\/p>\n<p><strong>Projeto de circuito de caminho puro<\/strong><\/p>\n<p>Nossa abordagem propriet\u00e1ria ao design de circuitos proporciona pureza musical inquestion\u00e1vel e uma experi\u00eancia auditiva envolvente. Utilizando componentes discretos cuidadosamente selecionados para sua fun\u00e7\u00e3o precisa, o n\u00ba 523 oferece qualidade sonora incompar\u00e1vel que captura as nuances de cada nota.<\/p>\n<p><strong>Sa\u00edda de fone de ouvido de alto desempenho<\/strong><\/p>\n<p>Liberte todo o desempenho que seus fones de ouvido podem oferecer. A sa\u00edda de fone de ouvido Main Drive do modelo 523 tem capacidade de corrente suficiente para alimentar os fones de ouvido diretamente, sem a necessidade de um amplificador separado. Desfrute de uma experi\u00eancia auditiva pessoal incrivelmente detalhada \u2014 e mergulhe completamente na m\u00fasica.<\/p>\n<p>&nbsp;<\/p>\n<p><a href=\"https:\/\/www.whathifi.com\/news\/mark-levinson-expands-uk-amp-range-no-523-and-no-534\" target=\"_blank\" rel=\"noopener\"><img loading=\"lazy\" decoding=\"async\" class=\"alignnone wp-image-20966\" src=\"https:\/\/hificlub.com.br\/loja\/wp-content\/uploads\/2024\/01\/what-hifi-awards-9.png\" alt=\"\" width=\"229\" height=\"116\" srcset=\"https:\/\/hificlub.com.br\/loja\/wp-content\/uploads\/2024\/01\/what-hifi-awards-9.png 316w, https:\/\/hificlub.com.br\/loja\/wp-content\/uploads\/2024\/01\/what-hifi-awards-9-300x152.png 300w\" sizes=\"auto, (max-width: 229px) 100vw, 229px\" \/>\u00a0\u00a0\u00a0\u00a0 <\/a><a href=\"https:\/\/hometheaterreview.com\/mark-levinson-no526-preamplifierdac-reviewed\/\" target=\"_blank\" rel=\"noopener\"><img loading=\"lazy\" decoding=\"async\" class=\"alignnone wp-image-22564\" src=\"https:\/\/hificlub.com.br\/loja\/wp-content\/uploads\/2023\/11\/awards-home-theater-review-A-3.png\" alt=\"\" width=\"354\" height=\"186\" srcset=\"https:\/\/hificlub.com.br\/loja\/wp-content\/uploads\/2023\/11\/awards-home-theater-review-A-3.png 310w, https:\/\/hificlub.com.br\/loja\/wp-content\/uploads\/2023\/11\/awards-home-theater-review-A-3-300x158.png 300w\" sizes=\"auto, (max-width: 354px) 100vw, 354px\" \/><\/a><\/p>\n","protected":false},"excerpt":{"rendered":"<p>Ou\u00e7a cada nuance e complexidade da sua m\u00fasica com o \u2116 523. Este pr\u00e9-amplificador de \u00faltima gera\u00e7\u00e3o serve como o centro do seu sistema de \u00e1udio e preserva perfeitamente os sinais de \u00e1udio anal\u00f3gicos \u2014 para que voc\u00ea possa experimentar todo o potencial da m\u00fasica que ama. \u00c1udio anal\u00f3gico detalhado O n.\u00ba 523 inclui um [&hellip;]<\/p>\n","protected":false},"featured_media":25103,"template":"","meta":{"_acf_changed":false},"product_brand":[],"product_cat":[90,38],"product_tag":[],"class_list":{"0":"post-25100","1":"product","2":"type-product","3":"status-publish","4":"has-post-thumbnail","6":"product_cat-mark-levinson","7":"product_cat-pre-amplificador","9":"first","10":"instock","11":"shipping-taxable","12":"purchasable","13":"product-type-simple"},"acf":[],"aioseo_notices":[],"_links":{"self":[{"href":"https:\/\/hificlub.com.br\/loja\/wp-json\/wp\/v2\/product\/25100","targetHints":{"allow":["GET"]}}],"collection":[{"href":"https:\/\/hificlub.com.br\/loja\/wp-json\/wp\/v2\/product"}],"about":[{"href":"https:\/\/hificlub.com.br\/loja\/wp-json\/wp\/v2\/types\/product"}],"wp:featuredmedia":[{"embeddable":true,"href":"https:\/\/hificlub.com.br\/loja\/wp-json\/wp\/v2\/media\/25103"}],"wp:attachment":[{"href":"https:\/\/hificlub.com.br\/loja\/wp-json\/wp\/v2\/media?parent=25100"}],"wp:term":[{"taxonomy":"product_brand","embeddable":true,"href":"https:\/\/hificlub.com.br\/loja\/wp-json\/wp\/v2\/product_brand?post=25100"},{"taxonomy":"product_cat","embeddable":true,"href":"https:\/\/hificlub.com.br\/loja\/wp-json\/wp\/v2\/product_cat?post=25100"},{"taxonomy":"product_tag","embeddable":true,"href":"https:\/\/hificlub.com.br\/loja\/wp-json\/wp\/v2\/product_tag?post=25100"}],"curies":[{"name":"wp","href":"https:\/\/api.w.org\/{rel}","templated":true}]}}