{"id":25022,"date":"2025-08-07T10:06:10","date_gmt":"2025-08-07T13:06:10","guid":{"rendered":"https:\/\/hificlub.com.br\/loja\/?post_type=product&#038;p=25022"},"modified":"2026-03-03T22:15:25","modified_gmt":"2026-03-04T01:15:25","slug":"avr-x1800h-receiver-av-8k-72-canais-com-heos-integrado-dolby-atmos-80-watts","status":"publish","type":"product","link":"https:\/\/hificlub.com.br\/loja\/produto\/avr-x1800h-receiver-av-8k-72-canais-com-heos-integrado-dolby-atmos-80-watts\/","title":{"rendered":"DENON AVR-X1800H &#8211; Receiver Av, 8k, 7,2 Canais, com Heos\u00ae Integrado, Dolby Atmos, 80 Watts"},"content":{"rendered":"<div class=\"title-text\"><strong>Som com qualidade de cinema\u00a0simplificado<\/strong><\/div>\n<p>De cenas de a\u00e7\u00e3o a playlists \u00e9picas, experimente cada batida, sussurro e explos\u00e3o com a pot\u00eancia e a clareza que merece. Desfrute de v\u00eddeo 8K e som 3D envolvente com um AVR de 7.2 canais com streaming de m\u00fasica sem fio HEOS\u00ae.<\/p>\n<div>\n<p class=\"text-left pt-4 pb-0\"><strong>\u00c1udio de n\u00edvel superior, opera\u00e7\u00e3o sem esfor\u00e7o<\/strong><\/p>\n<div class=\"pdp-animated-feature\">\n<p>Com 80 W por canal e 7,2 canais, o X1800H oferece \u00e1udio n\u00edtido e din\u00e2mico, perfeito para configura\u00e7\u00f5es de home theater envolventes.<\/p>\n<div class=\"title-text\">\n<p class=\"headline2\"><strong>Som HEOS\u00ae\u00a0para toda a casa<\/strong><\/p>\n<\/div>\n<div class=\"animated-item\" data-scroll-reveal=\"fade up fast each\">\n<div class=\"paragraph-text p-large\">Conecte-se com alto-falantes, barras de som, sistemas de alta fidelidade e receptores HEOS\u00ae via Wi-Fi para \u00e1udio f\u00e1cil em toda a casa. Transmita m\u00fasicas em alta resolu\u00e7\u00e3o dos principais servi\u00e7os, compartilhe o som dos seus dispositivos conectados e controle tudo com o aplicativo ou sua voz. Reproduza m\u00fasicas diferentes em cada c\u00f4modo ou em salas de grupo para um som perfeito.<\/div>\n<\/div>\n<\/div>\n<\/div>\n<div><\/div>\n<div>Desfrute de v\u00eddeos 8K e \u00e1udio 3D incr\u00edveis com o AVR-X1800H. Ele preenche facilmente salas de pequeno a m\u00e9dio porte com \u00e1udio brilhante de uma configura\u00e7\u00e3o 7.2 ou 5.2.2 com Dolby Atmos e DTS:X. E com o HEOS\u00ae integrado, voc\u00ea pode transmitir m\u00fasica sem fio e compartilhar com qualquer caixa de som compat\u00edvel com HEOS em sua casa.<\/div>\n<div>\n<ul>\n<li>\u00c1udio 3D envolvente<\/li>\n<li>Amplificador potente e discreto de sete canais<\/li>\n<li>Conex\u00e3o HDMI 8K avan\u00e7ada<\/li>\n<li>Tecnologia HEOS\u00ae integrada<\/li>\n<li>Configura\u00e7\u00e3o simples e corre\u00e7\u00e3o de sala Audyssey<\/li>\n<li>Bluetooth e Wi-Fi integrados<\/li>\n<\/ul>\n<\/div>\n","protected":false},"excerpt":{"rendered":"<p>Som com qualidade de cinema\u00a0simplificado De cenas de a\u00e7\u00e3o a playlists \u00e9picas, experimente cada batida, sussurro e explos\u00e3o com a pot\u00eancia e a clareza que merece. Desfrute de v\u00eddeo 8K e som 3D envolvente com um AVR de 7.2 canais com streaming de m\u00fasica sem fio HEOS\u00ae. \u00c1udio de n\u00edvel superior, opera\u00e7\u00e3o sem esfor\u00e7o Com [&hellip;]<\/p>\n","protected":false},"featured_media":25023,"template":"","meta":{"_acf_changed":false},"product_brand":[],"product_cat":[150,21,22],"product_tag":[],"class_list":{"0":"post-25022","1":"product","2":"type-product","3":"status-publish","4":"has-post-thumbnail","6":"product_cat-denon","7":"product_cat-home-theater","8":"product_cat-receivers","10":"first","11":"instock","12":"sold-individually","13":"shipping-taxable","14":"purchasable","15":"product-type-simple"},"acf":[],"aioseo_notices":[],"_links":{"self":[{"href":"https:\/\/hificlub.com.br\/loja\/wp-json\/wp\/v2\/product\/25022","targetHints":{"allow":["GET"]}}],"collection":[{"href":"https:\/\/hificlub.com.br\/loja\/wp-json\/wp\/v2\/product"}],"about":[{"href":"https:\/\/hificlub.com.br\/loja\/wp-json\/wp\/v2\/types\/product"}],"wp:featuredmedia":[{"embeddable":true,"href":"https:\/\/hificlub.com.br\/loja\/wp-json\/wp\/v2\/media\/25023"}],"wp:attachment":[{"href":"https:\/\/hificlub.com.br\/loja\/wp-json\/wp\/v2\/media?parent=25022"}],"wp:term":[{"taxonomy":"product_brand","embeddable":true,"href":"https:\/\/hificlub.com.br\/loja\/wp-json\/wp\/v2\/product_brand?post=25022"},{"taxonomy":"product_cat","embeddable":true,"href":"https:\/\/hificlub.com.br\/loja\/wp-json\/wp\/v2\/product_cat?post=25022"},{"taxonomy":"product_tag","embeddable":true,"href":"https:\/\/hificlub.com.br\/loja\/wp-json\/wp\/v2\/product_tag?post=25022"}],"curies":[{"name":"wp","href":"https:\/\/api.w.org\/{rel}","templated":true}]}}