{"id":25003,"date":"2025-08-06T18:11:55","date_gmt":"2025-08-06T21:11:55","guid":{"rendered":"https:\/\/hificlub.com.br\/loja\/?post_type=product&#038;p=25003"},"modified":"2026-03-03T22:15:25","modified_gmt":"2026-03-04T01:15:25","slug":"denon-avr-s770h-receptor-av-8k-72-canais-com-heos-integrado-dolby-atmos-75-watts","status":"publish","type":"product","link":"https:\/\/hificlub.com.br\/loja\/produto\/denon-avr-s770h-receptor-av-8k-72-canais-com-heos-integrado-dolby-atmos-75-watts\/","title":{"rendered":"DENON AVR-S770H &#8211; Receptor AV, 8K, 7,2 canais, com HEOS\u00ae integrado, Dolby Atmos, 75 Watts"},"content":{"rendered":"<div class=\"title-text\">\n<p class=\"headline2\"><strong>Expanda sua configura\u00e7\u00e3o com\u00a0som surround sem esfor\u00e7o<\/strong><\/p>\n<\/div>\n<p class=\"paragraph-text p-large\">O receptor AV AVR-S770H de 7.2 canais oferece amplifica\u00e7\u00e3o potente, \u00e1udio 3D din\u00e2mico e imagens 4K e 8K realistas que transformam qualquer ambiente em seu cinema pessoal. Com suporte para Dolby Atmos e DTS:X, al\u00e9m da mais recente tecnologia HDMI, ele oferece desempenho incompar\u00e1vel, enquanto o HEOS\u00ae permite que voc\u00ea estenda a experi\u00eancia perfeitamente por toda a sua casa.<\/p>\n<div>\n<p><strong>Facilidade de uso aliada a um \u00e1udio incr\u00edvel<\/strong><\/p>\n<div class=\"pdp-animated-feature\">\n<div id=\"feature-description-0\" class=\"collapse show\" aria-labelledby=\"feature-0\" data-parent=\"#animated-feature-accordion\">\n<p>Curta m\u00fasicas e filmes com um som 3D incr\u00edvel com os formatos Dolby Atmos e DTS:X. Sem caixas ac\u00fasticas de altura? Sem problemas. Experimente efeitos de teto com o Dolby Atmos Height Virtualizer e o DTS Virtual:X.<\/p>\n<p class=\"headline2\"><strong>Som HEOS\u00ae\u00a0para toda a casa<\/strong><\/p>\n<p class=\"animated-item\" data-scroll-reveal=\"fade up fast each\">Conecte-se com alto-falantes, barras de som, sistemas de alta fidelidade e receptores HEOS\u00ae via Wi-Fi para \u00e1udio f\u00e1cil em toda a casa. Transmita m\u00fasicas em alta resolu\u00e7\u00e3o dos principais servi\u00e7os, compartilhe o som dos seus dispositivos conectados e controle tudo com o aplicativo ou sua voz. Reproduza m\u00fasicas diferentes em cada c\u00f4modo ou em salas de grupo para um som perfeito.<\/p>\n<div class=\"row\">\n<div class=\"col\">\n<p class=\"short-description p-large\">Desfrute de v\u00eddeos 8K incr\u00edveis e \u00e1udio 3D com o AVR-S770H. Encha salas de pequeno e m\u00e9dio porte com som surround 7.2 ou 5.2.2 com Dolby Atmos e DTS:X. E com o HEOS\u00ae integrado, voc\u00ea pode transmitir e compartilhar m\u00fasicas com qualquer caixa de som compat\u00edvel com HEOS em toda a sua casa.<\/p>\n<\/div>\n<\/div>\n<div class=\"row\">\n<div class=\"col\">\n<ul class=\"top-features row p-large\">\n<li class=\"col-6\">7.2 canais<\/li>\n<li class=\"col-6\">\u00c1udio 3D de Dolby Atmos e DTS:X<\/li>\n<li class=\"col-6\">8K HDMI<\/li>\n<li class=\"col-6\">HEOS\u00ae integrado<\/li>\n<li class=\"col-6\">Wi-Fi e Bluetooth<\/li>\n<li class=\"col-6\">Corre\u00e7\u00e3o de sala Audyssey<\/li>\n<\/ul>\n<\/div>\n<\/div>\n<\/div>\n<\/div>\n<\/div>\n","protected":false},"excerpt":{"rendered":"<p>Expanda sua configura\u00e7\u00e3o com\u00a0som surround sem esfor\u00e7o O receptor AV AVR-S770H de 7.2 canais oferece amplifica\u00e7\u00e3o potente, \u00e1udio 3D din\u00e2mico e imagens 4K e 8K realistas que transformam qualquer ambiente em seu cinema pessoal. Com suporte para Dolby Atmos e DTS:X, al\u00e9m da mais recente tecnologia HDMI, ele oferece desempenho incompar\u00e1vel, enquanto o HEOS\u00ae permite [&hellip;]<\/p>\n","protected":false},"featured_media":25004,"template":"","meta":{"_acf_changed":false},"product_brand":[],"product_cat":[150,21,22],"product_tag":[],"class_list":{"0":"post-25003","1":"product","2":"type-product","3":"status-publish","4":"has-post-thumbnail","6":"product_cat-denon","7":"product_cat-home-theater","8":"product_cat-receivers","10":"first","11":"instock","12":"sold-individually","13":"shipping-taxable","14":"purchasable","15":"product-type-simple"},"acf":[],"aioseo_notices":[],"_links":{"self":[{"href":"https:\/\/hificlub.com.br\/loja\/wp-json\/wp\/v2\/product\/25003","targetHints":{"allow":["GET"]}}],"collection":[{"href":"https:\/\/hificlub.com.br\/loja\/wp-json\/wp\/v2\/product"}],"about":[{"href":"https:\/\/hificlub.com.br\/loja\/wp-json\/wp\/v2\/types\/product"}],"wp:featuredmedia":[{"embeddable":true,"href":"https:\/\/hificlub.com.br\/loja\/wp-json\/wp\/v2\/media\/25004"}],"wp:attachment":[{"href":"https:\/\/hificlub.com.br\/loja\/wp-json\/wp\/v2\/media?parent=25003"}],"wp:term":[{"taxonomy":"product_brand","embeddable":true,"href":"https:\/\/hificlub.com.br\/loja\/wp-json\/wp\/v2\/product_brand?post=25003"},{"taxonomy":"product_cat","embeddable":true,"href":"https:\/\/hificlub.com.br\/loja\/wp-json\/wp\/v2\/product_cat?post=25003"},{"taxonomy":"product_tag","embeddable":true,"href":"https:\/\/hificlub.com.br\/loja\/wp-json\/wp\/v2\/product_tag?post=25003"}],"curies":[{"name":"wp","href":"https:\/\/api.w.org\/{rel}","templated":true}]}}