{"id":24882,"date":"2025-08-05T09:39:23","date_gmt":"2025-08-05T12:39:23","guid":{"rendered":"https:\/\/hificlub.com.br\/loja\/?post_type=product&#038;p=24882"},"modified":"2026-03-03T22:15:27","modified_gmt":"2026-03-04T01:15:27","slug":"reloop-elite-mixer-com-sistema-de-vinil-digital","status":"publish","type":"product","link":"https:\/\/hificlub.com.br\/loja\/produto\/reloop-elite-mixer-com-sistema-de-vinil-digital\/","title":{"rendered":"RELOOP ELITE &#8211; Mixer com Sistema de Vinil Digital"},"content":{"rendered":"<p class=\"heading\">Aumente seu potencial de desempenho.<\/p>\n<p class=\"content\">O Reloop ELITE \u00e9 um mixer DVS profissional para\u00a0o Serato DJ Pro\u00a0, desenvolvido em estreita colabora\u00e7\u00e3o com artistas internacionais de toca-discos. Gra\u00e7as \u00e0 combina\u00e7\u00e3o de um layout focado na performance e recursos poderosos, o ELITE permite que voc\u00ea alcance todo o seu potencial como DJ. A vers\u00e3o completa do Serato DJ Pro, incluindo o Pacote de Expans\u00e3o DVS, \u00e9 fornecida plug-and-play. Al\u00e9m disso, o ELITE vem com dois discos de controle Serato com tecnologia NoiseMap\u2122.<\/p>\n<p class=\"heading\"><strong>Interface de \u00e1udio USB 2.0 DUAL 10 entradas\/sa\u00eddas e se\u00e7\u00e3o de navega\u00e7\u00e3o ergon\u00f4mica<\/strong><\/p>\n<p class=\"content\">O ELITE vem equipado com uma potente interface de \u00e1udio USB 2.0 DUAL 10 In\/Out, que oferece caracter\u00edsticas sonoras excepcionais em resolu\u00e7\u00e3o de 24 bits. Dois computadores podem ser conectados simultaneamente atrav\u00e9s de ambas as portas USB. Desta forma, a transi\u00e7\u00e3o perfeita de um DJ para outro durante a apresenta\u00e7\u00e3o torna-se o mais f\u00e1cil poss\u00edvel. No centro do mixer de batalha, encontra-se a se\u00e7\u00e3o de navega\u00e7\u00e3o ergonomicamente projetada, que permite um controle eficiente com uma m\u00e3o e que pode ser alternada independentemente da sele\u00e7\u00e3o de fonte (USB A ou B) atrav\u00e9s do controle do computador Focus.<\/p>\n<p><strong>2\u00a0x\u00a0OLEDs\u00a0e controle de loop\u00a0dedicado<\/strong><\/p>\n<p>Os dois displays OLED exibem informa\u00e7\u00f5es em tempo real sobre efeitos, BPM, par\u00e2metros de batida e menu de configura\u00e7\u00e3o. Cada deck possui uma se\u00e7\u00e3o de loop separada, que pode ser controlada intuitivamente, gra\u00e7as ao codificador de press\u00e3o, que tamb\u00e9m disp\u00f5e de uma fun\u00e7\u00e3o de loop manual. A barra de LEDs mostra diretamente a dura\u00e7\u00e3o do loop selecionado.<\/p>\n<p>Modos de Pad Individuais<\/p>\n<p>Em combina\u00e7\u00e3o com o RP-8000 MK2, \u00e9 poss\u00edvel pela primeira vez controlar os modos de pad em v\u00e1rios dispositivos individualmente e simultaneamente.<\/p>\n<p class=\"heading\"><strong>Hub USB Smart Link<\/strong><\/p>\n<p>Dispositivos externos, como controladores MIDI, m\u00eddias de armazenamento ou smartphones, podem ser conectados e carregados atrav\u00e9s das duas portas USB Smart Link. Ao conectar toca-discos RP-8000 MK2, estes reconhecer\u00e3o automaticamente o deck correspondente (1 ou 2). Todos os elementos de controle do ELITE s\u00e3o compat\u00edveis com MIDI e podem ser usados para controlar qualquer software compat\u00edvel.<\/p>\n<p class=\"heading\"><strong>Constru\u00e7\u00e3o met\u00e1lica robusta com acabamento resistente em preto met\u00e1lico profundo<\/strong><\/p>\n<p>Gra\u00e7as \u00e0 constru\u00e7\u00e3o robusta em metal e aos elementos de controle de alta qualidade, como os potenci\u00f4metros de metal aparafusados, o ELITE est\u00e1 pronto para o uso di\u00e1rio rigoroso. As duas portas USB de alta reten\u00e7\u00e3o garantem uma conex\u00e3o segura e oferecem prote\u00e7\u00e3o contra perdas indesejadas de sinal. A superf\u00edcie \u00e9 processada com um acabamento resistente, especialmente resistente a arranh\u00f5es, em um preto met\u00e1lico profundo e atemporal.<\/p>\n<p class=\"heading\"><strong>Incluindo voucher BPM Supreme<\/strong><\/p>\n<p>Com qualquer ELITE adquirido, o pool de discos do DJ adiciona uma Assinatura Premium de 90 dias no valor de 60 $ para sua enorme biblioteca de \u00e1udio e v\u00eddeo &#8211; contendo os \u00faltimos lan\u00e7amentos recebidos diretamente das gravadoras.<\/p>\n<p class=\"heading\"><strong>Liberte uma nova dimens\u00e3o de criatividade.<\/strong><\/p>\n<p>Incluindo Serato DJ Pro com suporte a DVS e 2 discos Serato Control com tecnologia NoiseMap\u2122. Em combina\u00e7\u00e3o com o\u00a0RP-8000 MK2,\u00a0\u00e9 poss\u00edvel, pela primeira vez, controlar os modos de pad em v\u00e1rios dispositivos individualmente e simultaneamente.<\/p>\n<p><strong>Elite<\/strong><\/p>\n<div class=\"product-data\">\n<ul class=\"features\">\n<li>Mixer DVS de alto desempenho para Serato DJ Pro, desenvolvido em estreita colabora\u00e7\u00e3o com renomados artistas internacionais de toca-discos<\/li>\n<li>16 pads de desempenho RGB grandes e sens\u00edveis \u00e0 velocidade: controle at\u00e9 12 modos de desempenho por deck<\/li>\n<li>Interface DUAL de 24 bits e 3x Innofader Pro sem contato com tecnologia de alta resolu\u00e7\u00e3o<\/li>\n<\/ul>\n<p>Inclui vers\u00e3o completa do Serato DJ Pro com pacote de expans\u00e3o DVS, 2x Serato Control Vinyl com tecnologia NoiseMap\u2122 (em preto ou azul, dependendo da disponibilidade), cabo USB, cabo de alimenta\u00e7\u00e3o, manual de instru\u00e7\u00f5es e 90 dias de assinatura BPM Supreme.<\/p>\n<\/div>\n","protected":false},"excerpt":{"rendered":"<p>Aumente seu potencial de desempenho. O Reloop ELITE \u00e9 um mixer DVS profissional para\u00a0o Serato DJ Pro\u00a0, desenvolvido em estreita colabora\u00e7\u00e3o com artistas internacionais de toca-discos. Gra\u00e7as \u00e0 combina\u00e7\u00e3o de um layout focado na performance e recursos poderosos, o ELITE permite que voc\u00ea alcance todo o seu potencial como DJ. A vers\u00e3o completa do Serato [&hellip;]<\/p>\n","protected":false},"featured_media":24883,"template":"","meta":{"_acf_changed":false},"product_brand":[],"product_cat":[41,318,255],"product_tag":[],"class_list":{"0":"post-24882","1":"product","2":"type-product","3":"status-publish","4":"has-post-thumbnail","6":"product_cat-digital","7":"product_cat-mixer","8":"product_cat-reloop","10":"first","11":"instock","12":"sold-individually","13":"shipping-taxable","14":"purchasable","15":"product-type-simple"},"acf":[],"aioseo_notices":[],"_links":{"self":[{"href":"https:\/\/hificlub.com.br\/loja\/wp-json\/wp\/v2\/product\/24882","targetHints":{"allow":["GET"]}}],"collection":[{"href":"https:\/\/hificlub.com.br\/loja\/wp-json\/wp\/v2\/product"}],"about":[{"href":"https:\/\/hificlub.com.br\/loja\/wp-json\/wp\/v2\/types\/product"}],"wp:featuredmedia":[{"embeddable":true,"href":"https:\/\/hificlub.com.br\/loja\/wp-json\/wp\/v2\/media\/24883"}],"wp:attachment":[{"href":"https:\/\/hificlub.com.br\/loja\/wp-json\/wp\/v2\/media?parent=24882"}],"wp:term":[{"taxonomy":"product_brand","embeddable":true,"href":"https:\/\/hificlub.com.br\/loja\/wp-json\/wp\/v2\/product_brand?post=24882"},{"taxonomy":"product_cat","embeddable":true,"href":"https:\/\/hificlub.com.br\/loja\/wp-json\/wp\/v2\/product_cat?post=24882"},{"taxonomy":"product_tag","embeddable":true,"href":"https:\/\/hificlub.com.br\/loja\/wp-json\/wp\/v2\/product_tag?post=24882"}],"curies":[{"name":"wp","href":"https:\/\/api.w.org\/{rel}","templated":true}]}}