{"id":24856,"date":"2025-08-04T10:46:39","date_gmt":"2025-08-04T13:46:39","guid":{"rendered":"https:\/\/hificlub.com.br\/loja\/?post_type=product&#038;p=24856"},"modified":"2025-12-12T18:50:59","modified_gmt":"2025-12-12T21:50:59","slug":"spendor-fl10-caixas-monitor-200-watts","status":"publish","type":"product","link":"https:\/\/hificlub.com.br\/loja\/produto\/spendor-fl10-caixas-monitor-200-watts\/","title":{"rendered":"SPENDOR FL10   Caixas Studio Monitor"},"content":{"rendered":"<p><strong>Spendor FL10<\/strong><\/p>\n<p>Amplo gabinete de ch\u00e3o, com sistema bass reflex de 3 vias<\/p>\n<p>Os altos n\u00edveis de press\u00e3o sonora (SPL) gerados pelo FL-10\u00a0 s\u00e3o adequados para salas maiores e elevam a clareza tonal excepcional a n\u00edveis incompar\u00e1veis com outros fabricantes.<\/p>\n<p>Op\u00e7\u00e3o de fia\u00e7\u00e3o tripla.<\/p>\n<p>Unidade de domo de HF de 0.8&#8243; , 19 mm com tratamento manual, resfriada com ferrofluido para maior pot\u00eancia.<\/p>\n<p>Unidade de m\u00e9dios frequ\u00eancias Spencer de 6&#8243; ,\u00a0 160 mm em cavidade selada, reduzindo a interfer\u00eancia de frequ\u00eancias graves.<\/p>\n<p>2 Drivers de graves Spencer de 10&#8243; , 250 mm em PVC r\u00edgido.<\/p>\n<p>Material de cone com desempenho compat\u00edvel utilizado em todos os componentes.<\/p>\n<p>PVC ultrarr\u00edgido para bons transientes de graves e polipropileno preenchido com alto amortecimento para m\u00e9dios com baixa colora\u00e7\u00e3o.<\/p>\n<p>Base esculpida para maior peso e estabilidade, incorporando uma porta el\u00edptica exclusiva.<\/p>\n","protected":false},"excerpt":{"rendered":"<p>Spendor FL10 Amplo gabinete de ch\u00e3o, com sistema bass reflex de 3 vias Os altos n\u00edveis de press\u00e3o sonora (SPL) gerados pelo FL-10\u00a0 s\u00e3o adequados para salas maiores e elevam a clareza tonal excepcional a n\u00edveis incompar\u00e1veis com outros fabricantes. Op\u00e7\u00e3o de fia\u00e7\u00e3o tripla. Unidade de domo de HF de 0.8&#8243; , 19 mm com [&hellip;]<\/p>\n","protected":false},"featured_media":28458,"template":"","meta":{"_acf_changed":false},"product_brand":[],"product_cat":[17,317,18],"product_tag":[],"class_list":{"0":"post-24856","1":"product","2":"type-product","3":"status-publish","4":"has-post-thumbnail","6":"product_cat-caixas","7":"product_cat-spendor","8":"product_cat-torres","10":"first","11":"instock","12":"sold-individually","13":"shipping-taxable","14":"purchasable","15":"product-type-simple"},"acf":[],"aioseo_notices":[],"_links":{"self":[{"href":"https:\/\/hificlub.com.br\/loja\/wp-json\/wp\/v2\/product\/24856","targetHints":{"allow":["GET"]}}],"collection":[{"href":"https:\/\/hificlub.com.br\/loja\/wp-json\/wp\/v2\/product"}],"about":[{"href":"https:\/\/hificlub.com.br\/loja\/wp-json\/wp\/v2\/types\/product"}],"wp:featuredmedia":[{"embeddable":true,"href":"https:\/\/hificlub.com.br\/loja\/wp-json\/wp\/v2\/media\/28458"}],"wp:attachment":[{"href":"https:\/\/hificlub.com.br\/loja\/wp-json\/wp\/v2\/media?parent=24856"}],"wp:term":[{"taxonomy":"product_brand","embeddable":true,"href":"https:\/\/hificlub.com.br\/loja\/wp-json\/wp\/v2\/product_brand?post=24856"},{"taxonomy":"product_cat","embeddable":true,"href":"https:\/\/hificlub.com.br\/loja\/wp-json\/wp\/v2\/product_cat?post=24856"},{"taxonomy":"product_tag","embeddable":true,"href":"https:\/\/hificlub.com.br\/loja\/wp-json\/wp\/v2\/product_tag?post=24856"}],"curies":[{"name":"wp","href":"https:\/\/api.w.org\/{rel}","templated":true}]}}