{"id":24756,"date":"2025-07-31T21:27:51","date_gmt":"2025-08-01T00:27:51","guid":{"rendered":"https:\/\/hificlub.com.br\/loja\/?post_type=product&#038;p=24756"},"modified":"2026-03-03T22:15:28","modified_gmt":"2026-03-04T01:15:28","slug":"reloop-turn-x-toca-discos-hifi-de-classe-premium","status":"publish","type":"product","link":"https:\/\/hificlub.com.br\/loja\/produto\/reloop-turn-x-toca-discos-hifi-de-classe-premium\/","title":{"rendered":"RELOOP TURN X &#8211; Toca-Discos Hifi de Classe Premium, Black"},"content":{"rendered":"<p>O Turn X da Reloop \u00e9 um toca-discos de alta qualidade, movido a quartzo, que impressiona em mais aspectos do que apenas seu som e est\u00e9tica premium.<\/p>\n<p><strong>Projetado com<br \/>\nprecis\u00e3o desde o in\u00edcio<\/strong><\/p>\n<p>O motor CC de acionamento direto do Turn X oferece velocidades incrivelmente precisas e consistentes. O alto torque garante tempos de partida extremamente r\u00e1pidos e varia\u00e7\u00f5es m\u00ednimas de apenas +\/- 0,03%. O Turn X se destaca quando operado em modo totalmente manual, onde seu freio eletr\u00f4nico e interruptor rotativo para partida e parada suaves, que tamb\u00e9m funciona como seletor de velocidade (33, 45 e 78 RPM), se destacam.<\/p>\n<p><strong>Bra\u00e7o audi\u00f3filo<\/strong><\/p>\n<p>O bra\u00e7o em forma de S, com balanceamento est\u00e1tico, pode ser ajustado em altura para alterar o \u00e2ngulo de acompanhamento vertical (VTA) da c\u00e1psula. O design do bra\u00e7o garante movimento livre e fluido, al\u00e9m de desempenho ideal da c\u00e1psula.<\/p>\n<p><strong>Equil\u00edbrio perfeito<\/strong><\/p>\n<p>Um bloco s\u00f3lido de alum\u00ednio sustenta o prato fundido sob press\u00e3o usinado com precis\u00e3o do toca-discos. Seus robustos 2,1 kg, 332 mm de di\u00e2metro e 22,5 mm de espessura garantem um movimento suave e uniforme. O revestimento de borracha amortecedora na parte traseira do toca-discos e o tapete de borracha proporcionam excelentes propriedades de isolamento e minimizam as vibra\u00e7\u00f5es.<\/p>\n<p><strong>Qualidade de som cristalina<\/strong><\/p>\n<p>O Turn X possui um cartucho Ortofon 2M Blue de alta qualidade pr\u00e9-instalado, garantindo excelente din\u00e2mica e resolu\u00e7\u00e3o sonora para satisfazer at\u00e9 os audi\u00f3filos mais exigentes. Outro destaque: o conector SME universal permite uma troca r\u00e1pida e f\u00e1cil do sistema de cartucho, se necess\u00e1rio.<\/p>\n<p><strong>Som e nada al\u00e9m de som<\/strong><\/p>\n<p>O chassi s\u00f3lido de MDF do toca-discos \u00e9 excepcionalmente robusto e resistente, mantendo resson\u00e2ncias indesejadas sob controle desde o in\u00edcio. Como b\u00f4nus, o Turn X \u00e9 efetivamente desacoplado gra\u00e7as aos p\u00e9s isoladores com altura ajust\u00e1vel.<\/p>\n<p><strong>Design sem concess\u00f5es<\/strong><\/p>\n<p>Al\u00e9m de atender \u00e0s exigentes demandas dos entusiastas do vinil, o Reloop Turn X \u00e9 uma verdadeira obra de arte visual. O design elegante do toca-discos, o sofisticado controle de um bot\u00e3o e o elegante acabamento em laca piano o tornam um verdadeiro chamariz.<\/p>\n<p><strong>Aten\u00e7\u00e3o aos detalhes<\/strong><\/p>\n<p>Por \u00faltimo, mas n\u00e3o menos importante, o Turn X possui uma sa\u00edda phono de alta resolu\u00e7\u00e3o banhada a ouro e um conector de aterramento banhado a ouro para transfer\u00eancia de sinal ideal e resist\u00eancia \u00e0 corros\u00e3o. A interfer\u00eancia \u00e9 ainda mais reduzida pelo isolamento de ru\u00eddo ultrabaixo do interruptor de alimenta\u00e7\u00e3o.<\/p>\n<p><strong>Turn X<\/strong><\/p>\n<p>Sistema de toca-discos HiFi de classe premium<\/p>\n<ul>\n<li>Toca-discos HiFi Premium com c\u00e1psula Ortofon 2M Blue<\/li>\n<li>Motor de acionamento direto de torque super alto com rota\u00e7\u00e3o de precis\u00e3o<\/li>\n<li>Prato de alum\u00ednio extrapesado, usinado em CNC, com 22,5 mm de espessura e amortecimento de borracha<\/li>\n<\/ul>\n","protected":false},"excerpt":{"rendered":"<p>O Turn X da Reloop \u00e9 um toca-discos de alta qualidade, movido a quartzo, que impressiona em mais aspectos do que apenas seu som e est\u00e9tica premium. Projetado com precis\u00e3o desde o in\u00edcio O motor CC de acionamento direto do Turn X oferece velocidades incrivelmente precisas e consistentes. O alto torque garante tempos de partida [&hellip;]<\/p>\n","protected":false},"featured_media":24766,"template":"","meta":{"_acf_changed":false},"product_brand":[],"product_cat":[78,255,98],"product_tag":[],"class_list":{"0":"post-24756","1":"product","2":"type-product","3":"status-publish","4":"has-post-thumbnail","6":"product_cat-analogico-audio","7":"product_cat-reloop","8":"product_cat-toca-discos","10":"first","11":"instock","12":"sold-individually","13":"shipping-taxable","14":"purchasable","15":"product-type-simple"},"acf":[],"aioseo_notices":[],"_links":{"self":[{"href":"https:\/\/hificlub.com.br\/loja\/wp-json\/wp\/v2\/product\/24756","targetHints":{"allow":["GET"]}}],"collection":[{"href":"https:\/\/hificlub.com.br\/loja\/wp-json\/wp\/v2\/product"}],"about":[{"href":"https:\/\/hificlub.com.br\/loja\/wp-json\/wp\/v2\/types\/product"}],"wp:featuredmedia":[{"embeddable":true,"href":"https:\/\/hificlub.com.br\/loja\/wp-json\/wp\/v2\/media\/24766"}],"wp:attachment":[{"href":"https:\/\/hificlub.com.br\/loja\/wp-json\/wp\/v2\/media?parent=24756"}],"wp:term":[{"taxonomy":"product_brand","embeddable":true,"href":"https:\/\/hificlub.com.br\/loja\/wp-json\/wp\/v2\/product_brand?post=24756"},{"taxonomy":"product_cat","embeddable":true,"href":"https:\/\/hificlub.com.br\/loja\/wp-json\/wp\/v2\/product_cat?post=24756"},{"taxonomy":"product_tag","embeddable":true,"href":"https:\/\/hificlub.com.br\/loja\/wp-json\/wp\/v2\/product_tag?post=24756"}],"curies":[{"name":"wp","href":"https:\/\/api.w.org\/{rel}","templated":true}]}}