{"id":24720,"date":"2025-07-31T18:02:03","date_gmt":"2025-07-31T21:02:03","guid":{"rendered":"https:\/\/hificlub.com.br\/loja\/?post_type=product&#038;p=24720"},"modified":"2026-03-03T22:15:29","modified_gmt":"2026-03-04T01:15:29","slug":"reloop-turn-2-toca-discos-analogico-hifi-black","status":"publish","type":"product","link":"https:\/\/hificlub.com.br\/loja\/produto\/reloop-turn-2-toca-discos-analogico-hifi-black\/","title":{"rendered":"RELOOP TURN 2 &#8211; Toca-discos Anal\u00f3gico HiFi, Black"},"content":{"rendered":"<p><strong>Transmiss\u00e3o por correia suave e motor CC de baixo ru\u00eddo<\/strong><\/p>\n<p>O acionamento preciso por correia do TURN2 garante uma velocidade de prato consistente com o m\u00ednimo de vibra\u00e7\u00e3o e vibra\u00e7\u00e3o. O motor DC integrado de baixa vibra\u00e7\u00e3o \u00e9 extremamente silencioso, o que significa que o TURN2 pode ser instalado idealmente em ambientes de audi\u00e7\u00e3o ou salas de estar. O controle integrado do motor pode ser alternado convenientemente entre 33 1\/3 e 45 RPM usando o seletor de velocidade, localizado abaixo do chassi, em sintonia com o estilo minimalista do m\u00fasico.<\/p>\n<p><strong>Bra\u00e7o reto e balanceado estaticamente com desempenho de rastreamento ideal<\/strong><\/p>\n<p>O TURN2 \u00e9 equipado com um bra\u00e7o reto e balanceado estaticamente, com cabe\u00e7ote angulado e c\u00e1psula Ortofon que se encaixa perfeitamente no sulco do disco. O bra\u00e7o de eleva\u00e7\u00e3o manual permite que a agulha seja abaixada com precis\u00e3o sobre o disco. O mecanismo antiderrapante garante o melhor desempenho de rastreamento poss\u00edvel.<\/p>\n<p><strong>Conex\u00e3o de cabe\u00e7ote flex\u00edvel<\/strong><\/p>\n<p>A conex\u00e3o do cabe\u00e7ote torna o TURN2 realmente flex\u00edvel. O mecanismo de travamento GM\/SME permite a troca f\u00e1cil entre cartuchos montados em diferentes cabe\u00e7otes.<\/p>\n<p><strong>Carca\u00e7a fina, elegante e fosca com terminal de alta qualidade<\/strong><\/p>\n<p>Al\u00e9m da conex\u00e3o para a fonte de alimenta\u00e7\u00e3o CC externa, a parte traseira do TURN2 possui duas conex\u00f5es RCA banhadas a ouro e resistentes \u00e0 corros\u00e3o, al\u00e9m de uma conex\u00e3o de aterramento separada para evitar a possibilidade de loops de aterramento. Todas as conex\u00f5es de cabos s\u00e3o remov\u00edveis, permitindo f\u00e1cil substitui\u00e7\u00e3o ou atualiza\u00e7\u00e3o posterior. O robusto pedestal de MDF tem um design extremamente fino e est\u00e1 dispon\u00edvel nos acabamentos preto fosco, vermelho ou branco. Uma bandeja de alum\u00ednio fundido de alta in\u00e9rcia com bordas cromadas completa harmoniosamente o design elegante do TURN2.<\/p>\n<p><strong>Toca-discos anal\u00f3gico HiFi para puristas de \u00e1udio.<\/strong><\/p>\n<p>O toca-discos TURN2 HiFi \u00e9 para puristas do vinil que desejam mergulhar no mundo do prazer da audi\u00e7\u00e3o anal\u00f3gica. Os entusiastas do vinil podem come\u00e7ar a usar o toca-discos imediatamente, gra\u00e7as \u00e0 c\u00e1psula el\u00edptica pr\u00e9-instalada da Ortofon.<\/p>\n<p><strong>Turn 2<\/strong><\/p>\n<p>Toca-discos anal\u00f3gico HiFi para puristas de \u00e1udio<\/p>\n<ul>\n<li>Transmiss\u00e3o por correia suave com interruptor de velocidade conveniente<\/li>\n<li>Cartucho el\u00edptico Ortofon pr\u00e9-instalado<\/li>\n<li>Design purista e fino com acabamento fosco<\/li>\n<\/ul>\n<p>&nbsp;<\/p>\n","protected":false},"excerpt":{"rendered":"<p>Transmiss\u00e3o por correia suave e motor CC de baixo ru\u00eddo O acionamento preciso por correia do TURN2 garante uma velocidade de prato consistente com o m\u00ednimo de vibra\u00e7\u00e3o e vibra\u00e7\u00e3o. O motor DC integrado de baixa vibra\u00e7\u00e3o \u00e9 extremamente silencioso, o que significa que o TURN2 pode ser instalado idealmente em ambientes de audi\u00e7\u00e3o ou [&hellip;]<\/p>\n","protected":false},"featured_media":24721,"template":"","meta":{"_acf_changed":false},"product_brand":[],"product_cat":[78,255,98],"product_tag":[],"class_list":{"0":"post-24720","1":"product","2":"type-product","3":"status-publish","4":"has-post-thumbnail","6":"product_cat-analogico-audio","7":"product_cat-reloop","8":"product_cat-toca-discos","10":"first","11":"instock","12":"sold-individually","13":"shipping-taxable","14":"purchasable","15":"product-type-simple"},"acf":[],"aioseo_notices":[],"_links":{"self":[{"href":"https:\/\/hificlub.com.br\/loja\/wp-json\/wp\/v2\/product\/24720","targetHints":{"allow":["GET"]}}],"collection":[{"href":"https:\/\/hificlub.com.br\/loja\/wp-json\/wp\/v2\/product"}],"about":[{"href":"https:\/\/hificlub.com.br\/loja\/wp-json\/wp\/v2\/types\/product"}],"wp:featuredmedia":[{"embeddable":true,"href":"https:\/\/hificlub.com.br\/loja\/wp-json\/wp\/v2\/media\/24721"}],"wp:attachment":[{"href":"https:\/\/hificlub.com.br\/loja\/wp-json\/wp\/v2\/media?parent=24720"}],"wp:term":[{"taxonomy":"product_brand","embeddable":true,"href":"https:\/\/hificlub.com.br\/loja\/wp-json\/wp\/v2\/product_brand?post=24720"},{"taxonomy":"product_cat","embeddable":true,"href":"https:\/\/hificlub.com.br\/loja\/wp-json\/wp\/v2\/product_cat?post=24720"},{"taxonomy":"product_tag","embeddable":true,"href":"https:\/\/hificlub.com.br\/loja\/wp-json\/wp\/v2\/product_tag?post=24720"}],"curies":[{"name":"wp","href":"https:\/\/api.w.org\/{rel}","templated":true}]}}