{"id":24638,"date":"2025-07-30T18:14:10","date_gmt":"2025-07-30T21:14:10","guid":{"rendered":"https:\/\/hificlub.com.br\/loja\/?post_type=product&#038;p=24638"},"modified":"2026-03-03T22:15:31","modified_gmt":"2026-03-04T01:15:31","slug":"rel-t5x-subwoofer-8-125-watts-black","status":"publish","type":"product","link":"https:\/\/hificlub.com.br\/loja\/produto\/rel-t5x-subwoofer-8-125-watts-black\/","title":{"rendered":"REL T5X &#8211; Subwoofer 8&#8243;, 125 watts, Black"},"content":{"rendered":"<p>O T\/5x foi projetado para oferecer graves surpreendentes que desafiam seu tamanho compacto, ao mesmo tempo em que se integra perfeitamente a qualquer espa\u00e7o.<\/p>\n<ul>\n<li>Amplificador Classe A\/B de 125 watts<\/li>\n<li>Chave de fenda FibreAlloy\u2122 de 8&#8243;<\/li>\n<li>Gabinete de compensado laminado<\/li>\n<li>Suporte interno para baixa resson\u00e2ncia<\/li>\n<\/ul>\n<p>O subwoofer Rel T5X \u00e9 uma elegante unidade de graves com proje\u00e7\u00e3o para baixo, dispon\u00edvel em acabamentos preto brilhante ou laqueado em branco. Um amplificador classe A\/B de 125 Watts proporciona o equil\u00edbrio perfeito entre efici\u00eancia e pot\u00eancia; ideal para salas pequenas ou m\u00e9dias. O T5X \u00e9 o menor da s\u00e9rie T\/X da Rel e o subwoofer de entrada da linha. Apesar de seu tamanho compacto, apresenta grandes melhorias de design e desempenho em rela\u00e7\u00e3o \u00e0 s\u00e9rie T\/i anterior. Com apenas um driver com proje\u00e7\u00e3o para baixo, oculto na parte inferior da unidade, o design dispensa a necessidade de uma grade. Em vez disso, o T5X tem uma \u00f3tima apar\u00eancia de todos os lados, com um painel traseiro elegante que oferece entradas separadas para n\u00edveis alto e baixo, entrada .1\/LFE e controles girat\u00f3rios.<\/p>\n<p><strong>Projetado para eleg\u00e2ncia<\/strong><\/p>\n<p>Perfeito para salas pequenas e m\u00e9dias, o T\/5x se adapta perfeitamente a qualquer decora\u00e7\u00e3o. O aquecimento no ch\u00e3o faz parte do seu segredo; a energia dos graves atinge o piso e se espalha uniformemente por todo o espa\u00e7o, fazendo com que ele funcione como um modelo maior. Para quem se preocupa com o estilo, o b\u00f4nus oculto \u00e9 que este design elimina at\u00e9 mesmo a grelha, tornando-o a mais pura das formas.<\/p>\n<p>Um pouco maior em volume do que seu antecessor, ele parece menor devido a sutis mudan\u00e7as de design para minimizar sua presen\u00e7a visual. Por fim, 5 camadas de laca polidas \u00e0 m\u00e3o, nas cores Branco Alto Brilho ou Preto Piano, \u00e0 sua escolha, adicionam brilho aos arm\u00e1rios suavemente arredondados.<\/p>\n<p>&nbsp;<\/p>\n<p><a href=\"https:\/\/www.tonepublications.com\/review\/rels-new-tx-subwoofers\/\" target=\"_blank\" rel=\"noopener\"><img loading=\"lazy\" decoding=\"async\" class=\"alignnone wp-image-24296 size-full\" src=\"https:\/\/hificlub.com.br\/loja\/wp-content\/uploads\/2023\/10\/TONE-award.jpg\" alt=\"\" width=\"275\" height=\"90\" \/><\/a>\u00a0 \u00a0 <a href=\"https:\/\/www.pursuitperfectsystem.com\/rel-acoustics-s-510-subwoofer-review\/\" target=\"_blank\" rel=\"noopener\"><img loading=\"lazy\" decoding=\"async\" class=\"alignnone wp-image-24639\" src=\"https:\/\/hificlub.com.br\/loja\/wp-content\/uploads\/2025\/07\/Pursuit-Perfect-award.jpg\" alt=\"\" width=\"126\" height=\"91\" \/><\/a><\/p>\n","protected":false},"excerpt":{"rendered":"<p>O T\/5x foi projetado para oferecer graves surpreendentes que desafiam seu tamanho compacto, ao mesmo tempo em que se integra perfeitamente a qualquer espa\u00e7o. Amplificador Classe A\/B de 125 watts Chave de fenda FibreAlloy\u2122 de 8&#8243; Gabinete de compensado laminado Suporte interno para baixa resson\u00e2ncia O subwoofer Rel T5X \u00e9 uma elegante unidade de graves [&hellip;]<\/p>\n","protected":false},"featured_media":24640,"template":"","meta":{"_acf_changed":false},"product_brand":[],"product_cat":[17,155,36],"product_tag":[],"class_list":{"0":"post-24638","1":"product","2":"type-product","3":"status-publish","4":"has-post-thumbnail","6":"product_cat-caixas","7":"product_cat-rel","8":"product_cat-subwoofer","10":"first","11":"instock","12":"sold-individually","13":"shipping-taxable","14":"purchasable","15":"product-type-simple"},"acf":[],"aioseo_notices":[],"_links":{"self":[{"href":"https:\/\/hificlub.com.br\/loja\/wp-json\/wp\/v2\/product\/24638","targetHints":{"allow":["GET"]}}],"collection":[{"href":"https:\/\/hificlub.com.br\/loja\/wp-json\/wp\/v2\/product"}],"about":[{"href":"https:\/\/hificlub.com.br\/loja\/wp-json\/wp\/v2\/types\/product"}],"wp:featuredmedia":[{"embeddable":true,"href":"https:\/\/hificlub.com.br\/loja\/wp-json\/wp\/v2\/media\/24640"}],"wp:attachment":[{"href":"https:\/\/hificlub.com.br\/loja\/wp-json\/wp\/v2\/media?parent=24638"}],"wp:term":[{"taxonomy":"product_brand","embeddable":true,"href":"https:\/\/hificlub.com.br\/loja\/wp-json\/wp\/v2\/product_brand?post=24638"},{"taxonomy":"product_cat","embeddable":true,"href":"https:\/\/hificlub.com.br\/loja\/wp-json\/wp\/v2\/product_cat?post=24638"},{"taxonomy":"product_tag","embeddable":true,"href":"https:\/\/hificlub.com.br\/loja\/wp-json\/wp\/v2\/product_tag?post=24638"}],"curies":[{"name":"wp","href":"https:\/\/api.w.org\/{rel}","templated":true}]}}