{"id":24503,"date":"2025-07-24T12:19:29","date_gmt":"2025-07-24T15:19:29","guid":{"rendered":"https:\/\/hificlub.com.br\/loja\/?post_type=product&#038;p=24503"},"modified":"2026-03-03T22:15:34","modified_gmt":"2026-03-04T01:15:34","slug":"q-acoustics-qi65ew-caixa-de-parede-80w-unid","status":"publish","type":"product","link":"https:\/\/hificlub.com.br\/loja\/produto\/q-acoustics-qi65ew-caixa-de-parede-80w-unid\/","title":{"rendered":"Q ACOUSTICS QI65EW &#8211; Caixa de Parede &#8211; 80w (unid.)"},"content":{"rendered":"<p><strong>Epic audio for all<\/strong><\/p>\n<p>A Q Acoustics projeta produtos de \u00e1udio inovadores e premiados que oferecem desempenho incompar\u00e1vel.<\/p>\n<p>A Q Acoustics projeta caixas ac\u00fasticas premiadas e l\u00edderes de mercado desde 2006. Desde ent\u00e3o, a Q Acoustics redefiniu todos os mercados em que atuou, desde os acess\u00edveis aos de alto padr\u00e3o, do som est\u00e9reo e de home theater aos sistemas de \u00e1udio sem fio de alta resolu\u00e7\u00e3o.<\/p>\n<p>Os engenheiros da Q Acoustics elaboraram cuidadosamente o desempenho de \u00e1udio do Qi 65 para oferecer uma combina\u00e7\u00e3o excepcional de clareza e pot\u00eancia concentrada. Utilizando um cone de driver r\u00edgido de polipropileno, rede de crossover de alta qualidade e gabinete bass reflex, eles oferecem resultados que superam confortavelmente as expectativas.<\/p>\n<p>&nbsp;<\/p>\n<p>&nbsp;<\/p>\n<p>&nbsp;<\/p>\n<p>&nbsp;<\/p>\n","protected":false},"excerpt":{"rendered":"<p>Epic audio for all A Q Acoustics projeta produtos de \u00e1udio inovadores e premiados que oferecem desempenho incompar\u00e1vel. A Q Acoustics projeta caixas ac\u00fasticas premiadas e l\u00edderes de mercado desde 2006. Desde ent\u00e3o, a Q Acoustics redefiniu todos os mercados em que atuou, desde os acess\u00edveis aos de alto padr\u00e3o, do som est\u00e9reo e de [&hellip;]<\/p>\n","protected":false},"featured_media":24504,"template":"","meta":{"_acf_changed":false},"product_brand":[],"product_cat":[309,17,77],"product_tag":[],"class_list":{"0":"post-24503","1":"product","2":"type-product","3":"status-publish","4":"has-post-thumbnail","6":"product_cat-caixa-de-parede","7":"product_cat-caixas","8":"product_cat-q-acoustic","10":"first","11":"instock","12":"sold-individually","13":"shipping-taxable","14":"purchasable","15":"product-type-simple"},"acf":[],"aioseo_notices":[],"_links":{"self":[{"href":"https:\/\/hificlub.com.br\/loja\/wp-json\/wp\/v2\/product\/24503","targetHints":{"allow":["GET"]}}],"collection":[{"href":"https:\/\/hificlub.com.br\/loja\/wp-json\/wp\/v2\/product"}],"about":[{"href":"https:\/\/hificlub.com.br\/loja\/wp-json\/wp\/v2\/types\/product"}],"wp:featuredmedia":[{"embeddable":true,"href":"https:\/\/hificlub.com.br\/loja\/wp-json\/wp\/v2\/media\/24504"}],"wp:attachment":[{"href":"https:\/\/hificlub.com.br\/loja\/wp-json\/wp\/v2\/media?parent=24503"}],"wp:term":[{"taxonomy":"product_brand","embeddable":true,"href":"https:\/\/hificlub.com.br\/loja\/wp-json\/wp\/v2\/product_brand?post=24503"},{"taxonomy":"product_cat","embeddable":true,"href":"https:\/\/hificlub.com.br\/loja\/wp-json\/wp\/v2\/product_cat?post=24503"},{"taxonomy":"product_tag","embeddable":true,"href":"https:\/\/hificlub.com.br\/loja\/wp-json\/wp\/v2\/product_tag?post=24503"}],"curies":[{"name":"wp","href":"https:\/\/api.w.org\/{rel}","templated":true}]}}