{"id":24482,"date":"2025-07-24T11:46:25","date_gmt":"2025-07-24T14:46:25","guid":{"rendered":"https:\/\/hificlub.com.br\/loja\/?post_type=product&#038;p=24482"},"modified":"2026-03-03T22:15:34","modified_gmt":"2026-03-04T01:15:34","slug":"q-acoustics-5040-caixa-torre-par","status":"publish","type":"product","link":"https:\/\/hificlub.com.br\/loja\/produto\/q-acoustics-5040-caixa-torre-par\/","title":{"rendered":"Q ACOUSTICS 5040 &#8211; Caixa Torre &#8211; 150w (par)"},"content":{"rendered":"<p>O 5040 \u00e9 um aparelho de ch\u00e3o notavelmente compacto com um tamanho modesto, o que significa que \u00e9 ideal para ambientes onde o espa\u00e7o \u00e9 limitado, mas o desejo por excita\u00e7\u00e3o sonora em grande escala (assim como gratifica\u00e7\u00e3o visual) \u00e9 forte.<\/p>\n<p>\u2022 O design do C3 Continuous Curved ConeTM no driver de m\u00e9dios\/graves garante uma integra\u00e7\u00e3o mais suave das frequ\u00eancias altas com o tweeter e uma din\u00e2mica de graves superior.<br \/>\n\u2022 O design sofisticado, limpo e contempor\u00e2neo com defletor em acr\u00edlico escuro espelha o perfil minimalista do C3 Continuous Curved ConeTM.<br \/>\n\u2022 Dispon\u00edvel em quatro acabamentos elegantes: Preto Acetinado, Branco Acetinado, Jacarand\u00e1 Santos e Carvalho Holme.<br \/>\n\u2022 Com um design inspirado na s\u00e9rie Concept, mas em uma nova estrutura, o driver de alta frequ\u00eancia \u00e9 totalmente hermeticamente selado e mecanicamente isolado do defletor frontal para proteger contra a press\u00e3o interna do gabinete e as resson\u00e2ncias do driver de m\u00e9dios\/graves.<br \/>\n\u2022 O design do driver de m\u00e9dios\/graves de baixo para cima proporciona maior pot\u00eancia.<br \/>\n\u2022 O refor\u00e7o interno Point-2-PointTM (P2P) refor\u00e7a o gabinete para minimizar as vibra\u00e7\u00f5es de frequ\u00eancias mais baixas, ao mesmo tempo que foca a imagem est\u00e9reo e melhora o ambiente sonoro.<br \/>\n\u2022 Os Equalizadores de Press\u00e3o Helmholtz (HPETM) reduzem a press\u00e3o interna e as ondas estacion\u00e1rias<\/p>\n<p><strong>\u00c0 frente da curva<\/strong><br \/>\nA nova s\u00e9rie 5000 da Q Acoustics \u00e9 uma linha de caixas ac\u00fasticas est\u00e9reo e para home theater que recalibrar\u00e1 suas percep\u00e7\u00f5es sobre a apar\u00eancia e o som de uma caixa ac\u00fastica. Ao incorporar um avan\u00e7o genu\u00edno e significativo no design de drivers, o revolucion\u00e1rio driver de m\u00e9dios\/graves C3 Continuous Curved Cone\u2122 eleva a s\u00e9rie 5000 acima de qualquer concorrente. Ao incorporar a inovadora tecnologia de gabinete, implantada pela primeira vez na linha Concept, carro-chefe da empresa, a s\u00e9rie 5000 \u00e9 t\u00e3o impecavelmente interna quanto sofisticada e contempor\u00e2nea externamente.<\/p>\n<p><strong>Design sofisticado e contempor\u00e2neo<\/strong><br \/>\nA natureza redutora da apar\u00eancia do C3 Continuous Curved Cone\u2122 tamb\u00e9m se reflete no design minimalista da s\u00e9rie 5000, com suas linhas sofisticadas, por\u00e9m contempor\u00e2neas, que se inclinam para a forma elegante da mais recente s\u00e9rie de caixas ac\u00fasticas Concept. As partes frontais do defletor s\u00e3o laminadas com uma camada de borracha but\u00edlica e acabamento em acr\u00edlico preto, n\u00e3o apenas para fornecer uma camada de amortecimento para suprimir a vibra\u00e7\u00e3o que ocorre no defletor, mas para oferecer um contraponto atraente \u00e0 apresenta\u00e7\u00e3o frontal cosmeticamente limpa, ininterrupta por quaisquer fixa\u00e7\u00f5es.<\/p>\n<p><strong>Cone Curvo Cont\u00ednuo C3\u2122<\/strong><br \/>\nUm verdadeiro avan\u00e7o em elementos de design de drivers de m\u00e9dios\/graves, o perfil Cone Curvo Cont\u00ednuo C3\u2122 \u00e9 o resultado de extensa pesquisa e engenharia especializada para combinar os benef\u00edcios de desempenho de graves de um cone c\u00f4nico reto tradicional com o controle de frequ\u00eancia de m\u00e9dios\/agudos de um cone alargado.<\/p>\n<p>Ao criar um perfil de curva \u00fanica, suave e cont\u00ednua, as vantagens s\u00e3o claras. Sua excelente dispers\u00e3o, juntamente com sua resposta de frequ\u00eancia bem controlada e distor\u00e7\u00e3o harm\u00f4nica reduzida, permite uma integra\u00e7\u00e3o mais suave com o tweeter. A din\u00e2mica de graves profundos tamb\u00e9m \u00e9 superior, com isso, e um som de graves mais firme e amortecido, permitindo maior flexibilidade no posicionamento dos alto-falantes pr\u00f3ximos aos limites das paredes da sala de audi\u00e7\u00e3o.<\/p>\n<p><strong>Suporte P2P\u2122 (Ponto a Ponto)<\/strong><br \/>\nO suporte P2P\u2122 (Ponto a Ponto) da Q Acoustics, usado em toda a s\u00e9rie 5000, suporta as partes do gabinete que precisam ser refor\u00e7adas, tornando os novos gabinetes excepcionalmente r\u00edgidos, melhorando o foco da imagem est\u00e9reo e proporcionando ao palco sonoro mais precis\u00e3o do que nunca.<\/p>\n<p><strong>p2p<\/strong><\/p>\n<p>HPE\u2122 (Equalizador de Press\u00e3o de Helmholtz)<br \/>\nA tecnologia HPE\u2122 (Equalizador de Press\u00e3o de Helmholtz), projetada para converter press\u00e3o em velocidade e reduzir o gradiente geral de press\u00e3o dentro do gabinete do alto-falante, foi aplicada apenas aos alto-falantes de piso 5050 para reduzir a resson\u00e2ncia do gabinete. Essa tecnologia \u00e9 perfeita para alto-falantes mais altos que tendem a ressoar em uma \u00fanica frequ\u00eancia preferencial.<\/p>\n<p>&nbsp;<\/p>\n<p><a href=\"https:\/\/www.whathifi.com\/reviews\/q-acoustics-5040\" target=\"_blank\" rel=\"noopener\">\u00a0\u00a0\u00a0\u00a0 <\/a><a href=\"https:\/\/www.whathifi.com\/reviews\/q-acoustics-5040\" target=\"_blank\" rel=\"noopener\"><img loading=\"lazy\" decoding=\"async\" class=\"alignnone wp-image-20956\" src=\"https:\/\/hificlub.com.br\/loja\/wp-content\/uploads\/2023\/10\/what-hifi-awards-13.png\" alt=\"\" width=\"296\" height=\"150\" srcset=\"https:\/\/hificlub.com.br\/loja\/wp-content\/uploads\/2023\/10\/what-hifi-awards-13.png 316w, https:\/\/hificlub.com.br\/loja\/wp-content\/uploads\/2023\/10\/what-hifi-awards-13-300x152.png 300w\" sizes=\"auto, (max-width: 296px) 100vw, 296px\" \/><\/a><a href=\"https:\/\/stereonet.com\/reviews\/q-acoustics-5040-floorstanding-loudspeakers-review\" target=\"_blank\" rel=\"noopener\"><img loading=\"lazy\" decoding=\"async\" class=\"alignnone wp-image-23712\" src=\"https:\/\/hificlub.com.br\/loja\/wp-content\/uploads\/2025\/06\/Awards-StereoNet-3.png\" alt=\"\" width=\"160\" height=\"160\" srcset=\"https:\/\/hificlub.com.br\/loja\/wp-content\/uploads\/2025\/06\/Awards-StereoNet-3.png 225w, https:\/\/hificlub.com.br\/loja\/wp-content\/uploads\/2025\/06\/Awards-StereoNet-3-150x150.png 150w, https:\/\/hificlub.com.br\/loja\/wp-content\/uploads\/2025\/06\/Awards-StereoNet-3-100x100.png 100w\" sizes=\"auto, (max-width: 160px) 100vw, 160px\" \/><\/a><\/p>\n<p>&nbsp;<\/p>\n","protected":false},"excerpt":{"rendered":"<p>O 5040 \u00e9 um aparelho de ch\u00e3o notavelmente compacto com um tamanho modesto, o que significa que \u00e9 ideal para ambientes onde o espa\u00e7o \u00e9 limitado, mas o desejo por excita\u00e7\u00e3o sonora em grande escala (assim como gratifica\u00e7\u00e3o visual) \u00e9 forte. \u2022 O design do C3 Continuous Curved ConeTM no driver de m\u00e9dios\/graves garante uma [&hellip;]<\/p>\n","protected":false},"featured_media":24491,"template":"","meta":{"_acf_changed":false},"product_brand":[],"product_cat":[17,77,18],"product_tag":[],"class_list":{"0":"post-24482","1":"product","2":"type-product","3":"status-publish","4":"has-post-thumbnail","6":"product_cat-caixas","7":"product_cat-q-acoustic","8":"product_cat-torres","10":"first","11":"instock","12":"sold-individually","13":"shipping-taxable","14":"purchasable","15":"product-type-simple"},"acf":[],"aioseo_notices":[],"_links":{"self":[{"href":"https:\/\/hificlub.com.br\/loja\/wp-json\/wp\/v2\/product\/24482","targetHints":{"allow":["GET"]}}],"collection":[{"href":"https:\/\/hificlub.com.br\/loja\/wp-json\/wp\/v2\/product"}],"about":[{"href":"https:\/\/hificlub.com.br\/loja\/wp-json\/wp\/v2\/types\/product"}],"wp:featuredmedia":[{"embeddable":true,"href":"https:\/\/hificlub.com.br\/loja\/wp-json\/wp\/v2\/media\/24491"}],"wp:attachment":[{"href":"https:\/\/hificlub.com.br\/loja\/wp-json\/wp\/v2\/media?parent=24482"}],"wp:term":[{"taxonomy":"product_brand","embeddable":true,"href":"https:\/\/hificlub.com.br\/loja\/wp-json\/wp\/v2\/product_brand?post=24482"},{"taxonomy":"product_cat","embeddable":true,"href":"https:\/\/hificlub.com.br\/loja\/wp-json\/wp\/v2\/product_cat?post=24482"},{"taxonomy":"product_tag","embeddable":true,"href":"https:\/\/hificlub.com.br\/loja\/wp-json\/wp\/v2\/product_tag?post=24482"}],"curies":[{"name":"wp","href":"https:\/\/api.w.org\/{rel}","templated":true}]}}