{"id":24445,"date":"2025-07-23T20:48:25","date_gmt":"2025-07-23T23:48:25","guid":{"rendered":"https:\/\/hificlub.com.br\/loja\/?post_type=product&#038;p=24445"},"modified":"2026-03-03T22:15:36","modified_gmt":"2026-03-04T01:15:36","slug":"q-acoustics-3020c-caixa-bookshelf","status":"publish","type":"product","link":"https:\/\/hificlub.com.br\/loja\/produto\/q-acoustics-3020c-caixa-bookshelf\/","title":{"rendered":"Q ACOUSTICS 3020C &#8211; Caixa Bookshelf &#8211; 90w (par)"},"content":{"rendered":"<p>Se voc\u00ea busca escala no seu som, mas n\u00e3o no tamanho da sua caixa ac\u00fastica, voc\u00ea precisa do novo 3020c com suporte. Ele est\u00e1 pronto e \u00e9 capaz de permitir que voc\u00ea experimente toda a pot\u00eancia e o dinamismo da sua m\u00fasica favorita, sem dominar o seu ambiente.<\/p>\n<p>O novo perfil de m\u00e9dios\/graves Continuous Curved Cone\u2122 C3 (pronuncia-se &#8220;C-cubed&#8221;) garante uma din\u00e2mica de graves superior e uma integra\u00e7\u00e3o mais suave com o driver de alta frequ\u00eancia.<\/p>\n<p>Com base nos princ\u00edpios de design encontrados na mais nova s\u00e9rie Concept, a unidade de driver de alta frequ\u00eancia hermeticamente selada \u00e9 mecanicamente isolada do defletor, impedindo a modula\u00e7\u00e3o do driver de m\u00e9dios\/graves.<\/p>\n<p>Gabinetes de baixa colora\u00e7\u00e3o com refor\u00e7o P2PTM (Point to PointTM), minimizando a reverbera\u00e7\u00e3o de baixa frequ\u00eancia para melhorar a imagem est\u00e9reo e o ambiente sonoro.<\/p>\n<p>Apresenta uma est\u00e9tica limpa e contempor\u00e2nea com sofisticados acabamentos met\u00e1licos acetinados no driver.<\/p>\n<p>Dispon\u00edvel em quatro novos acabamentos: Pin Oak, Claro Walnut, Satin White, Satin Black.<\/p>\n<p class=\"newstyle center\"><strong>Apresentando a gera\u00e7\u00e3o C<\/strong><\/p>\n<p>A s\u00e9rie de alto-falantes 3000c, acess\u00edvel e de alto desempenho, d\u00e1 continuidade ao formid\u00e1vel legado da 3000i, a s\u00e9rie de alto-falantes mais popular e condecorada da Q Acoustics. Esta nova linha d\u00e1 continuidade ao hist\u00f3rico inabal\u00e1vel da empresa em oferecer desempenho sonoro e design e constru\u00e7\u00e3o de alta qualidade, muito al\u00e9m de sua categoria.<\/p>\n<p class=\"newstyle center\"><strong>A fam\u00edlia 3000c<\/strong><\/p>\n<p>O ponto de entrada perfeito para o mundo audi\u00f3filo moderno ou como um upgrade de caixa de som econ\u00f4mico, a fam\u00edlia 3000c \u00e9 composta pelas caixas de som de estante 3010c, 3020c de suporte, 3030c de suporte maior, 3050c de ch\u00e3o e a 3090c de canal central, completando a linha para uma configura\u00e7\u00e3o de caixa de som de home theater. Seja em formato est\u00e9reo ou 5.1, a s\u00e9rie 3000c tem o talento para dar vida \u00e0 sua m\u00fasica ou filmes com muita vivacidade.<\/p>\n<p class=\"newstyle\"><strong>Inova\u00e7\u00e3o genu\u00edna<\/strong><\/p>\n<p>Esta nova s\u00e9rie de alto-falantes apresenta um design de driver de m\u00e9dios\/graves C3 Continuous Curved Cone\u2122, introduzido pela primeira vez na premiada s\u00e9rie 5000 e nos alto-falantes microtorre amplificados M40. A mais recente plataforma t\u00e9cnica da Q Acoustics eleva o 3000c acima de seus concorrentes para oferecer um som definido por m\u00e9dios articulados e r\u00e1pidos, din\u00e2mica de graves controlada, por\u00e9m potente, e agudos detalhados e diferenciados, al\u00e9m de um palco sonoro excepcional nunca antes visto neste n\u00edvel.<\/p>\n<p class=\"newstyle center\"><strong>Acabamentos que combinam com qualquer interior<\/strong><\/p>\n<p>Com quatro novos acabamentos modernos e de alta qualidade, a s\u00e9rie 3000c se adapta perfeitamente a qualquer ambiente. A introdu\u00e7\u00e3o de novos revestimentos em madeira mais clara (Pin Oak) e mais escura (Claro Rosewood), juntamente com os novos e cl\u00e1ssicos acabamentos Satin White e Satin Black, vistos pela primeira vez na s\u00e9rie 5000, emula o design contempor\u00e2neo desta nova fam\u00edlia de alto-falantes.<\/p>\n<p>&nbsp;<\/p>\n<p><a href=\"https:\/\/www.avforums.com\/reviews\/q-acoustics-3020c-standmount-speaker-review.22249\/\"><img loading=\"lazy\" decoding=\"async\" class=\"alignnone wp-image-20049\" src=\"https:\/\/hificlub.com.br\/loja\/wp-content\/uploads\/2025\/02\/Awards-AVForums-Recommended.jpg\" alt=\"\" width=\"175\" height=\"175\" srcset=\"https:\/\/hificlub.com.br\/loja\/wp-content\/uploads\/2025\/02\/Awards-AVForums-Recommended.jpg 225w, https:\/\/hificlub.com.br\/loja\/wp-content\/uploads\/2025\/02\/Awards-AVForums-Recommended-150x150.jpg 150w, https:\/\/hificlub.com.br\/loja\/wp-content\/uploads\/2025\/02\/Awards-AVForums-Recommended-100x100.jpg 100w\" sizes=\"auto, (max-width: 175px) 100vw, 175px\" \/> \u00a0 \u00a0 <\/a><a><img loading=\"lazy\" decoding=\"async\" class=\"alignnone wp-image-4467\" src=\"https:\/\/hificlub.com.br\/loja\/wp-content\/uploads\/2023\/10\/award_hifi_choice_1_1.jpg\" alt=\"\" width=\"135\" height=\"144\" \/> \u00a0 \u00a0 <\/a><img loading=\"lazy\" decoding=\"async\" class=\"alignnone wp-image-23863\" src=\"https:\/\/hificlub.com.br\/loja\/wp-content\/uploads\/2025\/07\/Eacoustics-award.jpg\" alt=\"\" width=\"300\" height=\"79\" \/><\/p>\n","protected":false},"excerpt":{"rendered":"<p>Se voc\u00ea busca escala no seu som, mas n\u00e3o no tamanho da sua caixa ac\u00fastica, voc\u00ea precisa do novo 3020c com suporte. Ele est\u00e1 pronto e \u00e9 capaz de permitir que voc\u00ea experimente toda a pot\u00eancia e o dinamismo da sua m\u00fasica favorita, sem dominar o seu ambiente. O novo perfil de m\u00e9dios\/graves Continuous Curved [&hellip;]<\/p>\n","protected":false},"featured_media":24446,"template":"","meta":{"_acf_changed":false},"product_brand":[],"product_cat":[25,17,77],"product_tag":[],"class_list":{"0":"post-24445","1":"product","2":"type-product","3":"status-publish","4":"has-post-thumbnail","6":"product_cat-bookshelf","7":"product_cat-caixas","8":"product_cat-q-acoustic","10":"first","11":"instock","12":"sold-individually","13":"shipping-taxable","14":"purchasable","15":"product-type-simple"},"acf":[],"aioseo_notices":[],"_links":{"self":[{"href":"https:\/\/hificlub.com.br\/loja\/wp-json\/wp\/v2\/product\/24445","targetHints":{"allow":["GET"]}}],"collection":[{"href":"https:\/\/hificlub.com.br\/loja\/wp-json\/wp\/v2\/product"}],"about":[{"href":"https:\/\/hificlub.com.br\/loja\/wp-json\/wp\/v2\/types\/product"}],"wp:featuredmedia":[{"embeddable":true,"href":"https:\/\/hificlub.com.br\/loja\/wp-json\/wp\/v2\/media\/24446"}],"wp:attachment":[{"href":"https:\/\/hificlub.com.br\/loja\/wp-json\/wp\/v2\/media?parent=24445"}],"wp:term":[{"taxonomy":"product_brand","embeddable":true,"href":"https:\/\/hificlub.com.br\/loja\/wp-json\/wp\/v2\/product_brand?post=24445"},{"taxonomy":"product_cat","embeddable":true,"href":"https:\/\/hificlub.com.br\/loja\/wp-json\/wp\/v2\/product_cat?post=24445"},{"taxonomy":"product_tag","embeddable":true,"href":"https:\/\/hificlub.com.br\/loja\/wp-json\/wp\/v2\/product_tag?post=24445"}],"curies":[{"name":"wp","href":"https:\/\/api.w.org\/{rel}","templated":true}]}}