{"id":2442,"date":"2023-10-17T20:00:59","date_gmt":"2023-10-17T23:00:59","guid":{"rendered":"https:\/\/hificlub.com.br\/loja2\/produto\/norstone-bergen-2-rack-hifi\/"},"modified":"2026-04-22T04:47:14","modified_gmt":"2026-04-22T07:47:14","slug":"norstone-bergen-2-rack-hifi","status":"publish","type":"product","link":"https:\/\/hificlub.com.br\/loja\/produto\/norstone-bergen-2-rack-hifi\/","title":{"rendered":"NORSTONE BERGEN 2 Rack HiFi"},"content":{"rendered":"<p>Rack Hi-Fi Norstone Begen 2<br \/>\nRack audi\u00f3filo projetado especificamente para equipamentos pesados de alto performance<\/p>\n<p>Destina-se aos amantes da m\u00fasica mais exigentes. Ele foi projetado especificamente para eliminar e absorver as vibra\u00e7\u00f5es produzidas por equipamentos de \u00e1udio ou alto-falantes Hi-Fi .<\/p>\n<p>O rack Bergen rapidamente se estabeleceu como a pe\u00e7a favorita de mobili\u00e1rio audi\u00f3filo na gama NorStone. A rigidez foi aumentada pela forma como as prateleiras s\u00e3o fixadas entre as diferentes pe\u00e7as das pernas. Cada n\u00edvel, incluindo o inferior, tem suas pr\u00f3prias pontas e contrapontos. Assim este m\u00f3vel torna-se um verdadeiro aliado contra as vibra\u00e7\u00f5es. Bergen 2, com suas 4 prateleiras, \u00e9 ideal para sistemas de alta fidelidade. Seu alto n\u00edvel \u00e9 a altura ideal para um dispositivo girat\u00f3rio. Voc\u00ea apreciar\u00e1 o alinhamento das prateleiras com Bergen AV2.<\/p>\n<p>Descri\u00e7\u00e3o:<br \/>\ncabamento: Preto\/Preto<br \/>\nBrilhante Estrutura: A\u00e7o lacado ep\u00f3xi preto brilhante<br \/>\nPrateleiras: Vidro temperado lacado preto<br \/>\nDiversos: Bra\u00e7adeiras, espig\u00f5es e contrapontos auto-aderentes<br \/>\nCarga m\u00e1xima:<br \/>\nPrateleiras: 40 kg<br \/>\nPrateleiras inferiores: 40 kg<br \/>\nDimens\u00f5es:<br \/>\nDimens\u00f5es externas (L x A x P): 559 x 709 x 500 mm<br \/>\nPrateleiras (L x P): 460 x 451 mm<br \/>\nAltura entre prateleiras: (a) 182 mm &#8211; (b) 182 mm &#8211; (c) 242 mm<br \/>\nPeso:<br \/>\nPeso bruto: 27,7 kg<br \/>\nPeso l\u00edquido: 24,6 kg<\/p>\n<h3><\/h3>\n","protected":false},"excerpt":{"rendered":"<p>Rack Hi-Fi Norstone Begen 2 Rack audi\u00f3filo projetado especificamente para equipamentos pesados de alto performance Destina-se aos amantes da m\u00fasica mais exigentes. Ele foi projetado especificamente para eliminar e absorver as vibra\u00e7\u00f5es produzidas por equipamentos de \u00e1udio ou alto-falantes Hi-Fi . O rack Bergen rapidamente se estabeleceu como a pe\u00e7a favorita de mobili\u00e1rio audi\u00f3filo na [&hellip;]<\/p>\n","protected":false},"featured_media":2437,"template":"","meta":{"_acf_changed":false},"product_brand":[],"product_cat":[89,321,104],"product_tag":[],"class_list":{"0":"post-2442","1":"product","2":"type-product","3":"status-publish","4":"has-post-thumbnail","6":"product_cat-acessorios","7":"product_cat-norstone","8":"product_cat-racks-e-pedestais","10":"first","11":"instock","12":"sold-individually","13":"shipping-taxable","14":"purchasable","15":"product-type-simple"},"acf":[],"aioseo_notices":[],"_links":{"self":[{"href":"https:\/\/hificlub.com.br\/loja\/wp-json\/wp\/v2\/product\/2442","targetHints":{"allow":["GET"]}}],"collection":[{"href":"https:\/\/hificlub.com.br\/loja\/wp-json\/wp\/v2\/product"}],"about":[{"href":"https:\/\/hificlub.com.br\/loja\/wp-json\/wp\/v2\/types\/product"}],"wp:featuredmedia":[{"embeddable":true,"href":"https:\/\/hificlub.com.br\/loja\/wp-json\/wp\/v2\/media\/2437"}],"wp:attachment":[{"href":"https:\/\/hificlub.com.br\/loja\/wp-json\/wp\/v2\/media?parent=2442"}],"wp:term":[{"taxonomy":"product_brand","embeddable":true,"href":"https:\/\/hificlub.com.br\/loja\/wp-json\/wp\/v2\/product_brand?post=2442"},{"taxonomy":"product_cat","embeddable":true,"href":"https:\/\/hificlub.com.br\/loja\/wp-json\/wp\/v2\/product_cat?post=2442"},{"taxonomy":"product_tag","embeddable":true,"href":"https:\/\/hificlub.com.br\/loja\/wp-json\/wp\/v2\/product_tag?post=2442"}],"curies":[{"name":"wp","href":"https:\/\/api.w.org\/{rel}","templated":true}]}}