{"id":24252,"date":"2025-07-17T17:47:52","date_gmt":"2025-07-17T20:47:52","guid":{"rendered":"https:\/\/hificlub.com.br\/loja\/?post_type=product&#038;p=24252"},"modified":"2026-03-03T22:15:38","modified_gmt":"2026-03-04T01:15:38","slug":"paradigm-defiance-wt-kit-modulo-sem-fio-de-2-4ghz-para-conectar-subwoofers-da-serie-defiance","status":"publish","type":"product","link":"https:\/\/hificlub.com.br\/loja\/produto\/paradigm-defiance-wt-kit-modulo-sem-fio-de-2-4ghz-para-conectar-subwoofers-da-serie-defiance\/","title":{"rendered":"PARADIGM Defiance WT &#8211; Kit M\u00f3dulo Sem Fio de 2.4Ghz para Conectar Subwoofers da S\u00e9rie Defiance"},"content":{"rendered":"<p><strong>Adeus, cabos<\/strong><\/p>\n<p>Diga que voc\u00ea tem um subwoofer Paradigm Defiance X ou Defiance V Series, mas n\u00e3o quer executar um cabo nele. Ou diga que h\u00e1 um local em seu quarto onde voc\u00ea gostaria de um submarino, mas passar um cabo l\u00e1 simplesmente n\u00e3o \u00e9 fact\u00edvel.\u00a0O kit de subwoofer sem fio Defiance WT tem tudo o que voc\u00ea precisa em qualquer um dos casos. Ele possui transmiss\u00e3o de \u00e1udio cristalina a at\u00e9 50 p\u00e9s do submarino, o que significa que voc\u00ea tem muita flexibilidade quando se trata de coloca\u00e7\u00e3o. Tamb\u00e9m corrige instantaneamente quaisquer erros na transmiss\u00e3o ou no sinal.<\/p>\n<p>O transmissor e o receptor v\u00eam emparelhados de f\u00e1brica, ent\u00e3o voc\u00ea n\u00e3o precisa fazer nada extra para faz\u00ea-los falar um com o outro. O transmissor se conecta ao seu receptor dom\u00e9stico por meio de cabos RCA e o receptor sem fio se conecta \u00e0 porta &#8220;conex\u00e3o de m\u00f3dulo sem fio&#8221; encontrada na parte de tr\u00e1s do subwoofer. O transmissor e o receptor tamb\u00e9m se desligar\u00e3o ap\u00f3s 20 minutos de inatividade para economizar energia.<\/p>\n<p><strong>Destaques produto<\/strong><\/p>\n<ul>\n<li>envia sinais de \u00e1udio sem fio do seu receptor para subwoofers compat\u00edveis<\/li>\n<li>Faixa de transmiss\u00e3o de 50 p\u00e9s<\/li>\n<li>Transmiss\u00e3o sem fio de 2.4GHz com sele\u00e7\u00e3o din\u00e2mica de frequ\u00eancia<\/li>\n<li>corrige qualquer sinal e erros de transmiss\u00e3o instantaneamente<\/li>\n<li>transmissor desliga ap\u00f3s 20 minutos sem atividade<\/li>\n<\/ul>\n<p><strong>Compatibilidade<\/strong><\/p>\n<ul>\n<li>Defiance V10 e V12, assim como todos os subwoofers S\u00e9rie X Defiance<\/li>\n<\/ul>\n<p><strong>*** N\u00e3o \u00e9 compat\u00edvel com Defiance V8<\/strong><\/p>\n","protected":false},"excerpt":{"rendered":"<p>Adeus, cabos Diga que voc\u00ea tem um subwoofer Paradigm Defiance X ou Defiance V Series, mas n\u00e3o quer executar um cabo nele. Ou diga que h\u00e1 um local em seu quarto onde voc\u00ea gostaria de um submarino, mas passar um cabo l\u00e1 simplesmente n\u00e3o \u00e9 fact\u00edvel.\u00a0O kit de subwoofer sem fio Defiance WT tem tudo [&hellip;]<\/p>\n","protected":false},"featured_media":24256,"template":"","meta":{"_acf_changed":false},"product_brand":[],"product_cat":[312,148],"product_tag":[],"class_list":{"0":"post-24252","1":"product","2":"type-product","3":"status-publish","4":"has-post-thumbnail","6":"product_cat-modulo-sem-fio","7":"product_cat-paradigm","9":"first","10":"instock","11":"sold-individually","12":"shipping-taxable","13":"purchasable","14":"product-type-simple"},"acf":[],"aioseo_notices":[],"_links":{"self":[{"href":"https:\/\/hificlub.com.br\/loja\/wp-json\/wp\/v2\/product\/24252","targetHints":{"allow":["GET"]}}],"collection":[{"href":"https:\/\/hificlub.com.br\/loja\/wp-json\/wp\/v2\/product"}],"about":[{"href":"https:\/\/hificlub.com.br\/loja\/wp-json\/wp\/v2\/types\/product"}],"wp:featuredmedia":[{"embeddable":true,"href":"https:\/\/hificlub.com.br\/loja\/wp-json\/wp\/v2\/media\/24256"}],"wp:attachment":[{"href":"https:\/\/hificlub.com.br\/loja\/wp-json\/wp\/v2\/media?parent=24252"}],"wp:term":[{"taxonomy":"product_brand","embeddable":true,"href":"https:\/\/hificlub.com.br\/loja\/wp-json\/wp\/v2\/product_brand?post=24252"},{"taxonomy":"product_cat","embeddable":true,"href":"https:\/\/hificlub.com.br\/loja\/wp-json\/wp\/v2\/product_cat?post=24252"},{"taxonomy":"product_tag","embeddable":true,"href":"https:\/\/hificlub.com.br\/loja\/wp-json\/wp\/v2\/product_tag?post=24252"}],"curies":[{"name":"wp","href":"https:\/\/api.w.org\/{rel}","templated":true}]}}