{"id":24123,"date":"2025-07-13T18:27:54","date_gmt":"2025-07-13T21:27:54","guid":{"rendered":"https:\/\/hificlub.com.br\/loja\/?post_type=product&#038;p=24123"},"modified":"2026-03-03T22:15:42","modified_gmt":"2026-03-04T01:15:42","slug":"kef-r2-meta-caixa-central-de-3-vias","status":"publish","type":"product","link":"https:\/\/hificlub.com.br\/loja\/produto\/kef-r2-meta-caixa-central-de-3-vias\/","title":{"rendered":"KEF R2 Meta &#8211; Caixa Central de 3 Vias, 200 Watts"},"content":{"rendered":"<p>A caixa de som central Kef R2 Center Meta, com acabamento em Black Gloss, oferece qualidade ac\u00fastica de alto n\u00edvel, com tecnologia exclusiva Metamaterial Absorption Technology (MAT). Este centro ac\u00fastico \u00e9 perfeito para um sistema de home theater, proporcionando clareza absoluta em di\u00e1logos e realismo em cada detalhe sonoro. A engenharia de ponta elimina distor\u00e7\u00f5es indesejadas e melhora significativamente a precis\u00e3o e naturalidade do som. Sua est\u00e9tica elegante se adapta perfeitamente a ambientes sofisticados.<\/p>\n<p>Projetado para combinar com quaisquer alto-falantes de piso da s\u00e9rie R, o R2 Meta possui o 12<sup>o th<\/sup>\u00a0gera\u00e7\u00e3o Uni-Q<sup>\u00ae<\/sup>\u00a0matriz de driver com MAT<sup>\u2122<\/sup>\u00a0e dois bass drivers h\u00edbridos de alum\u00ednio de 5.25\u201d. \u00c9 compacto o suficiente para usar em salas menores, sendo capaz de som de alta qualidade, mesmo com as m\u00fasicas e filmes mais din\u00e2micos. Este design \u00e9 altamente vers\u00e1til e pode ser usado em uma configura\u00e7\u00e3o LCR (Esquerda-Centro-Direita).<\/p>\n<p id=\"i81ok22\" data-dynamic-prop=\"\/productInfo\/Feature Content.Feature-content-10\/1\" data-highlightable=\"1\"><strong>O que est\u00e1 na caixa<\/strong><\/p>\n<p>1 unidade de alto-falante R2 Meta<br \/>\n1 peda\u00e7o de grade de microfibra<br \/>\nP\u00e9s-de-borracha<br \/>\nManual do usu\u00e1rio e informa\u00e7\u00f5es da garantia<\/p>\n<div data-dynamic-prop=\"\/productInfo\/Feature Content.Feature-content-10\/2\" data-highlightable=\"1\"><\/div>\n<div data-dynamic-prop=\"\/productInfo\/Feature Content.Feature-content-10\/2\" data-highlightable=\"1\"><\/div>\n<div data-dynamic-prop=\"\/productInfo\/Feature Content.Feature-content-10\/2\" data-highlightable=\"1\"><\/div>\n","protected":false},"excerpt":{"rendered":"<p>A caixa de som central Kef R2 Center Meta, com acabamento em Black Gloss, oferece qualidade ac\u00fastica de alto n\u00edvel, com tecnologia exclusiva Metamaterial Absorption Technology (MAT). Este centro ac\u00fastico \u00e9 perfeito para um sistema de home theater, proporcionando clareza absoluta em di\u00e1logos e realismo em cada detalhe sonoro. A engenharia de ponta elimina distor\u00e7\u00f5es [&hellip;]<\/p>\n","protected":false},"featured_media":25353,"template":"","meta":{"_acf_changed":false},"product_brand":[],"product_cat":[35,17,56],"product_tag":[],"class_list":{"0":"post-24123","1":"product","2":"type-product","3":"status-publish","4":"has-post-thumbnail","6":"product_cat-caixas-centrais","7":"product_cat-caixas","8":"product_cat-kef","10":"first","11":"instock","12":"sold-individually","13":"shipping-taxable","14":"purchasable","15":"product-type-simple"},"acf":[],"aioseo_notices":[],"_links":{"self":[{"href":"https:\/\/hificlub.com.br\/loja\/wp-json\/wp\/v2\/product\/24123","targetHints":{"allow":["GET"]}}],"collection":[{"href":"https:\/\/hificlub.com.br\/loja\/wp-json\/wp\/v2\/product"}],"about":[{"href":"https:\/\/hificlub.com.br\/loja\/wp-json\/wp\/v2\/types\/product"}],"wp:featuredmedia":[{"embeddable":true,"href":"https:\/\/hificlub.com.br\/loja\/wp-json\/wp\/v2\/media\/25353"}],"wp:attachment":[{"href":"https:\/\/hificlub.com.br\/loja\/wp-json\/wp\/v2\/media?parent=24123"}],"wp:term":[{"taxonomy":"product_brand","embeddable":true,"href":"https:\/\/hificlub.com.br\/loja\/wp-json\/wp\/v2\/product_brand?post=24123"},{"taxonomy":"product_cat","embeddable":true,"href":"https:\/\/hificlub.com.br\/loja\/wp-json\/wp\/v2\/product_cat?post=24123"},{"taxonomy":"product_tag","embeddable":true,"href":"https:\/\/hificlub.com.br\/loja\/wp-json\/wp\/v2\/product_tag?post=24123"}],"curies":[{"name":"wp","href":"https:\/\/api.w.org\/{rel}","templated":true}]}}