{"id":2404,"date":"2023-10-17T20:00:38","date_gmt":"2023-10-17T23:00:38","guid":{"rendered":"https:\/\/hificlub.com.br\/loja2\/produto\/stello-ai-500-com-dac-150-watts\/"},"modified":"2026-03-23T12:24:38","modified_gmt":"2026-03-23T15:24:38","slug":"stello-ai-500-com-dac-150-watts","status":"publish","type":"product","link":"https:\/\/hificlub.com.br\/loja\/produto\/stello-ai-500-com-dac-150-watts\/","title":{"rendered":"STELLO Ai-500 Amplificador Integrado com DAC,  Mosfet, 150 watts"},"content":{"rendered":"<p>A April Music come\u00e7ou a fabricar componentes de \u00e1udio em 1998. Antes disso, o propriet\u00e1rio Simon Lee importava equipamentos de \u00e1udio de ponta para a Coreia. Com o tempo, Lee ficou insatisfeito com a escalada de pre\u00e7os de produtos de \u00e1udio cujo desempenho n\u00e3o correspondia ao custo e decidiu lan\u00e7ar uma linha de componentes de \u00e1udio que competiria com outras marcas de ponta, mas a pre\u00e7os razo\u00e1veis. Hoje, a April Music fabrica diversas linhas de produtos; em ordem crescente de pre\u00e7o, s\u00e3o elas: os produtos Aura, acess\u00edveis, mas muito chiques (incluindo as caixas de som Model One), a s\u00e9rie Stello 100, a linha Stello, mais sofisticada, e a s\u00e9rie Eximus, de \u00faltima gera\u00e7\u00e3o e sem custo-benef\u00edcio. Com base nos elogios que os produtos de Lee receberam dos redatores da SoundStage! Network e de outros, ele tem tido muito sucesso em atingir seu objetivo.<\/p>\n<p>Em sua linha Stello, Lee tentou oferecer grande parte do desempenho de seus produtos Eximus a pre\u00e7os consideravelmente mais baixos, e o amplificador integrado Ai500 \u00e9 um exemplo perfeito. Constru\u00eddo com a robustez de qualquer amplificador integrado que j\u00e1 vi (incluindo alguns que custam milhares de d\u00f3lares a mais), \u00e9 o tipo de componente que voc\u00ea ficar\u00e1 feliz em exibir em seu rack de equipamentos; seu lindo acabamento em alum\u00ednio escovado e curvas suaves o tornar\u00e3o perfeito em qualquer ambiente contempor\u00e2neo.<\/p>\n<p>Quando tirei o Stello da caixa pela primeira vez, fiquei impressionado com seu peso. Com 16 kg e medindo 46 cm de largura x 8,6 cm de altura x 39 cm de profundidade, o Ai500 \u00e9 um equipamento substancial, em grande parte devido ao transformador toroidal superdimensionado de 800 VA e aos 90.000 mF de capacit\u00e2ncia que ele usa para gerar a enorme quantidade de pot\u00eancia que supostamente produz: 150 Wpc em 8 ohms ou 300 Wpc em 4 ohms. Com n\u00fameros como esses, o Ai500 parece pronto para alimentar praticamente qualquer caixa de som com a qual voc\u00ea queira combin\u00e1-lo. Seu est\u00e1gio de sa\u00edda classe A\/B utiliza transistores de pot\u00eancia MOSFET Hitachi combinados em uma configura\u00e7\u00e3o push-pull que, em conjunto com t\u00e9cnicas cuidadosas de isolamento de aterramento, garantem uma alta rela\u00e7\u00e3o sinal\/ru\u00eddo.<\/p>\n<p>O painel traseiro do Ai500 possui in\u00fameras entradas para conectar todo o seu sistema. Al\u00e9m de um conjunto de entradas balanceadas Neutrik, h\u00e1 tr\u00eas entradas single-ended: uma para um CD player, uma para um sintonizador e uma para um componente auxiliar, como um est\u00e1gio phono. Uma entrada Bypass envia o sinal diretamente para o est\u00e1gio do amplificador, permitindo ao usu\u00e1rio experimentar pr\u00e9-amplificadores externos de dois canais ou usar o Ai500 para alimentar dois canais de um sistema de home theater. H\u00e1 tamb\u00e9m uma entrada Record para conex\u00e3o com um toca-fitas. O Ai500 tamb\u00e9m vem equipado com uma sa\u00edda de pr\u00e9-amplificador para uso com um amplificador de pot\u00eancia externo, separadamente ou em conjunto com a se\u00e7\u00e3o de pot\u00eancia do pr\u00f3prio Stello. Caso contr\u00e1rio, a sa\u00edda do pr\u00e9-amplificador pode ser conectada a um subwoofer para aumentar a sa\u00edda de graves de um par est\u00e9reo de alto-falantes.<\/p>\n<p>Outro recurso padr\u00e3o \u00e9 um conversor digital-anal\u00f3gico (DAC) integrado que permite conectar ao Stello a sa\u00edda digital de um CD ou DVD player, ou de um computador. S\u00e3o fornecidas tr\u00eas entradas digitais: coaxial, \u00f3ptica e USB (apenas 16 bits\/44,1 kHz). H\u00e1 tamb\u00e9m entradas anal\u00f3gicas e digitais para uma docking station para iPod. Usando um cabo de controle USB, \u00e9 poss\u00edvel navegar pelas m\u00fasicas do seu iPod usando o controle remoto fornecido. No entanto, como o iPod \u00e9 conectado com entradas anal\u00f3gicas est\u00e9reo, o pr\u00f3prio iPod converte seu fluxo de dados digitais para anal\u00f3gico, e n\u00e3o o DAC integrado do Ai500. Ainda assim, se a sua m\u00fasica estiver armazenada principalmente no seu iPod ou no disco r\u00edgido do seu computador, o Ai500 da Stello oferece o meio mais simples e direto de reproduzi-la que j\u00e1 vi em um amplificador integrado.<\/p>\n<p>O painel frontal tem uma apar\u00eancia limpa e simples. Um pequeno visor indica, em texto vermelho, qual entrada est\u00e1 selecionada e o volume em que est\u00e1 definida. O brilho do visor pode ser definido como Baixo, M\u00e9dio, Alto ou Desligado. Abaixo do visor, h\u00e1 uma fileira de bot\u00f5es rotulados (da esquerda para a direita): Balanceado, CD, Sintonizador, Aux, Digital, Bypass e Mudo. O volume \u00e9 controlado por um grande dial girat\u00f3rio na extrema direita, que utiliza um controle de volume digital Cirrus Logic CS3310, ajust\u00e1vel em incrementos de 0,5 dB. O volume pode ser definido e ajustado independentemente para cada entrada \u2014 um recurso \u00fatil para um revisor que deseja comparar n\u00edveis de ganho para diferentes componentes. O bot\u00e3o liga\/desliga principal fica na extrema esquerda.<\/p>\n<p>Um controle remoto completo est\u00e1 inclu\u00eddo. Feito de alum\u00ednio, ele \u00e9 dividido em tr\u00eas se\u00e7\u00f5es: uma para controlar o CD player CDA500 (at\u00e9 agora o \u00fanico membro da s\u00e9rie 500 da Stello), uma para navegar pelas m\u00fasicas armazenadas no seu iPod e uma para controlar o pr\u00f3prio Ai500.<\/p>\n<p>Todos os aspectos da constru\u00e7\u00e3o do Ai500 esbanjam qualidade. Da qualidade dos conectores aos terminais de conex\u00e3o dos alto-falantes (que aceitam fios desencapados, terminais de p\u00e1, plugues banana ou terminais de pino), a April Music parece ter pensado em tudo para instalar o Ai500 \u2014 exceto um est\u00e1gio phono integrado. Isso n\u00e3o afetar\u00e1 a maioria dos ouvintes, mas afetar\u00e1 alguns, como eu. Ainda assim, o Ai500 exemplifica a flexibilidade poss\u00edvel em um amplificador integrado.<\/p>\n<p>O amplificador integrado Stello Ai-500 possui as seguintes especifica\u00e7\u00f5es:<br \/>\nPot\u00eancia: 150 W por canal a 8 ohms, 300 W por canal a 4 ohms<br \/>\nEst\u00e1gio de sa\u00edda: Push-pull qu\u00e1druplo paralelo Classe AB com transistores de pot\u00eancia MOSFET Hitachi<br \/>\nFonte de alimenta\u00e7\u00e3o: Transformador toroidal de 800 VA e banco de capacitores de 90.000 uF<br \/>\nResposta de frequ\u00eancia: M\u00ednimo 20 Hz, m\u00e1ximo 45 kHz<br \/>\nDimens\u00f5es: 435 x 94,5 x 345 mm (L x A x P)<br \/>\nPeso: 16 kg<br \/>\nEntradas: Um conjunto de entradas Neutrik balanceadas, tr\u00eas entradas single-ended e entradas anal\u00f3gicas e digitais para uma docking station para iPod<br \/>\nSa\u00eddas: Conectores de pr\u00e9-sa\u00edda e bypass<br \/>\nDAC: Conversor digital-anal\u00f3gico (DAC) integrado<br \/>\nControle remoto: Controle remoto completo com se\u00e7\u00f5es separadas Para controle de CD player, iPod e amplificador<br \/>\nDisplay: Visor vermelho que mostra o n\u00edvel de volume atual e a fonte selecionada<\/p>\n","protected":false},"excerpt":{"rendered":"<p>A April Music come\u00e7ou a fabricar componentes de \u00e1udio em 1998. Antes disso, o propriet\u00e1rio Simon Lee importava equipamentos de \u00e1udio de ponta para a Coreia. Com o tempo, Lee ficou insatisfeito com a escalada de pre\u00e7os de produtos de \u00e1udio cujo desempenho n\u00e3o correspondia ao custo e decidiu lan\u00e7ar uma linha de componentes de [&hellip;]<\/p>\n","protected":false},"featured_media":2402,"template":"","meta":{"_acf_changed":false},"product_brand":[],"product_cat":[27,51],"product_tag":[],"class_list":{"0":"post-2404","1":"product","2":"type-product","3":"status-publish","4":"has-post-thumbnail","6":"product_cat-amplificador","7":"product_cat-integrado","9":"first","10":"instock","11":"sold-individually","12":"shipping-taxable","13":"purchasable","14":"product-type-simple"},"acf":[],"aioseo_notices":[],"_links":{"self":[{"href":"https:\/\/hificlub.com.br\/loja\/wp-json\/wp\/v2\/product\/2404","targetHints":{"allow":["GET"]}}],"collection":[{"href":"https:\/\/hificlub.com.br\/loja\/wp-json\/wp\/v2\/product"}],"about":[{"href":"https:\/\/hificlub.com.br\/loja\/wp-json\/wp\/v2\/types\/product"}],"wp:featuredmedia":[{"embeddable":true,"href":"https:\/\/hificlub.com.br\/loja\/wp-json\/wp\/v2\/media\/2402"}],"wp:attachment":[{"href":"https:\/\/hificlub.com.br\/loja\/wp-json\/wp\/v2\/media?parent=2404"}],"wp:term":[{"taxonomy":"product_brand","embeddable":true,"href":"https:\/\/hificlub.com.br\/loja\/wp-json\/wp\/v2\/product_brand?post=2404"},{"taxonomy":"product_cat","embeddable":true,"href":"https:\/\/hificlub.com.br\/loja\/wp-json\/wp\/v2\/product_cat?post=2404"},{"taxonomy":"product_tag","embeddable":true,"href":"https:\/\/hificlub.com.br\/loja\/wp-json\/wp\/v2\/product_tag?post=2404"}],"curies":[{"name":"wp","href":"https:\/\/api.w.org\/{rel}","templated":true}]}}