{"id":24011,"date":"2025-07-10T10:17:06","date_gmt":"2025-07-10T13:17:06","guid":{"rendered":"https:\/\/hificlub.com.br\/loja\/?post_type=product&#038;p=24011"},"modified":"2026-03-03T22:15:46","modified_gmt":"2026-03-04T01:15:46","slug":"marten-oscar-trio-caixa-acustica-torre","status":"publish","type":"product","link":"https:\/\/hificlub.com.br\/loja\/produto\/marten-oscar-trio-caixa-acustica-torre\/","title":{"rendered":"MARTEN Oscar Trio &#8211; Caixa Ac\u00fastica Torre, 250 Watts"},"content":{"rendered":"<p><strong>Marten<\/strong>\u00a0\u00e9 uma marca sueca de alto-falantes de alta fidelidade, conhecida por sua busca incans\u00e1vel pela perfei\u00e7\u00e3o sonora e design elegante. Fundada em 1998 por Leif Olofsson, a empresa rapidamente se destacou no mercado de \u00e1udio de luxo, oferecendo produtos que combinam tecnologia de ponta, artesanato de alta qualidade e um profundo conhecimento em ac\u00fastica.<\/p>\n<p>Oscar Trio, modelo de lan\u00e7amento da nossa nova s\u00e9rie, \u00e9 um momento decisivo &#8211; o mesmo som de Marten em nova constru\u00e7\u00e3o. Nosso designer-chefe, Leif Olofsson, criou uma nova tecnologia para alcan\u00e7ar o mesmo desempenho no qual constru\u00edmos nosso nome.<\/p>\n<p>A inova\u00e7\u00e3o impulsionou a cria\u00e7\u00e3o da s\u00e9rie Oscar; compreender desafios, assumir riscos e repensar o design s\u00e3o as cinzas das quais Oscar nasceu. Oscar Trio atende \u00e0 demanda por um alto-falante Marten de pre\u00e7o razo\u00e1vel, sem sacrificar nosso renomado som e qualidade. Para conseguir isso, redesenhamos a constru\u00e7\u00e3o e criamos um driver personalizado. A constru\u00e7\u00e3o oferece um som excepcionalmente controlado e natural; verdadeira musicalidade que \u00e9 a marca de um alto-falante Marten.<\/p>\n<p>Com drivers personalizados e baixa distor\u00e7\u00e3o, o Oscar Trio oferece uma grande faixa din\u00e2mica, maior excurs\u00e3o e desempenho de graves profundos. Para manter o mesmo som do Marten, projetamos drivers totalmente novos, permitindo maior controle dos detalhes. A cer\u00e2mica dura \u00e9 leve, mas extremamente r\u00edgida, o que a torna um dos melhores materiais para membranas de alto-falantes \u2013 tamb\u00e9m \u00e9 conhecida como Safira.<\/p>\n<p>Nossas c\u00fapulas cer\u00e2micas possuem um alto fator de amortecimento interno, devido a um processo eletroqu\u00edmico refinado. A membrana tamb\u00e9m possui uma alta frequ\u00eancia de resson\u00e2ncia do material, o que significa que a distor\u00e7\u00e3o \u00e9 m\u00ednima; oferecendo um n\u00edvel de clareza que \u00e9 o Santo Graal para domos de alto-falantes de \u00faltima gera\u00e7\u00e3o. O exterior \u00e9 um exerc\u00edcio de design minimalista \u2013 sem detalhes desnecess\u00e1rios; sem enfeite. O design do gabinete Marten \u00e9 um equil\u00edbrio entre for\u00e7a e eleg\u00e2ncia: o complemento perfeito para o som.<\/p>\n<p>A tampa magn\u00e9tica opcional encaixa-se com um clique satisfat\u00f3rio, simplificando instantaneamente a forma sem alterar o som. Utilizamos fia\u00e7\u00e3o interna Jorma Design , por sua qualidade e desempenho exemplares. Feitos \u00e0 m\u00e3o na Su\u00e9cia, os cabos utilizam + e \u2013 separados para maior blindagem e cobre da mais alta qualidade. Isto oferece um som natural e transparente; a escolha perfeita para nossos alto-falantes. Os cabos s\u00e3o componentes integrais, portanto devem funcionar harmoniosamente com nosso projeto e constru\u00e7\u00e3o de precis\u00e3o.<\/p>\n<p>Jorma Design oferece exatamente o que um alto-falante Marten exige. referimos usar cruzamentos de ordem inferior, pois os cruzamentos de ordem superior tendem a limitar a din\u00e2mica e os detalhes. Nosso crossover de segunda ordem foi projetado de forma criativa para aproveitar ao m\u00e1ximo a faixa din\u00e2mica. Bobinas de n\u00facleo de ar de folha de cobre Capacitores Prata\/Ouro Resistores supremos Cabeamento interno Jorma.<\/p>\n<p>&nbsp;<\/p>\n<p><a href=\"https:\/\/hometheaterhifi.com\/reviews\/speaker\/floor-standing\/marten-oscar-trio-loudspeakers-review\/\" target=\"_blank\" rel=\"noopener\"><img loading=\"lazy\" decoding=\"async\" class=\"alignnone wp-image-24021 \" src=\"https:\/\/hificlub.com.br\/loja\/wp-content\/uploads\/2025\/07\/Home-Theather-High-Fidelity-award.jpg\" alt=\"\" width=\"317\" height=\"133\" \/>\u00a0\u00a0\u00a0\u00a0 <\/a><a href=\"https:\/\/www.hifi-advice.com\/blog\/review\/loudspeaker-reviews\/loudspeakers-passive-reviews\/marten-parker-trio\/\" target=\"_blank\" rel=\"noopener\"><img loading=\"lazy\" decoding=\"async\" class=\"alignnone wp-image-14952 \" src=\"https:\/\/hificlub.com.br\/loja\/wp-content\/uploads\/2024\/04\/Awards-HiFi-Advice.png\" alt=\"\" width=\"134\" height=\"134\" srcset=\"https:\/\/hificlub.com.br\/loja\/wp-content\/uploads\/2024\/04\/Awards-HiFi-Advice.png 225w, https:\/\/hificlub.com.br\/loja\/wp-content\/uploads\/2024\/04\/Awards-HiFi-Advice-150x150.png 150w, https:\/\/hificlub.com.br\/loja\/wp-content\/uploads\/2024\/04\/Awards-HiFi-Advice-100x100.png 100w\" sizes=\"auto, (max-width: 134px) 100vw, 134px\" \/><\/a><\/p>\n","protected":false},"excerpt":{"rendered":"<p>Marten\u00a0\u00e9 uma marca sueca de alto-falantes de alta fidelidade, conhecida por sua busca incans\u00e1vel pela perfei\u00e7\u00e3o sonora e design elegante. Fundada em 1998 por Leif Olofsson, a empresa rapidamente se destacou no mercado de \u00e1udio de luxo, oferecendo produtos que combinam tecnologia de ponta, artesanato de alta qualidade e um profundo conhecimento em ac\u00fastica. Oscar [&hellip;]<\/p>\n","protected":false},"featured_media":24012,"template":"","meta":{"_acf_changed":false},"product_brand":[],"product_cat":[17,276,18],"product_tag":[],"class_list":{"0":"post-24011","1":"product","2":"type-product","3":"status-publish","4":"has-post-thumbnail","6":"product_cat-caixas","7":"product_cat-marten","8":"product_cat-torres","10":"first","11":"instock","12":"sold-individually","13":"shipping-taxable","14":"product-type-simple"},"acf":[],"aioseo_notices":[],"_links":{"self":[{"href":"https:\/\/hificlub.com.br\/loja\/wp-json\/wp\/v2\/product\/24011","targetHints":{"allow":["GET"]}}],"collection":[{"href":"https:\/\/hificlub.com.br\/loja\/wp-json\/wp\/v2\/product"}],"about":[{"href":"https:\/\/hificlub.com.br\/loja\/wp-json\/wp\/v2\/types\/product"}],"wp:featuredmedia":[{"embeddable":true,"href":"https:\/\/hificlub.com.br\/loja\/wp-json\/wp\/v2\/media\/24012"}],"wp:attachment":[{"href":"https:\/\/hificlub.com.br\/loja\/wp-json\/wp\/v2\/media?parent=24011"}],"wp:term":[{"taxonomy":"product_brand","embeddable":true,"href":"https:\/\/hificlub.com.br\/loja\/wp-json\/wp\/v2\/product_brand?post=24011"},{"taxonomy":"product_cat","embeddable":true,"href":"https:\/\/hificlub.com.br\/loja\/wp-json\/wp\/v2\/product_cat?post=24011"},{"taxonomy":"product_tag","embeddable":true,"href":"https:\/\/hificlub.com.br\/loja\/wp-json\/wp\/v2\/product_tag?post=24011"}],"curies":[{"name":"wp","href":"https:\/\/api.w.org\/{rel}","templated":true}]}}