{"id":23852,"date":"2025-07-07T11:29:37","date_gmt":"2025-07-07T14:29:37","guid":{"rendered":"https:\/\/hificlub.com.br\/loja\/?post_type=product&#038;p=23852"},"modified":"2026-03-03T22:15:50","modified_gmt":"2026-03-04T01:15:50","slug":"marten-coltrane-momento-2-caixa-acustica-torre","status":"publish","type":"product","link":"https:\/\/hificlub.com.br\/loja\/produto\/marten-coltrane-momento-2-caixa-acustica-torre\/","title":{"rendered":"MARTEN Coltrone Momento 2 &#8211; Caixa Ac\u00fastica Torre, 450 Watts"},"content":{"rendered":"<p>Por baixo da forma imponente de\u00a0<strong>Coltrane Momento 2<\/strong>\u00a0mente a tecnologia para rivalizar com Supreme 2. Com um som de imagem completa aprimorado, o Coltrane Momento 2 oferece m\u00fasica que soa exatamente como na primeira vez que voc\u00ea a ouviu \u2013 e ainda melhor do que voc\u00ea se lembra.<\/p>\n<div class=\"left_r_title\"><strong>O que voc\u00ea conseguir. Poder e controle em perfeito equil\u00edbrio.<\/strong><\/div>\n<div class=\"left_r_con\">\n<p>Momento 2 usa a t\u00e9cnica de crossover sob medida desenvolvida para Coltrane Supreme 2. O crossover de primeira ordem cria uma coer\u00eancia de tempo e fase absolutamente perfeita; e uma coincid\u00eancia de tempo impec\u00e1vel.<\/p>\n<p>Os drivers de diamante entregam um som cristalino; combinado com nosso crossover de assinatura, sua m\u00fasica soa o mais pr\u00f3ximo da realidade que poder\u00edamos projetar. Detalhada, controlada e vibrante.<\/p>\n<ul>\n<li>4-jeito<\/li>\n<li>Cruzamento de primeira ordem<\/li>\n<li>Drivers Accuton Cell<\/li>\n<li>Cabos Jorma<\/li>\n<\/ul>\n<div class=\"left_r_title\"><strong>C\u00fapulas diamante. Som que cintila.<\/strong><\/div>\n<div class=\"left_r_con\">\n<p>Pure Diamond \u00e9 o material definitivo para as membranas dos alto-falantes. Usado na faixa de alta frequ\u00eancia, sua rela\u00e7\u00e3o rigidez-peso e velocidade sonora interna s\u00e3o insuper\u00e1veis.<\/p>\n<p>O diamante \u00e9 tamb\u00e9m o melhor condutor de calor conhecido pelo homem. Isso \u00e9 essencial para as membranas do alto-falante, fornecendo o melhor dissipador de calor para a bobina de voz; resultando em manuseio de alta pot\u00eancia e compress\u00e3o muito baixa.<\/p>\n<p>O car\u00e1ter sonoro dos nossos tuiteiros Diamantes n\u00e3o \u00e9 o que voc\u00ea poderia esperar. Outros podem soar \u2018excessivamente brilhantes\u2019 ou \u2018hard-as-diamond\u2019. Distor\u00e7\u00e3o harm\u00f4nica pode ser um problema tamb\u00e9m. Nosso crossover foi cuidadosamente projetado para lidar com isso. Na verdade, voc\u00ea obt\u00e9m o oposto \u2013 os Diamantes simplesmente desaparecem, deixando apenas sua m\u00fasica.<\/p>\n<div class=\"left_r_title\"><strong>C\u00fapulas cer\u00e2micas. Tecnologia avan\u00e7ada para som natural.<\/strong><\/div>\n<div class=\"left_r_con\">\n<p>A cer\u00e2mica dura \u00e9 leve, mas extremamente r\u00edgida, o que a torna um dos melhores materiais para membranas de alto-falantes \u2013, tamb\u00e9m conhecida como Safira.<\/p>\n<p>Nossas c\u00fapulas de cer\u00e2mica t\u00eam um alto fator de amortecimento interno, por causa de um processo eletroqu\u00edmico refinado. A membrana tamb\u00e9m tem uma alta frequ\u00eancia de resson\u00e2ncia material, o que significa que a distor\u00e7\u00e3o \u00e9 m\u00ednima; oferecendo um n\u00edvel de clareza que \u00e9 o santo graal para c\u00fapulas de alto-falante.<\/p>\n<div class=\"left_r_title\"><strong>P\u00e9s. Um novo n\u00edvel de isolamento<\/strong>.<\/div>\n<div class=\"left_r_con\">\n<p>A redu\u00e7\u00e3o da resson\u00e2ncia \u00e9 importante para o design de nossos alto-falantes \u2013 pode significar a diferen\u00e7a entre um bom alto-falante e um \u00f3timo alto-falante. Com o IsoAcoustics criamos o Marten Isolators. Este produto de precis\u00e3o permite que o gabinete seja completamente isolado do ch\u00e3o, reduzindo a resson\u00e2ncia e a distor\u00e7\u00e3o \u2013 deixando o soundstage livre.<\/p>\n<ul>\n<li>Baixo din\u00e2mico com pot\u00eancia e controle aumentados<\/li>\n<li>Abertura e clareza naturais<\/li>\n<li>Otimizado para peso de gabinete<\/li>\n<li>Resiste ao movimento lateral e oscila\u00e7\u00f5es<\/li>\n<li>Diminui reflex\u00f5es internas<\/li>\n<li>Serve para carpete<\/li>\n<\/ul>\n<div class=\"left_r_title\"><strong>Cruzamento. Nunca seguimos o caminho de menor resist\u00eancia.<\/strong><\/div>\n<div class=\"left_r_con\">\n<p>Marten trabalhou incansavelmente para refinar o crossover para que funcionasse perfeitamente com os drivers Accuton Cell. N\u00e3o foi tarefa f\u00e1cil, mas foi a solu\u00e7\u00e3o certeira.<\/p>\n<p>O crossover de primeira ordem torna poss\u00edvel ter coer\u00eancia perfeita de tempo e fase; e coincid\u00eancia de tempo impec\u00e1vel. Isso significa que todos os registros s\u00e3o gerados exatamente no mesmo momento, como foi registrado. Assim como a m\u00fasica ao vivo.<\/p>\n<ul>\n<li>Bobinas de n\u00facleo de ar de folha de cobre<\/li>\n<li>Capacitores de prata\/folha de cobre<\/li>\n<li>Capacitores de folha prateada<\/li>\n<li>Resistores sob medida<\/li>\n<li>Cabeamento interno Jorma<\/li>\n<\/ul>\n<\/div>\n<\/div>\n<\/div>\n<\/div>\n<\/div>\n<p>&nbsp;<\/p>\n<p><a href=\"https:\/\/www.ecoustics.com\/products\/marten-speakers-isoacoustics-isolators\/\" target=\"_blank\" rel=\"noopener\"><img loading=\"lazy\" decoding=\"async\" class=\"alignnone wp-image-23863 \" src=\"https:\/\/hificlub.com.br\/loja\/wp-content\/uploads\/2025\/07\/Eacoustics-award.jpg\" alt=\"\" width=\"292\" height=\"77\" \/>\u00a0\u00a0\u00a0<\/a><\/p>\n","protected":false},"excerpt":{"rendered":"<p>Por baixo da forma imponente de\u00a0Coltrane Momento 2\u00a0mente a tecnologia para rivalizar com Supreme 2. Com um som de imagem completa aprimorado, o Coltrane Momento 2 oferece m\u00fasica que soa exatamente como na primeira vez que voc\u00ea a ouviu \u2013 e ainda melhor do que voc\u00ea se lembra. O que voc\u00ea conseguir. Poder e controle [&hellip;]<\/p>\n","protected":false},"featured_media":23854,"template":"","meta":{"_acf_changed":false},"product_brand":[],"product_cat":[17,276,18],"product_tag":[],"class_list":{"0":"post-23852","1":"product","2":"type-product","3":"status-publish","4":"has-post-thumbnail","6":"product_cat-caixas","7":"product_cat-marten","8":"product_cat-torres","10":"first","11":"instock","12":"sold-individually","13":"shipping-taxable","14":"product-type-simple"},"acf":[],"aioseo_notices":[],"_links":{"self":[{"href":"https:\/\/hificlub.com.br\/loja\/wp-json\/wp\/v2\/product\/23852","targetHints":{"allow":["GET"]}}],"collection":[{"href":"https:\/\/hificlub.com.br\/loja\/wp-json\/wp\/v2\/product"}],"about":[{"href":"https:\/\/hificlub.com.br\/loja\/wp-json\/wp\/v2\/types\/product"}],"wp:featuredmedia":[{"embeddable":true,"href":"https:\/\/hificlub.com.br\/loja\/wp-json\/wp\/v2\/media\/23854"}],"wp:attachment":[{"href":"https:\/\/hificlub.com.br\/loja\/wp-json\/wp\/v2\/media?parent=23852"}],"wp:term":[{"taxonomy":"product_brand","embeddable":true,"href":"https:\/\/hificlub.com.br\/loja\/wp-json\/wp\/v2\/product_brand?post=23852"},{"taxonomy":"product_cat","embeddable":true,"href":"https:\/\/hificlub.com.br\/loja\/wp-json\/wp\/v2\/product_cat?post=23852"},{"taxonomy":"product_tag","embeddable":true,"href":"https:\/\/hificlub.com.br\/loja\/wp-json\/wp\/v2\/product_tag?post=23852"}],"curies":[{"name":"wp","href":"https:\/\/api.w.org\/{rel}","templated":true}]}}