{"id":23753,"date":"2025-07-02T16:50:25","date_gmt":"2025-07-02T19:50:25","guid":{"rendered":"https:\/\/hificlub.com.br\/loja\/?post_type=product&#038;p=23753"},"modified":"2026-03-03T22:15:52","modified_gmt":"2026-03-04T01:15:52","slug":"cambridge-minx-x301-subwoofer-300w","status":"publish","type":"product","link":"https:\/\/hificlub.com.br\/loja\/produto\/cambridge-minx-x301-subwoofer-300w\/","title":{"rendered":"CAMBRIDGE MINX X301 &#8211; Subwoofer &#8211; 300w"},"content":{"rendered":"<p>Embora compacto, o X301 possui 300 W de pot\u00eancia do seu amplificador ativo e oferece controle de ganho, fase e crossover para total controle e integra\u00e7\u00e3o com um sistema Minx completo. Terminado em tinta preta brilhante especial, resistente a arranh\u00f5es e automotiva, o X301 \u00e9 a combina\u00e7\u00e3o perfeita para a maioria dos sistemas de hi-fi, cinema em casa e TV.<\/p>\n<p>O subwoofer mais poderoso da gama Minx, o X301 oferece 300 Watts de pot\u00eancia, o que significa que \u00e9 alto o suficiente para adicionar graves impressionantes a qualquer sistema.<\/p>\n<p>Mais \u00e9 certamente melhor quando se trata de baixo! O Minx X301 possui um driver duplo de oito polegadas para um baixo incrivelmente completo e rico.<\/p>\n<p>O Minx X301 possui controles intuitivos para volume e frequ\u00eancia cruzada, facilitando a localiza\u00e7\u00e3o e ajustando o som ao sistema<\/p>\n","protected":false},"excerpt":{"rendered":"<p>Embora compacto, o X301 possui 300 W de pot\u00eancia do seu amplificador ativo e oferece controle de ganho, fase e crossover para total controle e integra\u00e7\u00e3o com um sistema Minx completo. Terminado em tinta preta brilhante especial, resistente a arranh\u00f5es e automotiva, o X301 \u00e9 a combina\u00e7\u00e3o perfeita para a maioria dos sistemas de hi-fi, [&hellip;]<\/p>\n","protected":false},"featured_media":23760,"template":"","meta":{"_acf_changed":false},"product_brand":[],"product_cat":[17,52,36],"product_tag":[],"class_list":{"0":"post-23753","1":"product","2":"type-product","3":"status-publish","4":"has-post-thumbnail","6":"product_cat-caixas","7":"product_cat-cambridge","8":"product_cat-subwoofer","10":"first","11":"instock","12":"sold-individually","13":"shipping-taxable","14":"purchasable","15":"product-type-simple"},"acf":[],"aioseo_notices":[],"_links":{"self":[{"href":"https:\/\/hificlub.com.br\/loja\/wp-json\/wp\/v2\/product\/23753","targetHints":{"allow":["GET"]}}],"collection":[{"href":"https:\/\/hificlub.com.br\/loja\/wp-json\/wp\/v2\/product"}],"about":[{"href":"https:\/\/hificlub.com.br\/loja\/wp-json\/wp\/v2\/types\/product"}],"wp:featuredmedia":[{"embeddable":true,"href":"https:\/\/hificlub.com.br\/loja\/wp-json\/wp\/v2\/media\/23760"}],"wp:attachment":[{"href":"https:\/\/hificlub.com.br\/loja\/wp-json\/wp\/v2\/media?parent=23753"}],"wp:term":[{"taxonomy":"product_brand","embeddable":true,"href":"https:\/\/hificlub.com.br\/loja\/wp-json\/wp\/v2\/product_brand?post=23753"},{"taxonomy":"product_cat","embeddable":true,"href":"https:\/\/hificlub.com.br\/loja\/wp-json\/wp\/v2\/product_cat?post=23753"},{"taxonomy":"product_tag","embeddable":true,"href":"https:\/\/hificlub.com.br\/loja\/wp-json\/wp\/v2\/product_tag?post=23753"}],"curies":[{"name":"wp","href":"https:\/\/api.w.org\/{rel}","templated":true}]}}