{"id":23748,"date":"2025-07-02T16:42:31","date_gmt":"2025-07-02T19:42:31","guid":{"rendered":"https:\/\/hificlub.com.br\/loja\/?post_type=product&#038;p=23748"},"modified":"2026-03-03T22:15:52","modified_gmt":"2026-03-04T01:15:52","slug":"cambridge-minx-x201-subwoofer","status":"publish","type":"product","link":"https:\/\/hificlub.com.br\/loja\/produto\/cambridge-minx-x201-subwoofer\/","title":{"rendered":"CAMBRIDGE MINX X201 &#8211; Subwoofer, 200 Watts"},"content":{"rendered":"<p><strong>200W subwoofer<\/strong><br \/>\nNossos dois subwoofers Minx poderosos s\u00e3o ambos embalados com os avan\u00e7os tecnol\u00f3gicos significativos. A 200 Watt X201 eo X301 300 Watt tanto implementar uma frente disparando driver para soco incr\u00edvel e ataque, combinado com um state-of-the-art auxiliar Bass Radiator (ABR) para fornecer n\u00edveis estrondosos apesar de seu design compacto e discreto.<\/p>\n<p>Nossos engenheiros de software criaram um sofisticado processador de sinal digital (DSP) para proporcionar o controle em tempo real da equaliza\u00e7\u00e3o e processamento gama din\u00e2mica para o m\u00e1ximo desempenho poss\u00edvel, evitando os motoristas sobrecarga ou distor\u00e7\u00e3o. Isso permite que os subwoofers Minx para lidar com mais pot\u00eancia e tocar mais alto do que nunca!<\/p>\n<p>Ambos os subwoofers utilizar um controlador inovador al\u00e9m de um sistema de ABR (Auxiliar Bass Radiator) ao inv\u00e9s de ter tanto uma caixa fechada (o que exigiria ainda mais poder)<\/p>\n<p>ou um desenho portado (o que exigiria um gabinete maior). O resultado \u00e9 dois subwoofers extremamente eficiente e muito poderosas alojados em arm\u00e1rios min\u00fasculos, seu tamanho delgado engana o olho.Com apenas 20 cent\u00edmetros (9 \u201c) quadrado, X201 \u00e9 um dos menores subwoofers do mundo e \u00e9 incrivelmente f\u00e1cil de acomodar. E como todos Minx subwoofers, possui uma gama de controles simples para permitir a coloca\u00e7\u00e3o em praticamente qualquer lugar \u2026<\/p>\n<p>Os subwoofers Minx oferecem controle painel traseiro completa de \u2018ganho\u2019, \u2018fase\u2019 e \u2018frequ\u00eancia crossover\u2019, ao contr\u00e1rio de muitos outros subwoofers estilo que d\u00e3o pouco ou nenhum ajuste nessas \u00e1reas. Com estas verdadeiras capacidades oi-fi, independentemente da forma e tamanho do seu quarto set-up ajustes simples da sirigaita garantir que seu sistema est\u00e1 perfeitamente personalizado para coloca\u00e7\u00e3o em praticamente qualquer lugar.<\/p>\n<p><strong>Acabamentos<\/strong><\/p>\n<p>Preto \/ Branco &#8211; de alto brilho<\/p>\n","protected":false},"excerpt":{"rendered":"<p>200W subwoofer Nossos dois subwoofers Minx poderosos s\u00e3o ambos embalados com os avan\u00e7os tecnol\u00f3gicos significativos. A 200 Watt X201 eo X301 300 Watt tanto implementar uma frente disparando driver para soco incr\u00edvel e ataque, combinado com um state-of-the-art auxiliar Bass Radiator (ABR) para fornecer n\u00edveis estrondosos apesar de seu design compacto e discreto. Nossos engenheiros [&hellip;]<\/p>\n","protected":false},"featured_media":23749,"template":"","meta":{"_acf_changed":false},"product_brand":[],"product_cat":[17,52,36],"product_tag":[],"class_list":{"0":"post-23748","1":"product","2":"type-product","3":"status-publish","4":"has-post-thumbnail","6":"product_cat-caixas","7":"product_cat-cambridge","8":"product_cat-subwoofer","10":"first","11":"instock","12":"sold-individually","13":"shipping-taxable","14":"purchasable","15":"product-type-simple"},"acf":[],"aioseo_notices":[],"_links":{"self":[{"href":"https:\/\/hificlub.com.br\/loja\/wp-json\/wp\/v2\/product\/23748","targetHints":{"allow":["GET"]}}],"collection":[{"href":"https:\/\/hificlub.com.br\/loja\/wp-json\/wp\/v2\/product"}],"about":[{"href":"https:\/\/hificlub.com.br\/loja\/wp-json\/wp\/v2\/types\/product"}],"wp:featuredmedia":[{"embeddable":true,"href":"https:\/\/hificlub.com.br\/loja\/wp-json\/wp\/v2\/media\/23749"}],"wp:attachment":[{"href":"https:\/\/hificlub.com.br\/loja\/wp-json\/wp\/v2\/media?parent=23748"}],"wp:term":[{"taxonomy":"product_brand","embeddable":true,"href":"https:\/\/hificlub.com.br\/loja\/wp-json\/wp\/v2\/product_brand?post=23748"},{"taxonomy":"product_cat","embeddable":true,"href":"https:\/\/hificlub.com.br\/loja\/wp-json\/wp\/v2\/product_cat?post=23748"},{"taxonomy":"product_tag","embeddable":true,"href":"https:\/\/hificlub.com.br\/loja\/wp-json\/wp\/v2\/product_tag?post=23748"}],"curies":[{"name":"wp","href":"https:\/\/api.w.org\/{rel}","templated":true}]}}