{"id":23498,"date":"2025-06-26T11:37:55","date_gmt":"2025-06-26T14:37:55","guid":{"rendered":"https:\/\/hificlub.com.br\/loja\/?post_type=product&#038;p=23498"},"modified":"2026-04-09T08:39:36","modified_gmt":"2026-04-09T11:39:36","slug":"rega-coupple-2-cabo-rca-1m","status":"publish","type":"product","link":"https:\/\/hificlub.com.br\/loja\/produto\/rega-coupple-2-cabo-rca-1m\/","title":{"rendered":"REGA COUPLE 2 &#8211; Cabo RCA &#8211; 1m"},"content":{"rendered":"<p>Este cabo projetado pela Rega \u00e9 fabricado com o mais alto padr\u00e3o para complementar perfeitamente qualquer sistema de \u00e1udio.\u00a0Oferecendo a combina\u00e7\u00e3o perfeita da mais alta qualidade, condutor de sinal de cobre puro e blindagem externa ultra-flex\u00edvel, o Couple2 maximiza a transfer\u00eancia de sinal enquanto fornece n\u00edveis excepcionalmente altos de qualidade e desempenho.<\/p>\n","protected":false},"excerpt":{"rendered":"<p>Este cabo projetado pela Rega \u00e9 fabricado com o mais alto padr\u00e3o para complementar perfeitamente qualquer sistema de \u00e1udio.\u00a0Oferecendo a combina\u00e7\u00e3o perfeita da mais alta qualidade, condutor de sinal de cobre puro e blindagem externa ultra-flex\u00edvel, o Couple2 maximiza a transfer\u00eancia de sinal enquanto fornece n\u00edveis excepcionalmente altos de qualidade e desempenho.<\/p>\n","protected":false},"featured_media":23499,"template":"","meta":{"_acf_changed":false},"product_brand":[],"product_cat":[61,71,55],"product_tag":[],"class_list":{"0":"post-23498","1":"product","2":"type-product","3":"status-publish","4":"has-post-thumbnail","6":"product_cat-cabos","7":"product_cat-interconnect-rca","8":"product_cat-rega","10":"first","11":"instock","12":"sold-individually","13":"shipping-taxable","14":"purchasable","15":"product-type-simple"},"acf":[],"aioseo_notices":[],"_links":{"self":[{"href":"https:\/\/hificlub.com.br\/loja\/wp-json\/wp\/v2\/product\/23498","targetHints":{"allow":["GET"]}}],"collection":[{"href":"https:\/\/hificlub.com.br\/loja\/wp-json\/wp\/v2\/product"}],"about":[{"href":"https:\/\/hificlub.com.br\/loja\/wp-json\/wp\/v2\/types\/product"}],"wp:featuredmedia":[{"embeddable":true,"href":"https:\/\/hificlub.com.br\/loja\/wp-json\/wp\/v2\/media\/23499"}],"wp:attachment":[{"href":"https:\/\/hificlub.com.br\/loja\/wp-json\/wp\/v2\/media?parent=23498"}],"wp:term":[{"taxonomy":"product_brand","embeddable":true,"href":"https:\/\/hificlub.com.br\/loja\/wp-json\/wp\/v2\/product_brand?post=23498"},{"taxonomy":"product_cat","embeddable":true,"href":"https:\/\/hificlub.com.br\/loja\/wp-json\/wp\/v2\/product_cat?post=23498"},{"taxonomy":"product_tag","embeddable":true,"href":"https:\/\/hificlub.com.br\/loja\/wp-json\/wp\/v2\/product_tag?post=23498"}],"curies":[{"name":"wp","href":"https:\/\/api.w.org\/{rel}","templated":true}]}}