{"id":23490,"date":"2025-06-26T11:09:56","date_gmt":"2025-06-26T14:09:56","guid":{"rendered":"https:\/\/hificlub.com.br\/loja\/?post_type=product&#038;p=23490"},"modified":"2026-03-03T22:17:36","modified_gmt":"2026-03-04T01:17:36","slug":"rega-small-remote-control-mini-controle-remoto","status":"publish","type":"product","link":"https:\/\/hificlub.com.br\/loja\/produto\/rega-small-remote-control-mini-controle-remoto\/","title":{"rendered":"REGA SMALL REMOTE CONTROL &#8211; Mini Controle Remoto"},"content":{"rendered":"<p><span>Fornecido como padr\u00e3o com Apollo-\u00a0<\/span><i><span>R<\/span><\/i><span>\u00a0, DAC-\u00a0<\/span><i><span>R<\/span><\/i><span>\u00a0\u00a0e Brio-\u00a0<\/span><i><span>R,<\/span><\/i><span> \u00a0o <\/span><span>mini controle remoto \u00e9 um pequeno sistema compacto que fornece todas as <\/span><span>fun\u00e7\u00f5es b\u00e1sicas para cada unidade.<\/span><\/p>\n<p><span>Compat\u00edvel com todos os produtos Rega IR \u2013 apenas fun\u00e7\u00f5es b\u00e1sicas.<\/span><\/p>\n","protected":false},"excerpt":{"rendered":"<p>Fornecido como padr\u00e3o com Apollo-\u00a0R\u00a0, DAC-\u00a0R\u00a0\u00a0e Brio-\u00a0R, \u00a0o mini controle remoto \u00e9 um pequeno sistema compacto que fornece todas as fun\u00e7\u00f5es b\u00e1sicas para cada unidade. Compat\u00edvel com todos os produtos Rega IR \u2013 apenas fun\u00e7\u00f5es b\u00e1sicas.<\/p>\n","protected":false},"featured_media":23491,"template":"","meta":{"_acf_changed":false},"product_brand":[],"product_cat":[89,301,55],"product_tag":[],"class_list":{"0":"post-23490","1":"product","2":"type-product","3":"status-publish","4":"has-post-thumbnail","6":"product_cat-acessorios","7":"product_cat-controle-remoto","8":"product_cat-rega","10":"first","11":"outofstock","12":"sold-individually","13":"shipping-taxable","14":"purchasable","15":"product-type-simple"},"acf":[],"aioseo_notices":[],"_links":{"self":[{"href":"https:\/\/hificlub.com.br\/loja\/wp-json\/wp\/v2\/product\/23490","targetHints":{"allow":["GET"]}}],"collection":[{"href":"https:\/\/hificlub.com.br\/loja\/wp-json\/wp\/v2\/product"}],"about":[{"href":"https:\/\/hificlub.com.br\/loja\/wp-json\/wp\/v2\/types\/product"}],"wp:featuredmedia":[{"embeddable":true,"href":"https:\/\/hificlub.com.br\/loja\/wp-json\/wp\/v2\/media\/23491"}],"wp:attachment":[{"href":"https:\/\/hificlub.com.br\/loja\/wp-json\/wp\/v2\/media?parent=23490"}],"wp:term":[{"taxonomy":"product_brand","embeddable":true,"href":"https:\/\/hificlub.com.br\/loja\/wp-json\/wp\/v2\/product_brand?post=23490"},{"taxonomy":"product_cat","embeddable":true,"href":"https:\/\/hificlub.com.br\/loja\/wp-json\/wp\/v2\/product_cat?post=23490"},{"taxonomy":"product_tag","embeddable":true,"href":"https:\/\/hificlub.com.br\/loja\/wp-json\/wp\/v2\/product_tag?post=23490"}],"curies":[{"name":"wp","href":"https:\/\/api.w.org\/{rel}","templated":true}]}}