{"id":23484,"date":"2025-06-26T10:53:13","date_gmt":"2025-06-26T13:53:13","guid":{"rendered":"https:\/\/hificlub.com.br\/loja\/?post_type=product&#038;p=23484"},"modified":"2025-06-26T10:53:14","modified_gmt":"2025-06-26T13:53:14","slug":"rega-reference-belt-drive-correia-de-transmissao-para-toca-discos","status":"publish","type":"product","link":"https:\/\/hificlub.com.br\/loja\/produto\/rega-reference-belt-drive-correia-de-transmissao-para-toca-discos\/","title":{"rendered":"REGA Reference Belt Drive &#8211; Correia de Transmiss\u00e3o para Toca-discos"},"content":{"rendered":"<p>Correia de transmiss\u00e3o EBLT de refer\u00eancia premium personalizada.\u00a0Equipado como padr\u00e3o em todos os modelos de toca-discos Planar 8 e Planar 10 a partir de 8 de mar\u00e7o de 2021.<\/p>\n<p>A correia de transmiss\u00e3o Rega Reference EBLT \u00e9 o resultado de muitos anos de pesquisa e desenvolvimento e testes de ferramentas avan\u00e7adas.\u00a0A correia de transmiss\u00e3o mais precisa que a REGA j\u00e1 produziu, a Refer\u00eancia EBLT agora \u00e9 instalada como padr\u00e3o em todos toca discos Planar 8 e Planar 10. A correia \u00e9 adequada para todos os toca-discos Rega, mais altamente recomendado para o Planar 6 e qualquer Planar 3 usando a fonte de alimenta\u00e7\u00e3o Rega Neo TT.<\/p>\n<p>Cada correia \u00e9 moldada em ferramentas personalizadas de alta precis\u00e3o usando uma mistura secreta exclusiva.\u00a0Depois de moldadas, as correias s\u00e3o congeladas criogenicamente e moldadas para remover qualquer excesso de rebarbas, a fim de criar uma circularidade perfeita da se\u00e7\u00e3o transversal, para velocidade e estabilidade precisas.\u00a0Em uso e condi\u00e7\u00f5es normais, a vida \u00fatil da correia de transmiss\u00e3o EBLT \u00e9 50% maior que a do modelo anterior.\u00a0Todas as correias Reference passam por um processo de cura exclusivo que garante o mais alto n\u00edvel de precis\u00e3o poss\u00edvel.<\/p>\n","protected":false},"excerpt":{"rendered":"<p>Correia de transmiss\u00e3o EBLT de refer\u00eancia premium personalizada.\u00a0Equipado como padr\u00e3o em todos os modelos de toca-discos Planar 8 e Planar 10 a partir de 8 de mar\u00e7o de 2021. A correia de transmiss\u00e3o Rega Reference EBLT \u00e9 o resultado de muitos anos de pesquisa e desenvolvimento e testes de ferramentas avan\u00e7adas.\u00a0A correia de transmiss\u00e3o mais [&hellip;]<\/p>\n","protected":false},"featured_media":23485,"template":"","meta":{"_acf_changed":false},"product_brand":[],"product_cat":[89,130,55],"product_tag":[],"class_list":{"0":"post-23484","1":"product","2":"type-product","3":"status-publish","4":"has-post-thumbnail","6":"product_cat-acessorios","7":"product_cat-outros-acessorios","8":"product_cat-rega","10":"first","11":"instock","12":"sold-individually","13":"shipping-taxable","14":"purchasable","15":"product-type-simple"},"acf":[],"aioseo_notices":[],"_links":{"self":[{"href":"https:\/\/hificlub.com.br\/loja\/wp-json\/wp\/v2\/product\/23484","targetHints":{"allow":["GET"]}}],"collection":[{"href":"https:\/\/hificlub.com.br\/loja\/wp-json\/wp\/v2\/product"}],"about":[{"href":"https:\/\/hificlub.com.br\/loja\/wp-json\/wp\/v2\/types\/product"}],"wp:featuredmedia":[{"embeddable":true,"href":"https:\/\/hificlub.com.br\/loja\/wp-json\/wp\/v2\/media\/23485"}],"wp:attachment":[{"href":"https:\/\/hificlub.com.br\/loja\/wp-json\/wp\/v2\/media?parent=23484"}],"wp:term":[{"taxonomy":"product_brand","embeddable":true,"href":"https:\/\/hificlub.com.br\/loja\/wp-json\/wp\/v2\/product_brand?post=23484"},{"taxonomy":"product_cat","embeddable":true,"href":"https:\/\/hificlub.com.br\/loja\/wp-json\/wp\/v2\/product_cat?post=23484"},{"taxonomy":"product_tag","embeddable":true,"href":"https:\/\/hificlub.com.br\/loja\/wp-json\/wp\/v2\/product_tag?post=23484"}],"curies":[{"name":"wp","href":"https:\/\/api.w.org\/{rel}","templated":true}]}}