{"id":23397,"date":"2025-06-25T10:35:59","date_gmt":"2025-06-25T13:35:59","guid":{"rendered":"https:\/\/hificlub.com.br\/loja\/?post_type=product&#038;p=23397"},"modified":"2026-03-03T22:17:38","modified_gmt":"2026-03-04T01:17:38","slug":"rega-apheta-3-capsula-de-toda-discos","status":"publish","type":"product","link":"https:\/\/hificlub.com.br\/loja\/produto\/rega-apheta-3-capsula-de-toda-discos\/","title":{"rendered":"REGA APHETA 3 &#8211; C\u00e1psula de Toda-discos"},"content":{"rendered":"<p>H\u00e1 mais de 15 anos, a Rega aperfei\u00e7oa seus designs exclusivos de cartuchos de bobina m\u00f3vel. Somos pioneiros em sistemas de gera\u00e7\u00e3o de micro massa n\u00e3o amortecidos acoplados a corpos sem juntas de alta integridade. Nos \u00faltimos tempos, alcan\u00e7amos novos n\u00edveis de pot\u00eancia de \u00edm\u00e3s de terras raras. Esta evolu\u00e7\u00e3o de 15 anos usando o mais recente processo de fabrica\u00e7\u00e3o tecnol\u00f3gica e leis reconhecidas nos trouxe o Apheta 2 de enorme sucesso. \u201d montado em 90 graus (a mesma t\u00e9cnica usada em nosso modelo de refer\u00eancia do Aphelion 2), esse trabalho resultou no Apheta 3 extraindo ainda mais detalhes do groove do disco, o que, claro, se traduz em mais m\u00fasica.<br \/>\nMicro montagem cruzada de ferro \u00cdm\u00e3 de neod\u00edmio personalizado de ultra alta pot\u00eancia<br \/>\nFio de alta especifica\u00e7\u00e3o<br \/>\nCorpo de pe\u00e7a \u00fanica usinado em alum\u00ednio CNC<\/p>\n","protected":false},"excerpt":{"rendered":"<p>H\u00e1 mais de 15 anos, a Rega aperfei\u00e7oa seus designs exclusivos de cartuchos de bobina m\u00f3vel. Somos pioneiros em sistemas de gera\u00e7\u00e3o de micro massa n\u00e3o amortecidos acoplados a corpos sem juntas de alta integridade. Nos \u00faltimos tempos, alcan\u00e7amos novos n\u00edveis de pot\u00eancia de \u00edm\u00e3s de terras raras. Esta evolu\u00e7\u00e3o de 15 anos usando o [&hellip;]<\/p>\n","protected":false},"featured_media":23398,"template":"","meta":{"_acf_changed":false},"product_brand":[],"product_cat":[78,99,55],"product_tag":[],"class_list":{"0":"post-23397","1":"product","2":"type-product","3":"status-publish","4":"has-post-thumbnail","6":"product_cat-analogico-audio","7":"product_cat-capsulas","8":"product_cat-rega","10":"first","11":"instock","12":"sold-individually","13":"shipping-taxable","14":"purchasable","15":"product-type-simple"},"acf":[],"aioseo_notices":[],"_links":{"self":[{"href":"https:\/\/hificlub.com.br\/loja\/wp-json\/wp\/v2\/product\/23397","targetHints":{"allow":["GET"]}}],"collection":[{"href":"https:\/\/hificlub.com.br\/loja\/wp-json\/wp\/v2\/product"}],"about":[{"href":"https:\/\/hificlub.com.br\/loja\/wp-json\/wp\/v2\/types\/product"}],"wp:featuredmedia":[{"embeddable":true,"href":"https:\/\/hificlub.com.br\/loja\/wp-json\/wp\/v2\/media\/23398"}],"wp:attachment":[{"href":"https:\/\/hificlub.com.br\/loja\/wp-json\/wp\/v2\/media?parent=23397"}],"wp:term":[{"taxonomy":"product_brand","embeddable":true,"href":"https:\/\/hificlub.com.br\/loja\/wp-json\/wp\/v2\/product_brand?post=23397"},{"taxonomy":"product_cat","embeddable":true,"href":"https:\/\/hificlub.com.br\/loja\/wp-json\/wp\/v2\/product_cat?post=23397"},{"taxonomy":"product_tag","embeddable":true,"href":"https:\/\/hificlub.com.br\/loja\/wp-json\/wp\/v2\/product_tag?post=23397"}],"curies":[{"name":"wp","href":"https:\/\/api.w.org\/{rel}","templated":true}]}}