{"id":23351,"date":"2025-06-24T10:55:40","date_gmt":"2025-06-24T13:55:40","guid":{"rendered":"https:\/\/hificlub.com.br\/loja\/?post_type=product&#038;p=23351"},"modified":"2026-03-03T22:17:39","modified_gmt":"2026-03-04T01:17:39","slug":"rega-planar-1-walnut-carbon-toca-discos","status":"publish","type":"product","link":"https:\/\/hificlub.com.br\/loja\/produto\/rega-planar-1-walnut-carbon-toca-discos\/","title":{"rendered":"REGA PLANAR 1  Toca Disco Belt Drive"},"content":{"rendered":"<div>\n<div class=\"title\">Descri\u00e7\u00e3o Geral<\/div>\n<div class=\"board_htm\">\n<p>O novo Planar 1 \u00e9 o toca-discos da Rega mais f\u00e1cil de usar at\u00e9 hoje. Agora, com a for\u00e7a de polariza\u00e7\u00e3o predefinida no nov\u00edssimo RB110, o Planar 1 \u00e9 configurado em segundos ap\u00f3s a desembalagem. Simplesmente deslize o peso de balanceamento na parte traseira do bra\u00e7o, o m\u00e1ximo que puder, remova o protetor da ponta e comece a fiar seu vinil favorito.<\/p>\n<p>Desempenho al\u00e9m do pre\u00e7o<br \/>\nCada aspecto do Planar 1 foi meticulosamente projetado para melhorar o desempenho. Pela primeira vez, o Planar 1 est\u00e1 agora a funcionar com um motor s\u00edncrono de 24V, de baixo ru\u00eddo, para reduzir a transfer\u00eancia de vibra\u00e7\u00e3o combinada com o novo RB110 de bra\u00e7o da Rega equipado com rolamentos de zero. Apenas compartilhando a correia da unidade, o subplaca e a cobertura contra poeira do RP1 de sa\u00edda, este \u00e9 realmente um novo toca-discos para 2016.<\/p>\n<p>Se voc\u00ea quer voltar ao vinil e quer um desempenho s\u00e9rio que durar\u00e1 uma vida inteira, n\u00e3o precisa mais procurar.<br \/>\nBrand new RB110 tonearm constru\u00eddo com o novo Rega projetado, sob medida, rolamentos de zero jogo com desempenho ultra-baixo atrito (patente pendente). Novo conjunto de polariza\u00e7\u00e3o e clipe de bra\u00e7o integrado. Inclui ajuste autom\u00e1tico de polariza\u00e7\u00e3o, negando a necessidade de o utilizador definir o enviesamento, tornando-o na consola mais &#8220;Plug &amp; Play&#8221; que alguma vez fabric\u00e1mos. Novo headshell ergonomicamente, reprojetado e mais duro para melhor usabilidade e apar\u00eancia.<\/p>\n<p>Cartucho<br \/>\nCartucho Rega Carbon fornecido como padr\u00e3o.<br \/>\nMotor s\u00edncrono 24v<br \/>\nA primeira plataforma girat\u00f3ria Rega de n\u00edvel de entrada para usar um motor AC s\u00edncrono de 24V com uma nova PCB do motor e polia de alum\u00ednio oferece baixo ru\u00eddo e melhor estabilidade de velocidade.<\/p>\n<p>Plinth<br \/>\nBrandnew Thermoset, rodap\u00e9 laminado de brilho com apar\u00eancia vastamente melhorada e novo interruptor on \/ off ergonomicamente posicionado localizado na parte inferior. Dois impressionantes acabamentos de plinto dispon\u00edveis, preto brilhante e branco brilhante.<br \/>\nAlojamento de rolamento central<br \/>\nRolamento principal de lat\u00e3o reprojetado, oferecendo melhor ajuste e removendo a tens\u00e3o no pr\u00f3prio rolamento, minimizando a transfer\u00eancia de energia potencial. (Patente pendente)<\/p>\n<p>Prato<br \/>\nBandeja fen\u00f3lica de massa, 23 mm, mais nova, com efeito de volante aprimorado para maior estabilidade de velocidade.<br \/>\nP\u00e9s Reprojetados<br \/>\nNovos p\u00e9s melhorados para aumentar a estabilidade e reduzir a transfer\u00eancia de vibra\u00e7\u00e3o.<\/p>\n<p>Bandeja de cobertura do motor<br \/>\nNova bandeja de cobertura do motor com refrigera\u00e7\u00e3o integrada.<br \/>\nPeso de equil\u00edbrio<br \/>\nNovo peso de equil\u00edbrio &#8220;Plug and Play&#8221; de 111g.<\/p>\n<p>ESPECIFICA\u00c7\u00d5ES<br \/>\nVelocidade 33\/45 RPM<br \/>\nPrinc\u00edpio do Drive Belt<br \/>\nResina fen\u00f3lica Platter, prato de efeito volante.<br \/>\nTonearm m\u00e3o montada RB110 tonearm<br \/>\nCartucho Rega Carbono.<br \/>\nDIMENS\u00d5ES E PESO<br \/>\nProfundidade: 38,5 cm<br \/>\nLargura: 45 cm<br \/>\nAltura: 11,5 cm<br \/>\nPeso: 5,5 Kg<\/p>\n<\/div>\n<\/div>\n<p><img loading=\"lazy\" decoding=\"async\" class=\"alignnone wp-image-23354\" src=\"https:\/\/hificlub.com.br\/loja\/wp-content\/uploads\/2025\/06\/TechRadar-award.png\" alt=\"\" width=\"129\" height=\"129\" \/><\/p>\n","protected":false},"excerpt":{"rendered":"<p>Descri\u00e7\u00e3o Geral O novo Planar 1 \u00e9 o toca-discos da Rega mais f\u00e1cil de usar at\u00e9 hoje. Agora, com a for\u00e7a de polariza\u00e7\u00e3o predefinida no nov\u00edssimo RB110, o Planar 1 \u00e9 configurado em segundos ap\u00f3s a desembalagem. Simplesmente deslize o peso de balanceamento na parte traseira do bra\u00e7o, o m\u00e1ximo que puder, remova o protetor [&hellip;]<\/p>\n","protected":false},"featured_media":26402,"template":"","meta":{"_acf_changed":false},"product_brand":[],"product_cat":[78,55,98],"product_tag":[],"class_list":{"0":"post-23351","1":"product","2":"type-product","3":"status-publish","4":"has-post-thumbnail","6":"product_cat-analogico-audio","7":"product_cat-rega","8":"product_cat-toca-discos","10":"first","11":"instock","12":"sold-individually","13":"shipping-taxable","14":"purchasable","15":"product-type-simple"},"acf":[],"aioseo_notices":[],"_links":{"self":[{"href":"https:\/\/hificlub.com.br\/loja\/wp-json\/wp\/v2\/product\/23351","targetHints":{"allow":["GET"]}}],"collection":[{"href":"https:\/\/hificlub.com.br\/loja\/wp-json\/wp\/v2\/product"}],"about":[{"href":"https:\/\/hificlub.com.br\/loja\/wp-json\/wp\/v2\/types\/product"}],"wp:featuredmedia":[{"embeddable":true,"href":"https:\/\/hificlub.com.br\/loja\/wp-json\/wp\/v2\/media\/26402"}],"wp:attachment":[{"href":"https:\/\/hificlub.com.br\/loja\/wp-json\/wp\/v2\/media?parent=23351"}],"wp:term":[{"taxonomy":"product_brand","embeddable":true,"href":"https:\/\/hificlub.com.br\/loja\/wp-json\/wp\/v2\/product_brand?post=23351"},{"taxonomy":"product_cat","embeddable":true,"href":"https:\/\/hificlub.com.br\/loja\/wp-json\/wp\/v2\/product_cat?post=23351"},{"taxonomy":"product_tag","embeddable":true,"href":"https:\/\/hificlub.com.br\/loja\/wp-json\/wp\/v2\/product_tag?post=23351"}],"curies":[{"name":"wp","href":"https:\/\/api.w.org\/{rel}","templated":true}]}}