{"id":23176,"date":"2025-06-17T17:41:32","date_gmt":"2025-06-17T20:41:32","guid":{"rendered":"https:\/\/hificlub.com.br\/loja\/?post_type=product&#038;p=23176"},"modified":"2026-03-03T22:17:43","modified_gmt":"2026-03-04T01:17:43","slug":"optoma-uhz55-projetor-laser-4k-uhd","status":"publish","type":"product","link":"https:\/\/hificlub.com.br\/loja\/produto\/optoma-uhz55-projetor-laser-4k-uhd\/","title":{"rendered":"OPTOMA UHZ55 &#8211; Projetor Laser 4K UHD"},"content":{"rendered":"<p><strong>Projetor inteligente de entretenimento dom\u00e9stico a laser 4K UHD<\/strong><\/p>\n<div>\n<p>Prepare-se para uma experi\u00eancia cinematogr\u00e1fica totalmente nova no conforto da sua casa. O elegante UHZ55 oferece proje\u00e7\u00e3o a laser 4K UHD v\u00edvida para imagens incrivelmente n\u00edtidas com clareza e vibra\u00e7\u00e3o excepcionais para filmes, programas de TV, jogos e esportes. Criado para uma vantagem competitiva, o UHZ55 apresenta um modo de jogo aprimorado para rea\u00e7\u00f5es extremamente r\u00e1pidas com um tempo de resposta de 16,7 ms em 4K a 60 Hz e 4 ms em 1080P a 240 Hz.<\/p>\n<p>Equipado com a mais recente tecnologia e recursos, este projetor tem compatibilidade HDR e HLG, 3 entradas HDMI 2.0, aplicativos de streaming e um reprodutor de m\u00eddia integrado. A tecnologia laser fornece precis\u00e3o de cores excepcional e duradoura com ampla cobertura DCI-P3 &#8211; perfeita para recriar a experi\u00eancia de tela grande em casa.<\/p>\n<p><strong>Verdadeira resolu\u00e7\u00e3o 4K UHD e tecnologia laser<\/strong><\/p>\n<p>Compat\u00edvel com HDR e HLG<\/p>\n<p><strong>Luzes na visualiza\u00e7\u00e3o<\/strong><\/p>\n<p>3000 l\u00famens de brilho<\/p>\n<p><strong>A\u00e7\u00e3o suave e r\u00e1pida com interpola\u00e7\u00e3o de quadro PureMotion<\/strong><\/p>\n<p>Atraso de entrada de 16,7 ms em 4K a 60 Hz e 4 ms em 1080P a 240 Hz<\/p>\n<p><strong>Iniciador Android e aplicativos do Marketplace<\/strong><\/p>\n<p>Corre\u00e7\u00e3o de quatro cantos, zoom de 1,3x e deslocamento vertical da lente<\/p>\n<p><strong>Entretenimento em tela grande<\/strong><\/p>\n<p>Crie e visualize imagens muito maiores do que qualquer TV com projetor. Voc\u00ea pode criar uma imagem enorme de at\u00e9 300\u201d*. Perfeito para recriar a experi\u00eancia cinematogr\u00e1fica envolvente no conforto da sua casa.<\/p>\n<\/div>\n","protected":false},"excerpt":{"rendered":"<p>Projetor inteligente de entretenimento dom\u00e9stico a laser 4K UHD Prepare-se para uma experi\u00eancia cinematogr\u00e1fica totalmente nova no conforto da sua casa. O elegante UHZ55 oferece proje\u00e7\u00e3o a laser 4K UHD v\u00edvida para imagens incrivelmente n\u00edtidas com clareza e vibra\u00e7\u00e3o excepcionais para filmes, programas de TV, jogos e esportes. Criado para uma vantagem competitiva, o UHZ55 [&hellip;]<\/p>\n","protected":false},"featured_media":23177,"template":"","meta":{"_acf_changed":false},"product_brand":[],"product_cat":[300,259],"product_tag":[],"class_list":{"0":"post-23176","1":"product","2":"type-product","3":"status-publish","4":"has-post-thumbnail","6":"product_cat-optoma","7":"product_cat-projetor-2","9":"first","10":"instock","11":"sold-individually","12":"shipping-taxable","13":"purchasable","14":"product-type-simple"},"acf":[],"aioseo_notices":[],"_links":{"self":[{"href":"https:\/\/hificlub.com.br\/loja\/wp-json\/wp\/v2\/product\/23176","targetHints":{"allow":["GET"]}}],"collection":[{"href":"https:\/\/hificlub.com.br\/loja\/wp-json\/wp\/v2\/product"}],"about":[{"href":"https:\/\/hificlub.com.br\/loja\/wp-json\/wp\/v2\/types\/product"}],"wp:featuredmedia":[{"embeddable":true,"href":"https:\/\/hificlub.com.br\/loja\/wp-json\/wp\/v2\/media\/23177"}],"wp:attachment":[{"href":"https:\/\/hificlub.com.br\/loja\/wp-json\/wp\/v2\/media?parent=23176"}],"wp:term":[{"taxonomy":"product_brand","embeddable":true,"href":"https:\/\/hificlub.com.br\/loja\/wp-json\/wp\/v2\/product_brand?post=23176"},{"taxonomy":"product_cat","embeddable":true,"href":"https:\/\/hificlub.com.br\/loja\/wp-json\/wp\/v2\/product_cat?post=23176"},{"taxonomy":"product_tag","embeddable":true,"href":"https:\/\/hificlub.com.br\/loja\/wp-json\/wp\/v2\/product_tag?post=23176"}],"curies":[{"name":"wp","href":"https:\/\/api.w.org\/{rel}","templated":true}]}}