{"id":23157,"date":"2025-06-17T17:00:11","date_gmt":"2025-06-17T20:00:11","guid":{"rendered":"https:\/\/hificlub.com.br\/loja\/?post_type=product&#038;p=23157"},"modified":"2026-03-03T22:17:43","modified_gmt":"2026-03-04T01:17:43","slug":"optoma-hd30lv-projetor-full-hd-4500l","status":"publish","type":"product","link":"https:\/\/hificlub.com.br\/loja\/produto\/optoma-hd30lv-projetor-full-hd-4500l\/","title":{"rendered":"OPTOMA HD30LV &#8211; Projetor Full HD 4500L"},"content":{"rendered":"<p><strong>Projetor Full HD de alto brilho<\/strong><\/p>\n<div>\n<p>O HD30LV \u00e9 um projetor Full HD 1080p compacto com alto brilho de 4500 lumens. Este modelo foi projetado para ser usado em ambientes com pouca ou muita luz ambiente para jogos, visualiza\u00e7\u00e3o de TV, entretenimento digital e home office. Este projetor possui compatibilidade de entrada 4K e HDR, um alto-falante embutido, cores cinematogr\u00e1ficas ricas e l\u00e2mpada de longa dura\u00e7\u00e3o para um menor custo geral de propriedade.<\/p>\n<p>Para maior comodidade, este projetor possui v\u00e1rias entradas, incluindo 2x HDMI, tornando-o ideal para uso com um dongle HDMI para conex\u00e3o a um laptop, PC ou reprodutor de Blu-ray. Este modelo compacto pode ser instalado ou levado em movimento.<\/p>\n<div class=\"key-feature\">\n<div>\n<p><strong>Projetor Full HD 1080p<\/strong><\/p>\n<p>Compat\u00edvel com 4K UHD e HDR<\/p>\n<\/div>\n<\/div>\n<div class=\"key-feature\">\n<div>\n<p><strong>Brilhante 4500 l\u00famens para visualiza\u00e7\u00e3o com luzes acesas<\/strong><\/p>\n<p>Perfeito para entretenimento em tela grande<\/p>\n<\/div>\n<\/div>\n<div class=\"key-feature\">\n<div>\n<p><strong>F\u00e1cil conectividade<\/strong><\/p>\n<p>2x HDMI, alimenta\u00e7\u00e3o USB e alto-falante embutido<\/p>\n<\/div>\n<\/div>\n<div class=\"key-feature\">\n<div>\n<p><strong>Port\u00e1til e leve<\/strong><\/p>\n<p>F\u00e1cil de instalar ou levar em movimento<\/p>\n<p><strong>Lights on viewing<\/strong><\/p>\n<div>\n<p>This all-round home entertainment projector combines high brightness and vivid colours for vibrant, true-to-life visuals in well-lit environments* &#8211; ideal for watching TV shows, sports and movies or gaming with family or friends any time of day.<\/p>\n<\/div>\n<\/div>\n<\/div>\n<\/div>\n","protected":false},"excerpt":{"rendered":"<p>Projetor Full HD de alto brilho O HD30LV \u00e9 um projetor Full HD 1080p compacto com alto brilho de 4500 lumens. Este modelo foi projetado para ser usado em ambientes com pouca ou muita luz ambiente para jogos, visualiza\u00e7\u00e3o de TV, entretenimento digital e home office. Este projetor possui compatibilidade de entrada 4K e HDR, [&hellip;]<\/p>\n","protected":false},"featured_media":23161,"template":"","meta":{"_acf_changed":false},"product_brand":[],"product_cat":[300,259],"product_tag":[],"class_list":{"0":"post-23157","1":"product","2":"type-product","3":"status-publish","4":"has-post-thumbnail","6":"product_cat-optoma","7":"product_cat-projetor-2","9":"first","10":"instock","11":"sold-individually","12":"shipping-taxable","13":"purchasable","14":"product-type-simple"},"acf":[],"aioseo_notices":[],"_links":{"self":[{"href":"https:\/\/hificlub.com.br\/loja\/wp-json\/wp\/v2\/product\/23157","targetHints":{"allow":["GET"]}}],"collection":[{"href":"https:\/\/hificlub.com.br\/loja\/wp-json\/wp\/v2\/product"}],"about":[{"href":"https:\/\/hificlub.com.br\/loja\/wp-json\/wp\/v2\/types\/product"}],"wp:featuredmedia":[{"embeddable":true,"href":"https:\/\/hificlub.com.br\/loja\/wp-json\/wp\/v2\/media\/23161"}],"wp:attachment":[{"href":"https:\/\/hificlub.com.br\/loja\/wp-json\/wp\/v2\/media?parent=23157"}],"wp:term":[{"taxonomy":"product_brand","embeddable":true,"href":"https:\/\/hificlub.com.br\/loja\/wp-json\/wp\/v2\/product_brand?post=23157"},{"taxonomy":"product_cat","embeddable":true,"href":"https:\/\/hificlub.com.br\/loja\/wp-json\/wp\/v2\/product_cat?post=23157"},{"taxonomy":"product_tag","embeddable":true,"href":"https:\/\/hificlub.com.br\/loja\/wp-json\/wp\/v2\/product_tag?post=23157"}],"curies":[{"name":"wp","href":"https:\/\/api.w.org\/{rel}","templated":true}]}}