{"id":23086,"date":"2025-06-16T10:48:30","date_gmt":"2025-06-16T13:48:30","guid":{"rendered":"https:\/\/hificlub.com.br\/loja\/?post_type=product&#038;p=23086"},"modified":"2026-03-25T09:07:36","modified_gmt":"2026-03-25T12:07:36","slug":"kef-q1-meta-caixa-bookshelf","status":"publish","type":"product","link":"https:\/\/hificlub.com.br\/loja\/produto\/kef-q1-meta-caixa-bookshelf\/","title":{"rendered":"KEF Q1 META &#8211; Caixa Bookshelf (par)"},"content":{"rendered":"<p>O KEF Q1 Meta \u00e9 uma estante alto-falante compacta de 2 vias, projetada para oferecer som HiFi de alta qualidade em um formato restrito. Equipado com a Tecnologia de Absor\u00e7\u00e3o de Metamateriais (MAT\u2122), ele reduz em 99% os ru\u00eddos indesejados para uma experi\u00eancia sonora mais pura e detalhada.<\/p>\n<p><strong>Alto-falante de estante compacto de 2 vias<\/strong><br \/>\nO compacto alto-falante Q1 Meta HiFi supera seu tamanho, recusando-se a comprometer seu prazer auditivo. Como todos os novos alto-falantes da S\u00e9rie Q, ele apresenta um conjunto de drivers Uni-Q de 12\u00aa gera\u00e7\u00e3o e tecnologia de absor\u00e7\u00e3o de metamaterial. O Q1 Meta \u00e9 o alto-falante b\u00e1sico definitivo para quem deseja construir seu primeiro sistema de som HiFi.<\/p>\n<p><strong>Ou\u00e7a e Acredite<\/strong><br \/>\nDesbloqueie um n\u00edvel transformador de transforma\u00e7\u00e3o em \u00e1udio com a S\u00e9rie Q. Visite um revendedor de confian\u00e7a para experimentar pessoalmente seu som envolvente e envolvente.<\/p>\n<p>&nbsp;<\/p>\n<p><a href=\"https:\/\/www.whathifi.com\/best-buys\/best-kef-speakers-budget-premium-bookshelf-and-standmount\" target=\"_blank\" rel=\"noopener\"><img loading=\"lazy\" decoding=\"async\" class=\"alignnone wp-image-22882 size-full\" src=\"https:\/\/hificlub.com.br\/loja\/wp-content\/uploads\/2025\/06\/what-hifi-awards.png\" alt=\"\" width=\"316\" height=\"160\" srcset=\"https:\/\/hificlub.com.br\/loja\/wp-content\/uploads\/2025\/06\/what-hifi-awards.png 316w, https:\/\/hificlub.com.br\/loja\/wp-content\/uploads\/2025\/06\/what-hifi-awards-300x152.png 300w\" sizes=\"auto, (max-width: 316px) 100vw, 316px\" \/><\/a><\/p>\n","protected":false},"excerpt":{"rendered":"<p>O KEF Q1 Meta \u00e9 uma estante alto-falante compacta de 2 vias, projetada para oferecer som HiFi de alta qualidade em um formato restrito. Equipado com a Tecnologia de Absor\u00e7\u00e3o de Metamateriais (MAT\u2122), ele reduz em 99% os ru\u00eddos indesejados para uma experi\u00eancia sonora mais pura e detalhada. Alto-falante de estante compacto de 2 vias [&hellip;]<\/p>\n","protected":false},"featured_media":26859,"template":"","meta":{"_acf_changed":false},"product_brand":[],"product_cat":[25,17,56],"product_tag":[],"class_list":{"0":"post-23086","1":"product","2":"type-product","3":"status-publish","4":"has-post-thumbnail","6":"product_cat-bookshelf","7":"product_cat-caixas","8":"product_cat-kef","10":"first","11":"instock","12":"sold-individually","13":"shipping-taxable","14":"purchasable","15":"product-type-simple"},"acf":[],"aioseo_notices":[],"_links":{"self":[{"href":"https:\/\/hificlub.com.br\/loja\/wp-json\/wp\/v2\/product\/23086","targetHints":{"allow":["GET"]}}],"collection":[{"href":"https:\/\/hificlub.com.br\/loja\/wp-json\/wp\/v2\/product"}],"about":[{"href":"https:\/\/hificlub.com.br\/loja\/wp-json\/wp\/v2\/types\/product"}],"wp:featuredmedia":[{"embeddable":true,"href":"https:\/\/hificlub.com.br\/loja\/wp-json\/wp\/v2\/media\/26859"}],"wp:attachment":[{"href":"https:\/\/hificlub.com.br\/loja\/wp-json\/wp\/v2\/media?parent=23086"}],"wp:term":[{"taxonomy":"product_brand","embeddable":true,"href":"https:\/\/hificlub.com.br\/loja\/wp-json\/wp\/v2\/product_brand?post=23086"},{"taxonomy":"product_cat","embeddable":true,"href":"https:\/\/hificlub.com.br\/loja\/wp-json\/wp\/v2\/product_cat?post=23086"},{"taxonomy":"product_tag","embeddable":true,"href":"https:\/\/hificlub.com.br\/loja\/wp-json\/wp\/v2\/product_tag?post=23086"}],"curies":[{"name":"wp","href":"https:\/\/api.w.org\/{rel}","templated":true}]}}