{"id":22735,"date":"2025-06-09T12:23:00","date_gmt":"2025-06-09T15:23:00","guid":{"rendered":"https:\/\/hificlub.com.br\/loja\/?post_type=product&#038;p=22735"},"modified":"2026-03-03T22:17:48","modified_gmt":"2026-03-04T01:17:48","slug":"arylic-br10-bluetooth-audio-receiver","status":"publish","type":"product","link":"https:\/\/hificlub.com.br\/loja\/produto\/arylic-br10-bluetooth-audio-receiver\/","title":{"rendered":"ARYLIC BR10 Bluetooth Audio Receiver"},"content":{"rendered":"<p><strong>Atualize seu aparelho de som vintage com Bluetooth<\/strong><\/p>\n<p>Reproduza qualquer m\u00fasica do seu smartphone sem fio no seu aparelho de som vintage.<\/p>\n<p>&#8211; Adicione a capacidade de receptor Bluetooth ao seu aparelho de som vintage.<br \/>\n&#8211; Reproduza m\u00fasicas em HD sem fio com aptx, aptX HD e aptX Adaptive.<br \/>\n&#8211; Interfaces avan\u00e7adas: Sa\u00edda \u00f3ptica, entrada\/sa\u00edda de linha, entrada DAC tipo C, host USB.<br \/>\n&#8211; Reprodu\u00e7\u00e3o sincronizada: Suporta sa\u00edda simult\u00e2nea via conectores de sa\u00edda de linha e sa\u00edda \u00f3ptica.<br \/>\n&#8211; F\u00e1cil de usar: Aplicativo gratuito para iOS e Android, f\u00e1cil e conveniente para todos.<\/p>\n<p><strong>Plug and Play<\/strong><\/p>\n<p>Depois de conectar seu amplificador, receptor AV ou caixa de som ativa ao BR10 e ligar o dispositivo, basta parear via Bluetooth para come\u00e7ar a ouvir m\u00fasica sem fio.<\/p>\n<p><strong>M\u00fasica em HD<\/strong><\/p>\n<p>Equipado com o avan\u00e7ado chip Bluetooth Qualcomm QCC3040, o BR10 suporta codecs de alta qualidade, incluindo aptX, aptX HD, aptX Adaptive e AAC. Mergulhe na sua m\u00fasica favorita com distor\u00e7\u00e3o m\u00ednima e qualidade de som com n\u00edvel de CD.<\/p>\n<p>*Para usar os formatos aptX, certifique-se de que seus dispositivos sejam compat\u00edveis.<\/p>\n<p><strong>Conex\u00e3o suave e est\u00e1vel<\/strong><\/p>\n<p>O BR10 suporta transmiss\u00e3o sem fio de longo alcance real de 15 metros. Desfrute de uma experi\u00eancia sonora ininterrupta e suave o dia todo.<\/p>\n<p><strong>Compat\u00edvel com seus dispositivos Bluetooth<\/strong><\/p>\n<p>Capaz de se conectar com Bluetooth 5.4, 5.3, 5.2, 5.0 e 4.0. O BR10 pode ser facilmente pareado com a maioria dos seus dispositivos Bluetooth.<\/p>\n<p><strong>ESPECIFICA\u00c7\u00d5ES<\/strong><\/p>\n<p><strong>Bluetooth Padr\u00e3o<\/strong><br \/>\n5.2, 15 m<\/p>\n<p><strong>Receptor Bluetooth<\/strong><br \/>\n2x Bluetooth RX, com capacidade para conectar at\u00e9 2 dispositivos transmissores Bluetooth.<\/p>\n<p><strong>Codec Bluetooth<\/strong><br \/>\naptX HD, aptX, aptX AD, AAC, SBC<\/p>\n<p><strong>Resposta de Frequ\u00eancia<\/strong><br \/>\n20Hz a 20Khz<\/p>\n<p><strong>Entrada de Linha<\/strong><br \/>\nConector anal\u00f3gico para fone de ouvido de 3,5mm, entrada m\u00e1xima de 2V RMS<\/p>\n<p><strong>Sa\u00edda de Linha<\/strong><br \/>\nConector anal\u00f3gico para fone de ouvido de 3,5mm, sa\u00edda m\u00e1xima de 2V RMS<\/p>\n<p><strong>Sa\u00edda \u00d3ptica<\/strong><br \/>\nAt\u00e9 192kHz\/24 bits somente PCM<\/p>\n<p><strong>Host USB<\/strong><br \/>\nReprodu\u00e7\u00e3o em unidade de disco USB, suporte para retomada de reprodu\u00e7\u00e3o<br \/>\nFormato de armazenamento: Fat16, Fat32, exFAT, at\u00e9 128GB<br \/>\nCodecs suportados: mp3, mp4, wma, mov, m4a, aac, flac (96kHz\/24 bits), ape<\/p>\n<p><strong>USB Tipo C<\/strong><br \/>\nDAC USB para conex\u00e3o com PC, taxa de amostragem: 48kHz<\/p>\n<p><strong>Entrada de Alimenta\u00e7\u00e3o<\/strong><br \/>\n5V\/1A Tipo C<\/p>\n<p><strong>Dimens\u00f5es<\/strong><\/p>\n<p>Tamanho L x P x A<br \/>\n108 x 72 x 26,6 mm<\/p>\n<p>Peso<br \/>\n89 g<\/p>\n","protected":false},"excerpt":{"rendered":"<p>Atualize seu aparelho de som vintage com Bluetooth Reproduza qualquer m\u00fasica do seu smartphone sem fio no seu aparelho de som vintage. &#8211; Adicione a capacidade de receptor Bluetooth ao seu aparelho de som vintage. &#8211; Reproduza m\u00fasicas em HD sem fio com aptx, aptX HD e aptX Adaptive. &#8211; Interfaces avan\u00e7adas: Sa\u00edda \u00f3ptica, entrada\/sa\u00edda [&hellip;]<\/p>\n","protected":false},"featured_media":22736,"template":"","meta":{"_acf_changed":false},"product_brand":[],"product_cat":[289,41,142],"product_tag":[],"class_list":{"0":"post-22735","1":"product","2":"type-product","3":"status-publish","4":"has-post-thumbnail","6":"product_cat-arylic","7":"product_cat-digital","8":"product_cat-streamers","10":"first","11":"instock","12":"sold-individually","13":"shipping-taxable","14":"purchasable","15":"product-type-simple"},"acf":[],"aioseo_notices":[],"_links":{"self":[{"href":"https:\/\/hificlub.com.br\/loja\/wp-json\/wp\/v2\/product\/22735","targetHints":{"allow":["GET"]}}],"collection":[{"href":"https:\/\/hificlub.com.br\/loja\/wp-json\/wp\/v2\/product"}],"about":[{"href":"https:\/\/hificlub.com.br\/loja\/wp-json\/wp\/v2\/types\/product"}],"wp:featuredmedia":[{"embeddable":true,"href":"https:\/\/hificlub.com.br\/loja\/wp-json\/wp\/v2\/media\/22736"}],"wp:attachment":[{"href":"https:\/\/hificlub.com.br\/loja\/wp-json\/wp\/v2\/media?parent=22735"}],"wp:term":[{"taxonomy":"product_brand","embeddable":true,"href":"https:\/\/hificlub.com.br\/loja\/wp-json\/wp\/v2\/product_brand?post=22735"},{"taxonomy":"product_cat","embeddable":true,"href":"https:\/\/hificlub.com.br\/loja\/wp-json\/wp\/v2\/product_cat?post=22735"},{"taxonomy":"product_tag","embeddable":true,"href":"https:\/\/hificlub.com.br\/loja\/wp-json\/wp\/v2\/product_tag?post=22735"}],"curies":[{"name":"wp","href":"https:\/\/api.w.org\/{rel}","templated":true}]}}