{"id":22703,"date":"2025-06-09T10:38:42","date_gmt":"2025-06-09T13:38:42","guid":{"rendered":"https:\/\/hificlub.com.br\/loja\/?post_type=product&#038;p=22703"},"modified":"2026-03-03T22:17:49","modified_gmt":"2026-03-04T01:17:49","slug":"arylic-a30-amplificador-bluetooth-wifi","status":"publish","type":"product","link":"https:\/\/hificlub.com.br\/loja\/produto\/arylic-a30-amplificador-bluetooth-wifi\/","title":{"rendered":"ARYLIC A30+ Amplificador Bluetooth &#038; WIFI"},"content":{"rendered":"<p>O mini amplificador est\u00e9reo A30+ WiFi \u00e9 perfeito para o seu sistema est\u00e9reo passivo de mesa e espa\u00e7os menores. O amplificador est\u00e9reo compacto e o design f\u00e1cil de usar facilitam o uso r\u00e1pido por todos.<\/p>\n<p>Reproduza servi\u00e7os de m\u00fasica online, r\u00e1dio online e arquivos de m\u00fasica locais em suas caixas de som passivas via WiFi, AirPlay e Spotify Connect, a qualquer hora e em qualquer c\u00f4modo.<\/p>\n<p><strong>Pequeno, mas completo em todos os detalhes<\/strong><\/p>\n<p>O mini amplificador est\u00e9reo A30+ possui 30 watts por canal, perfeito para o seu sistema est\u00e9reo de mesa.<\/p>\n<p>Aproveite todas as funcionalidades com streaming sem fio: WiFi, AirPlay, Spotify Connect, Qplay, DLNA, UPnP, Bluetooth 5.0 e todos os recursos do nosso aplicativo 4STREAM: m\u00fasica online, r\u00e1dio online, configura\u00e7\u00f5es de equaliza\u00e7\u00e3o, despertador e muito mais.<\/p>\n<p>Inclui tamb\u00e9m os recursos da ferramenta de ajuste ACPWokbench. O amplificador est\u00e9reo compacto e a superf\u00edcie prateada conferem \u00e0 sua mesa uma apar\u00eancia mais n\u00edtida e premium.<\/p>\n<p><strong>ESPECIFICA\u00c7\u00d5ES<\/strong><\/p>\n<p><strong>Conectividade<\/strong><br \/>\nWiFi:<br \/>\nIEEE802.11 b\/g\/n 2.4G<\/p>\n<p><strong>Bluetoot<\/strong><br \/>\n5.0 SBC\/AAC, 15M, Receptor BT<\/p>\n<p><strong>Rede com fio:<\/strong><br \/>\nEthernet Single 10\/100M RJ45<\/p>\n<p><strong>Entrada de energia<\/strong><br \/>\n12V-18V\/DC<\/p>\n<p><strong>Entrada de \u00e1udio<\/strong><br \/>\nAnal\u00f3gica:<br \/>\nAUX (1Vrms)<\/p>\n<p><strong>Digital:<\/strong><br \/>\nEntrada Micro USB<\/p>\n<p><strong>Sa\u00edda de \u00e1udio<\/strong><br \/>\nAnal\u00f3gica:<br \/>\nSa\u00edda para alto-falante<\/p>\n<p><strong>Chip amplificador<\/strong><br \/>\nTPA3116<\/p>\n<p><strong>Pot\u00eancia do alto-falante<\/strong><br \/>\n2 x 35W a 4\u03a9 de carga a 18V<br \/>\n2 x 18W a 8\u03a9 de carga a 18V<\/p>\n<p><strong>Imped\u00e2ncia do alto-falante<\/strong><br \/>\n4-8\u03a9<\/p>\n<p><strong>Host USB<\/strong><br \/>\nPara pen drive\/stick USB, 1000 m\u00fasicas Limitado<\/p>\n<p><strong>Resposta de Frequ\u00eancia<\/strong><br \/>\n20Hz a 20kHz<\/p>\n<p>THD + N<br \/>\n&lt;0,03% a 1kHz\/1W\/4\u03a9<\/p>\n<p><strong>Formato de M\u00fasica<\/strong><br \/>\nFLAC\/MP3\/AAC\/AAC+\/ALAC\/APE\/WAV<\/p>\n<p><strong>Formato de \u00c1udio<\/strong><br \/>\nDecodifica\u00e7\u00e3o de at\u00e9 192kHz\/24 bits<br \/>\nSa\u00edda de at\u00e9 44,1kHz\/16 bits com qualidade de CD<\/p>\n<p><strong>Protocolos<\/strong><br \/>\nAirPlay, DLNA, UPnP, Spotify Connect, Qplay<\/p>\n<p><strong>NAS<\/strong><br \/>\nSuporte a NAS com suporte a DLNA<\/p>\n<p><strong>Geral<\/strong><br \/>\nDimens\u00f5es:<br \/>\n131,8mm x 85,5mm x 27mm (5,18 pol x 3,37 pol x 1,06 pol)<\/p>\n<p>Peso:<br \/>\n500g<\/p>\n<p>Temperatura de trabalho:<br \/>\n0~40\u00b0C<\/p>\n<p>Acess\u00f3rios<br \/>\nFonte de Alimenta\u00e7\u00e3o<br \/>\nChave de Fenda<br \/>\nCabo RCA<br \/>\nRemoto<br \/>\nPhoenix de 4 Pinos Conector<br \/>\nAntena Externa x2<br \/>\nManual do Usu\u00e1rio<\/p>\n<p>&nbsp;<\/p>\n<p><a href=\"https:\/\/theaudiophileman.com\/a30-streaming-amplifier-from-arylic\/\" target=\"_blank\" rel=\"noopener\"><img loading=\"lazy\" decoding=\"async\" class=\"alignnone wp-image-22713 size-full\" src=\"https:\/\/hificlub.com.br\/loja\/wp-content\/uploads\/2025\/06\/ARYLIC-A30-Amplificador-Bluetooth-WIFI-award.jpg\" alt=\"\" width=\"379\" height=\"81\" srcset=\"https:\/\/hificlub.com.br\/loja\/wp-content\/uploads\/2025\/06\/ARYLIC-A30-Amplificador-Bluetooth-WIFI-award.jpg 379w, https:\/\/hificlub.com.br\/loja\/wp-content\/uploads\/2025\/06\/ARYLIC-A30-Amplificador-Bluetooth-WIFI-award-300x64.jpg 300w\" sizes=\"auto, (max-width: 379px) 100vw, 379px\" \/><\/a><\/p>\n","protected":false},"excerpt":{"rendered":"<p>O mini amplificador est\u00e9reo A30+ WiFi \u00e9 perfeito para o seu sistema est\u00e9reo passivo de mesa e espa\u00e7os menores. O amplificador est\u00e9reo compacto e o design f\u00e1cil de usar facilitam o uso r\u00e1pido por todos. Reproduza servi\u00e7os de m\u00fasica online, r\u00e1dio online e arquivos de m\u00fasica locais em suas caixas de som passivas via WiFi, [&hellip;]<\/p>\n","protected":false},"featured_media":22706,"template":"","meta":{"_acf_changed":false},"product_brand":[],"product_cat":[27,289,28],"product_tag":[],"class_list":{"0":"post-22703","1":"product","2":"type-product","3":"status-publish","4":"has-post-thumbnail","6":"product_cat-amplificador","7":"product_cat-arylic","8":"product_cat-estereo","10":"first","11":"instock","12":"sold-individually","13":"shipping-taxable","14":"purchasable","15":"product-type-simple"},"acf":[],"aioseo_notices":[],"_links":{"self":[{"href":"https:\/\/hificlub.com.br\/loja\/wp-json\/wp\/v2\/product\/22703","targetHints":{"allow":["GET"]}}],"collection":[{"href":"https:\/\/hificlub.com.br\/loja\/wp-json\/wp\/v2\/product"}],"about":[{"href":"https:\/\/hificlub.com.br\/loja\/wp-json\/wp\/v2\/types\/product"}],"wp:featuredmedia":[{"embeddable":true,"href":"https:\/\/hificlub.com.br\/loja\/wp-json\/wp\/v2\/media\/22706"}],"wp:attachment":[{"href":"https:\/\/hificlub.com.br\/loja\/wp-json\/wp\/v2\/media?parent=22703"}],"wp:term":[{"taxonomy":"product_brand","embeddable":true,"href":"https:\/\/hificlub.com.br\/loja\/wp-json\/wp\/v2\/product_brand?post=22703"},{"taxonomy":"product_cat","embeddable":true,"href":"https:\/\/hificlub.com.br\/loja\/wp-json\/wp\/v2\/product_cat?post=22703"},{"taxonomy":"product_tag","embeddable":true,"href":"https:\/\/hificlub.com.br\/loja\/wp-json\/wp\/v2\/product_tag?post=22703"}],"curies":[{"name":"wp","href":"https:\/\/api.w.org\/{rel}","templated":true}]}}