{"id":22656,"date":"2025-06-06T11:17:36","date_gmt":"2025-06-06T14:17:36","guid":{"rendered":"https:\/\/hificlub.com.br\/loja\/?post_type=product&#038;p=22656"},"modified":"2026-03-03T22:17:49","modified_gmt":"2026-03-04T01:17:49","slug":"hifi-rose-rs151-network-streamer-gen2","status":"publish","type":"product","link":"https:\/\/hificlub.com.br\/loja\/produto\/hifi-rose-rs151-network-streamer-gen2\/","title":{"rendered":"HIFI ROSE RS151 Network streamer Gen2"},"content":{"rendered":"<p>O RS151 \u00e9 um streamer de rede que alcan\u00e7a melhorias revolucion\u00e1rias em todos os aspectos.<\/p>\n<p>As tecnologias de ponta propriet\u00e1rias da ROSE, desenvolvidas durante o projeto RD160, combinadas com o mais recente chip DAC e design sofisticado, proporcionam avan\u00e7os revolucion\u00e1rios em desempenho de \u00e1udio.<\/p>\n<p>O poder de processamento significativamente aprimorado, baseado em uma CPU de 8 n\u00facleos de \u00faltima gera\u00e7\u00e3o, integra-se perfeitamente \u00e0 tela multitoque Full HD de vis\u00e3o ampla introduzida no RS130, proporcionando uma experi\u00eancia de reprodu\u00e7\u00e3o mais suave e agrad\u00e1vel.<\/p>\n<p>O poder de processamento significativamente aprimorado, baseado em uma CPU com 8 n\u00facleos de \u00faltima gera\u00e7\u00e3o, integra-se perfeitamente \u00e0 tela multitoque Full HD de vis\u00e3o ampla introduzida no RS130, proporcionando uma experi\u00eancia de reprodu\u00e7\u00e3o mais suave e agrad\u00e1vel.<\/p>\n<p><strong>M\u00f3dulo ROSE DPC (Digital Processing Core)\u2122<\/strong><br \/>\nO m\u00f3dulo ROSE DPC\u2122 \u00e9 aplicado ao est\u00e1gio digital do RS151, minimizando o jitter e maximizando a qualidade do sinal, sincronizando precisamente os sinais de entrada com um rel\u00f3gio Femto de alta precis\u00e3o e alinhando-os como sinais I\u00b2S. Todos os blocos de processamento deste m\u00f3dulo s\u00e3o projetados para manter o mais alto n\u00edvel de precis\u00e3o do sinal. Al\u00e9m disso, o circuito para a interface do usu\u00e1rio e a configura\u00e7\u00e3o da GUI \u00e9 completamente isolado do caminho do sinal de \u00e1udio digital, eliminando completamente a distor\u00e7\u00e3o e a interfer\u00eancia do sinal. Com este design, o RS151 garante processamento de sinal preciso, som natural e limpo e compatibilidade perfeita com v\u00e1rios formatos digitais.<\/p>\n<p><strong>Tecnologia Hyperstream\u00ae de 4\u00aa gera\u00e7\u00e3o<\/strong><br \/>\nApresentando a tecnologia Hyperstream\u00ae de 4\u00aa gera\u00e7\u00e3o, o ES9039PRO combina um rel\u00f3gio Femto de alta precis\u00e3o para suprimir drasticamente o jitter. Al\u00e9m disso, ele aprimora ainda mais a linearidade durante o processo de convers\u00e3o de digital para anal\u00f3gico. Isso permite um som limpo e sem distor\u00e7\u00e3o, com precis\u00e3o de tempo aprimorada e reprodu\u00e7\u00e3o precisa de nuances ac\u00fasticas detalhadas em \u00e1udio de alta resolu\u00e7\u00e3o.<\/p>\n<p><strong>Separa\u00e7\u00e3o Completa de Digital e Anal\u00f3gico<\/strong><br \/>\nOs caminhos de sinal digital e anal\u00f3gico s\u00e3o f\u00edsica e completamente separados, garantindo que cada circuito opere de forma independente. Este design evita qualquer influ\u00eancia de ru\u00eddo e jitter gerados no circuito digital, oferecendo um n\u00edvel mais alto de clareza e precis\u00e3o sem interfer\u00eancia ou distor\u00e7\u00e3o entre os caminhos.<\/p>\n<p><strong>Design de Processamento Independente de 8 Canais<\/strong><br \/>\nO ES9039PRO apresenta um design de processamento independente, garantindo que todos os 8 canais operem de forma independente em seus pr\u00f3prios circuitos dedicados. Isso permite a entrega de separa\u00e7\u00e3o de canais excepcional, imagem est\u00e9reo precisa, um palco sonoro expandido e espacialidade excepcional sem qualquer interfer\u00eancia de canal.<\/p>\n<p><strong>Progresso na Qualidade do Som por Meio de Design Sofisticado<\/strong><br \/>\nO RS151 incorpora uma variedade de inova\u00e7\u00f5es tecnol\u00f3gicas e componentes premium para aprimorar a qualidade do som. No est\u00e1gio DAC, no circuito de convers\u00e3o I\/V e no est\u00e1gio OP-AMP, resistores MELF de alta precis\u00e3o e capacitores de filme WIMA de n\u00edvel de \u00e1udio s\u00e3o empregados para melhorar a linearidade durante o processamento do sinal e minimizar a distor\u00e7\u00e3o. Al\u00e9m disso, a tens\u00e3o de polariza\u00e7\u00e3o do OP-AMP \u00e9 controlada com precis\u00e3o, resultando em um som mais refinado e natural. O design de aterramento de ponto \u00fanico minimiza os loops de aterramento e suprime a interfer\u00eancia de ru\u00eddo, aprimorando a pureza do sinal. Ao redor da fonte de alimenta\u00e7\u00e3o, capacitores de desacoplamento com baixa ESR (Resist\u00eancia S\u00e9rie Equivalente) e alta capacidade de corrente de ondula\u00e7\u00e3o s\u00e3o posicionados para filtrar eficazmente o ru\u00eddo de alta frequ\u00eancia e fortalecer a estabilidade da fonte de alimenta\u00e7\u00e3o. Gra\u00e7as a esse design sofisticado, o RS151 atinge valores de medi\u00e7\u00e3o not\u00e1veis \u200b\u200bcom uma rela\u00e7\u00e3o sinal-ru\u00eddo (SNR) de 131,4 dB e THD+N de apenas 0,0002%. Esses n\u00fameros representam um progresso inovador em precis\u00e3o de sinal e qualidade sonora.<\/p>\n<p><strong>Filtro ROSE NRA (An\u00e1lise de Redu\u00e7\u00e3o de Ru\u00eddo)\u2122<\/strong><br \/>\nO est\u00e1gio anal\u00f3gico possui o filtro ROSE NRA\u2122, projetado para eliminar ru\u00eddos e permitir caracter\u00edsticas de frequ\u00eancia plana, mesmo em faixas de frequ\u00eancia extremamente baixas. Com essa inova\u00e7\u00e3o, o RS151 apresenta uma resposta de frequ\u00eancia fixa em toda a faixa, sem roll-off, reproduzindo com fidelidade e clareza as informa\u00e7\u00f5es sonoras originais incorporadas em fontes de \u00e1udio de alta resolu\u00e7\u00e3o.<\/p>\n<p><strong>Poder de Processamento Aprimorado com CPU de 8 N\u00facleos de \u00daltima Gera\u00e7\u00e3o<\/strong><br \/>\nEquipado com a CPU de 8 n\u00facleos de \u00faltima gera\u00e7\u00e3o, o RK3588 RS151 oferece quatro vezes mais desempenho de processamento de dados e oito vezes mais desempenho gr\u00e1fico em compara\u00e7\u00e3o com seu antecessor. A capacidade da DRAM foi dobrada de 4 GB para 8 GB, enquanto o armazenamento eMMC foi expandido de 8 GB para 32 GB, proporcionando velocidades de processamento mais que o dobro. Isso permite a reprodu\u00e7\u00e3o cont\u00ednua de grandes arquivos de \u00e1udio e v\u00eddeos 4K de alta resolu\u00e7\u00e3o com HDR, enquanto a capacidade da biblioteca de m\u00eddia triplicou, suportando mais de um milh\u00e3o de faixas.<br \/>\nAl\u00e9m disso, o desempenho aprimorado do barramento de E\/S oferece velocidades de leitura\/grava\u00e7\u00e3o aproximadamente duas vezes mais r\u00e1pidas do que antes, permitindo transfer\u00eancias de arquivos mais r\u00e1pidas e tempos de resposta mais r\u00e1pidos durante a reprodu\u00e7\u00e3o de m\u00fasica, para uma experi\u00eancia de audi\u00e7\u00e3o mais suave. O sistema operacional Android 12 rec\u00e9m-integrado aprimora ainda mais a conveni\u00eancia e a seguran\u00e7a do usu\u00e1rio, proporcionando uma experi\u00eancia intuitiva e est\u00e1vel.<\/p>\n<p><strong>Tela Multitoque de Tamanho Real<\/strong><br \/>\nO RS151 apresenta a tela grande e com amplo \u00e2ngulo de vis\u00e3o, caracter\u00edstica da HiFi ROSE, aprimorando ao m\u00e1ximo o apelo da &#8220;Impress\u00e3o sonora apreciada por olhos e ouvidos&#8221;. Com resolu\u00e7\u00e3o de 14,9 polegadas para 15,4 polegadas e de HD para Full HD, a tela oferece um tamanho generoso e resolu\u00e7\u00e3o superior, reproduzindo capas de \u00e1lbuns e v\u00eddeos em alta qualidade impressionante. O painel intuitivo da tela multitoque oferece excepcional conveni\u00eancia ao usu\u00e1rio, enquanto sua alta resolu\u00e7\u00e3o e ampla gama de cores permitem uma representa\u00e7\u00e3o visual detalhada e v\u00edvida.<\/p>\n<p><strong>Conectividade Aprimorada com Recursos Avan\u00e7ados<\/strong><\/p>\n<p><strong>eARC<\/strong><br \/>\nO ARC via HDMI, anteriormente suportado, foi atualizado para eARC, permitindo a transmiss\u00e3o sem compress\u00e3o de sinais de \u00e1udio de alta resolu\u00e7\u00e3o a 24 bits\/192 kHz. Essa melhoria permite que o RS151 ofere\u00e7a som Hi-Fi ainda mais realista e de alta qualidade via HDMI, aproximando voc\u00ea de uma verdadeira experi\u00eancia Hi-Fi.<\/p>\n<p><strong>Entrada\/Sa\u00edda de Disparo<\/strong><br \/>\nAtrav\u00e9s das portas Entrada\/Sa\u00edda de Disparo e de um cabo mini jack mono, o RS151 pode receber sinais CC de 3,3 V a 12 V para ligar o dispositivo automaticamente ou emitir um sinal de 12 V para controlar a alimenta\u00e7\u00e3o de equipamentos de \u00e1udio externos. Isso permite o gerenciamento eficiente da energia do seu sistema, possibilitando o controle centralizado sem a necessidade de operar manualmente cada dispositivo individualmente.<\/p>\n<p><strong>Conectividade Aprimorada com Recursos Avan\u00e7ados<\/strong><br \/>\nM\u00f3dulo e Antena Bluetooth<br \/>\nO RS151 integra um m\u00f3dulo Bluetooth com certifica\u00e7\u00e3o SIG e uma antena propriet\u00e1ria, compat\u00edvel com a mais recente especifica\u00e7\u00e3o Bluetooth\u00ae v5.4. Constru\u00eddo com o chipset Qualcomm QCC3083, este m\u00f3dulo possui uma interface de \u00e1udio de 24 bits de alto desempenho e codec aptX, proporcionando altas taxas de bits e qualidade de som excepcional. Ele tamb\u00e9m suporta diversos perfis, incluindo A2DP, AVRCP e IOPT, garantindo uma experi\u00eancia de \u00e1udio sem fio est\u00e1vel e premium.<\/p>\n<p><strong>COAX de Alta Resolu\u00e7\u00e3o e AES\/EBU<\/strong><br \/>\nCom os recursos de processamento de sinal digital significativamente aprimorados do ES9039PRO, o RS151 agora suporta oficialmente os formatos PCM 24 bits\/384 kHz e DSD128 por meio de entradas coaxiais e AES\/EBU.<\/p>\n<p><strong>Upsampling para DSD512<\/strong><br \/>\nO RS151 oferece a capacidade de converter \u00e1udio PCM para DSD e aument\u00e1-lo para um m\u00e1ximo de DSD512 usando o m\u00f3dulo ROSE DPC\u2122. Isso permite que os usu\u00e1rios desfrutem de diversas fontes de \u00e1udio PCM com as caracter\u00edsticas sonoras ricas e exclusivas do DSD. O upsampling de alta resolu\u00e7\u00e3o preserva os detalhes da fonte original, enriquecendo o som com profundidade e clareza, adaptadas \u00e0s prefer\u00eancias do usu\u00e1rio.<\/p>\n<p><strong>Controle Remoto IR<\/strong><br \/>\nSubstituindo o controle anterior baseado em Bluetooth, o RS151 agora possui um receptor remoto IR. Com menos restri\u00e7\u00f5es de alcance e \u00e2ngulo e sem necessidade de pareamento, o controle remoto IR oferece controle est\u00e1vel e intuitivo, al\u00e9m de maior conveni\u00eancia para o usu\u00e1rio.<\/p>\n<p class=\"t_\">ESPECIFICA\u00c7\u00d5ES<\/p>\n<p>Tipo: Streamer de Rede<\/p>\n<p>Sistema Operacional: Android 12<\/p>\n<p>Formatos de Arquivo de \u00c1udio Suportados: WAV, FLAC, ALAC, AIFF, WMA, OGG, APE, DFF, DSF, CDA, M4A, MP3, AAC, AMR, EC3, E-EC3, MID, MPL, MP2, MPC, MPGA<\/p>\n<p>Integra\u00e7\u00f5es com Servi\u00e7os de M\u00fasica: AirPlay, DLNA\/UPnP, Roon Ready, Spotify Connect<\/p>\n<p>Alto-falantes Integrados: N\u00e3o<\/p>\n<p>Tipo de Controle: LED Touch<\/p>\n<p>Processador: Octa core RK3588<\/p>\n<p>DAC: ES9039 PRO (ESS)<\/p>\n<p>Rela\u00e7\u00e3o Sinal-Ru\u00eddo: 131dB (XLR), 124dB (RCA)<\/p>\n<p>Apple AirPlay: Sim<\/p>\n<p>Servi\u00e7os de Streaming: AirPlay, DLNA\/UPnP, Roon Ready, Spotify Connect<\/p>\n<p>\u00c1udio Multi-Room Sem Fio: Sim<\/p>\n<p>Rede Conectividade: Ethernet, Wi-Fi<\/p>\n<p>Resposta de Frequ\u00eancia: 20Hz &#8211; 75kHz (+\/-0,5dB)<\/p>\n<p>Faixa Din\u00e2mica: M\u00e1x. 150dB (filtro CCITT)<\/p>\n<p>Uso Interno ou Externo: Interno<\/p>\n<p>Conex\u00f5es: Alimenta\u00e7\u00e3o<\/p>\n<p>CA 110V-120V~, 220V-240V~, 50\/60Hz<\/p>\n<p>Ethernet\/LAN: Sim<\/p>\n<p>Wi-Fi: Sim<\/p>\n<p>Entrada \u00d3ptica\/Anal\u00f3gica: Sim<\/p>\n<p>Entrada HDMI: Sim<\/p>\n<p>Entrada USB: Sim<\/p>\n<p>Sa\u00edda(s) de \u00c1udio: USB 3.0 Tipo A, Coaxial, \u00d3ptica, AES\/EBU, I\u00b2S-HDMI, N\u00e3o Balanceada, Balanceada, HDMI 2.0 (4K UHD \/ 60Hz)<\/p>\n<p>Entrada(s) de \u00c1udio: USB 2.0 Tipo B, Coaxial, \u00d3ptica, AES\/EBU, HDMI eARC, USB 3.0 Tipo C Servi\u00e7o<\/p>\n<p>Bluetooth: Sim<\/p>\n<p>Sa\u00edda \u00d3ptica: Sim<\/p>\n<p>Peso Aproximado: 11kg<\/p>\n<p>Peso da Embalagem 15,45<\/p>\n<p>Dimens\u00f5es:<\/p>\n<p>Altura: 125mm<\/p>\n<p>Largura: 430mm<\/p>\n<p>Profundidade: 319mm<\/p>\n<p>&nbsp;<\/p>\n<p><a href=\"https:\/\/www.whathifi.com\/hi-fi\/music-streamers\/hifi-roses-latest-music-streamer-uses-across-the-board-improvements-to-achieve-a-new-level-of-sound\" target=\"_blank\" rel=\"noopener\"><img loading=\"lazy\" decoding=\"async\" class=\"alignnone wp-image-22447 size-full\" src=\"https:\/\/hificlub.com.br\/loja\/wp-content\/uploads\/2024\/01\/what-hifi-awards-10.png\" alt=\"\" width=\"316\" height=\"160\" srcset=\"https:\/\/hificlub.com.br\/loja\/wp-content\/uploads\/2024\/01\/what-hifi-awards-10.png 316w, https:\/\/hificlub.com.br\/loja\/wp-content\/uploads\/2024\/01\/what-hifi-awards-10-300x152.png 300w\" sizes=\"auto, (max-width: 316px) 100vw, 316px\" \/>\u00a0 <\/a><\/p>\n","protected":false},"excerpt":{"rendered":"<p>O RS151 \u00e9 um streamer de rede que alcan\u00e7a melhorias revolucion\u00e1rias em todos os aspectos. As tecnologias de ponta propriet\u00e1rias da ROSE, desenvolvidas durante o projeto RD160, combinadas com o mais recente chip DAC e design sofisticado, proporcionam avan\u00e7os revolucion\u00e1rios em desempenho de \u00e1udio. O poder de processamento significativamente aprimorado, baseado em uma CPU de [&hellip;]<\/p>\n","protected":false},"featured_media":22658,"template":"","meta":{"_acf_changed":false},"product_brand":[],"product_cat":[210,142],"product_tag":[],"class_list":{"0":"post-22656","1":"product","2":"type-product","3":"status-publish","4":"has-post-thumbnail","6":"product_cat-hifi-rose","7":"product_cat-streamers","9":"first","10":"instock","11":"sold-individually","12":"shipping-taxable","13":"purchasable","14":"product-type-simple"},"acf":[],"aioseo_notices":[],"_links":{"self":[{"href":"https:\/\/hificlub.com.br\/loja\/wp-json\/wp\/v2\/product\/22656","targetHints":{"allow":["GET"]}}],"collection":[{"href":"https:\/\/hificlub.com.br\/loja\/wp-json\/wp\/v2\/product"}],"about":[{"href":"https:\/\/hificlub.com.br\/loja\/wp-json\/wp\/v2\/types\/product"}],"wp:featuredmedia":[{"embeddable":true,"href":"https:\/\/hificlub.com.br\/loja\/wp-json\/wp\/v2\/media\/22658"}],"wp:attachment":[{"href":"https:\/\/hificlub.com.br\/loja\/wp-json\/wp\/v2\/media?parent=22656"}],"wp:term":[{"taxonomy":"product_brand","embeddable":true,"href":"https:\/\/hificlub.com.br\/loja\/wp-json\/wp\/v2\/product_brand?post=22656"},{"taxonomy":"product_cat","embeddable":true,"href":"https:\/\/hificlub.com.br\/loja\/wp-json\/wp\/v2\/product_cat?post=22656"},{"taxonomy":"product_tag","embeddable":true,"href":"https:\/\/hificlub.com.br\/loja\/wp-json\/wp\/v2\/product_tag?post=22656"}],"curies":[{"name":"wp","href":"https:\/\/api.w.org\/{rel}","templated":true}]}}