{"id":2261,"date":"2023-10-17T19:59:50","date_gmt":"2023-10-17T22:59:50","guid":{"rendered":"https:\/\/hificlub.com.br\/loja2\/produto\/rotel-rb1582-mkii-class-ab-200-watts\/"},"modified":"2026-03-03T22:20:54","modified_gmt":"2026-03-04T01:20:54","slug":"rotel-rb1582-mkii-class-ab-200-watts","status":"publish","type":"product","link":"https:\/\/hificlub.com.br\/loja\/produto\/rotel-rb1582-mkii-class-ab-200-watts\/","title":{"rendered":"ROTEL RB1582 MKII  Class AB  200 watts"},"content":{"rendered":"<p>&nbsp;<\/p>\n<p>ROTEL RB-1582 MkII<\/p>\n<p>Com 2 x 200 Watts por canal e utilizando o conceito de design balanceado da Rotel para desempenho superior, o RB-1582 MkII \u00e9 um amplificador est\u00e9reo atraente.<\/p>\n<p>Poder2 x 200 Watts de<br \/>\npot\u00eancia robustaClasse AB<br \/>\nDesign de amplificador classe ABCapacitor<br \/>\nCapacitores de folha cortada de alta qualidade feitos na<br \/>\nGr\u00e3-BretanhaXLREntradas XLR balanceadasMontagem em RackOrelhas de rack inclu\u00eddas<\/p>\n<p>Descri\u00e7\u00e3o do Produto<br \/>\nO pr\u00f3ximo maior amplificador est\u00e9reo da Rotel com 200 Watts por canal fornece a corrente massiva para acionar os maiores sistemas Hi-Fi sem esfor\u00e7o. E como seu irm\u00e3o menor, o RB-1582 MkII foi projetado para se destacar na resolu\u00e7\u00e3o de detalhes sutis na m\u00fasica, al\u00e9m de fornecer a for\u00e7a necess\u00e1ria para passagens extremamente din\u00e2micas. Ele \u00e9 capaz de atender a esse dif\u00edcil requisito duplo por causa da aten\u00e7\u00e3o meticulosa dada ao projeto do circuito e sele\u00e7\u00e3o de pe\u00e7as.<\/p>\n<p>O desempenho de ponta do RB-1582 MkII come\u00e7a com um transformador toroidal extremamente grande combinado com uma capacidade de armazenamento total de 60.000 \u00b5F em capacitores especiais de \u201cfolha de fenda\u201d para fornecer energia completamente est\u00e1vel para o est\u00e1gio de sa\u00edda. Os capacitores de folha cortada t\u00eam a capacidade de carregar e descarregar extremamente rapidamente, garantindo assim a fidelidade do sinal durante crescendos orquestrais ou impactos de bumbo repetitivos, por exemplo. As constru\u00e7\u00f5es dos canais esquerdo e direito s\u00e3o dispostas em um projeto de bloco mono (ap\u00f3s o transformador toroidal) e todo o aterramento \u00e9 terminado em um padr\u00e3o de estrela em uma placa de aterramento de cobre para garantir baixo sinal para ru\u00eddo. O est\u00e1gio de sa\u00edda \u00e9 um projeto discreto que consiste em 10 transistores bipolares de alta corrente por canal. As op\u00e7\u00f5es de entrada consistem em conectores XLR balanceados e RCA n\u00e3o balanceados.<\/p>\n<p>O amplificador de pot\u00eancia est\u00e9reo RB-1582 MkII \u00e9 mais um excelente exemplo do Conceito de Design Balanceado da Rotel e ir\u00e1 formar o cora\u00e7\u00e3o de um sistema est\u00e9reo ou home theater muito impressionante nos anos que vir\u00e3o.<\/p>\n<p>Destaques do produto:<\/p>\n<ul>\n<li>200 watts por canal em 8 ohms (20-20.000 Hz) a 0,03% THD com 2 canais acionados<\/li>\n<li>4 ohms est\u00e1vel para uso com uma ampla gama de alto-falantes<\/li>\n<li>Projeto de amplificador classe AB\n<ul>\n<li>transformador toroidal sob medida<\/li>\n<li>capacitores de alta qualidade, fabricados na Gr\u00e3-Bretanha<\/li>\n<\/ul>\n<\/li>\n<li>resposta de frequ\u00eancia: 10-100.000 Hz (\u00b10,5dB)<\/li>\n<li>rela\u00e7\u00e3o sinal-ru\u00eddo: 116 dB<\/li>\n<li>entradas XLR balanceadas est\u00e9reo e RCA n\u00e3o balanceadas<\/li>\n<li>dois pares de conectores de alto-falante de liga\u00e7\u00e3o de 5 vias<\/li>\n<li>gatilho de entrada\/sa\u00edda de 12 volts comut\u00e1vel<\/li>\n<li>cabo de alimenta\u00e7\u00e3o destac\u00e1vel<\/li>\n<li>orelhas de montagem em rack inclu\u00eddas<\/li>\n<\/ul>\n<h5>Dimens\u00f5es e garantia:<\/h5>\n<ul>\n<li>17&#8243;L x 5-7\/8&#8243;H x 16&#8243;D (espa\u00e7os de rack 3U)<\/li>\n<li>peso: 39 libras.<\/li>\n<li>garantia: 5 anos<\/li>\n<\/ul>\n<h3><\/h3>\n","protected":false},"excerpt":{"rendered":"<p>&nbsp; ROTEL RB-1582 MkII Com 2 x 200 Watts por canal e utilizando o conceito de design balanceado da Rotel para desempenho superior, o RB-1582 MkII \u00e9 um amplificador est\u00e9reo atraente. Poder2 x 200 Watts de pot\u00eancia robustaClasse AB Design de amplificador classe ABCapacitor Capacitores de folha cortada de alta qualidade feitos na Gr\u00e3-BretanhaXLREntradas XLR [&hellip;]<\/p>\n","protected":false},"featured_media":30992,"template":"","meta":{"_acf_changed":false},"product_brand":[],"product_cat":[27,28,24],"product_tag":[],"class_list":{"0":"post-2261","1":"product","2":"type-product","3":"status-publish","4":"has-post-thumbnail","6":"product_cat-amplificador","7":"product_cat-estereo","8":"product_cat-rotel","10":"first","11":"instock","12":"sold-individually","13":"shipping-taxable","14":"purchasable","15":"product-type-simple"},"acf":[],"aioseo_notices":[],"_links":{"self":[{"href":"https:\/\/hificlub.com.br\/loja\/wp-json\/wp\/v2\/product\/2261","targetHints":{"allow":["GET"]}}],"collection":[{"href":"https:\/\/hificlub.com.br\/loja\/wp-json\/wp\/v2\/product"}],"about":[{"href":"https:\/\/hificlub.com.br\/loja\/wp-json\/wp\/v2\/types\/product"}],"wp:featuredmedia":[{"embeddable":true,"href":"https:\/\/hificlub.com.br\/loja\/wp-json\/wp\/v2\/media\/30992"}],"wp:attachment":[{"href":"https:\/\/hificlub.com.br\/loja\/wp-json\/wp\/v2\/media?parent=2261"}],"wp:term":[{"taxonomy":"product_brand","embeddable":true,"href":"https:\/\/hificlub.com.br\/loja\/wp-json\/wp\/v2\/product_brand?post=2261"},{"taxonomy":"product_cat","embeddable":true,"href":"https:\/\/hificlub.com.br\/loja\/wp-json\/wp\/v2\/product_cat?post=2261"},{"taxonomy":"product_tag","embeddable":true,"href":"https:\/\/hificlub.com.br\/loja\/wp-json\/wp\/v2\/product_tag?post=2261"}],"curies":[{"name":"wp","href":"https:\/\/api.w.org\/{rel}","templated":true}]}}