{"id":22604,"date":"2025-06-05T16:58:40","date_gmt":"2025-06-05T19:58:40","guid":{"rendered":"https:\/\/hificlub.com.br\/loja\/?post_type=product&#038;p=22604"},"modified":"2026-03-03T22:17:50","modified_gmt":"2026-03-04T01:17:50","slug":"klipsch-r-120sw-12-subwoofer-400w-bivolt","status":"publish","type":"product","link":"https:\/\/hificlub.com.br\/loja\/produto\/klipsch-r-120sw-12-subwoofer-400w-bivolt\/","title":{"rendered":"KLIPSCH R-120SW &#8211; Subwoofer 12&#8243; &#8211; 400w &#8211; Bivolt"},"content":{"rendered":"<p>Adicione graves robustos a filmes e m\u00fasica com o Subwoofer Klispch R-120SW de 12 \u201ce 400 W. Este subwoofer de disparo frontal inclui um woofer IMG de 12\u201d e fornece at\u00e9 400 W de pot\u00eancia de pico, ou at\u00e9 200 W de pot\u00eancia RMS. Com uma resposta de frequ\u00eancia de 29 a 120 Hz, este subwoofer est\u00e1 equipado para lidar com uma variedade de material de audi\u00e7\u00e3o. As configura\u00e7\u00f5es integradas de controle de baixa freq\u00fc\u00eancia, ganho e fase permitem adaptar o som do subwoofer ao seu ambiente de audi\u00e7\u00e3o. Para flexibilidade de instala\u00e7\u00e3o, as entradas de n\u00edvel de linha e LFE est\u00e3o integradas.<\/p>\n<p><strong>Woofer Giro-cobre do IMG<\/strong><br \/>\nOs woofers de Grafite Moldada por Inje\u00e7\u00e3o (IMG) s\u00e3o projetados para serem leves e r\u00edgidos para melhorar a resposta de baixa freq\u00fc\u00eancia com o m\u00ednimo de quebra e distor\u00e7\u00e3o do cone.<\/p>\n<p><strong>Digital Amplifier<\/strong><br \/>\nO amplificador digital integrado foi projetado para fornecer energia com alta efici\u00eancia e precis\u00e3o de fonte real ao driver para efici\u00eancia, sa\u00edda, detalhes e pot\u00eancia aumentados.<\/p>\n<p><strong>Driver de Front-Firing<\/strong><br \/>\nO driver oferece graves profundos e flexibilidade de posicionamento.<\/p>\n<p><strong>Crossover Low Pass e Controle de Fase<\/strong><br \/>\nEsses controles ajudam voc\u00ea a misturar o subwoofer com outros alto-falantes da Klipsch e a estabelecer o n\u00edvel de graves que deseja em seu ambiente.<\/p>\n<p><strong>Entradas de linha \/ LFE<\/strong><br \/>\nTer duas op\u00e7\u00f5es de entrada ajuda a garantir a compatibilidade com uma variedade de receptores.<\/p>\n<p><strong>LED indicador de energia montado na frente<\/strong><br \/>\nPermite saber quando o subwoofer est\u00e1 ligado ou desligado.<\/p>\n<p><strong>Controles Onboard<\/strong><br \/>\nAs op\u00e7\u00f5es de controle incluem volume, passa baixa, fase (0\/180 \u00b0) e ativa\u00e7\u00e3o autom\u00e1tica<\/p>\n<p><strong>Arm\u00e1rio de MDF com Vinil de Gr\u00e3o de Madeira Resistente a Riscos e Texturizado<\/strong><br \/>\nO design do gabinete \u00e9 projetado para se encaixar em praticamente qualquer decora\u00e7\u00e3o.<\/p>\n<p><strong>Grelha magn\u00e9tica de baixo perfil<\/strong><br \/>\nA grade anexada magneticamente \u00e9 projetada para transpar\u00eancia ac\u00fastica.<\/p>\n<p>&nbsp;<\/p>\n<h2 class=\"t_\">ESPECIFICA\u00c7\u00d5ES<\/h2>\n<p>Resposta de frequ\u00eancia: \u00b1 3dB 29 a 120 Hz<\/p>\n<p>N\u00edvel M\u00e1ximo de Sa\u00edda: 116 dB<\/p>\n<p>Tipo de Amplificador Digital<\/p>\n<p>Pot\u00eancia do Amplificador RMS: 200 W de pico: 400 W<\/p>\n<p>Tamanho do Driver: 12 \u201c\/ 30,5 cm<\/p>\n<p>Tipo de driver: Woofer IMG de alta rota\u00e7\u00e3o com fia\u00e7\u00e3o de cobre<\/p>\n<p>Dire\u00e7\u00e3o: Front-firing<\/p>\n<p>Entradas: 1 x n\u00edvel de linha est\u00e9reo \/ LFE RCA<\/p>\n<p>Est\u00e1gio: Comut\u00e1vel 0\/180 \u00b0<\/p>\n<p>Tipo de gabinete: Bass reflex via porta de disparo traseiro<\/p>\n<p>Material do cerco: MDF<\/p>\n<p>Requerimentos: 100 a 240 VAC, 50\/60 Hz<\/p>\n<p>Dimens\u00f5es (L x A x D):<br \/>\n14 x 16,5 x 19,2 \u201c\/ 356 x 419 x 488 mm<\/p>\n<p>Peso: 31 lb \/ 14,1 kg<\/p>\n<p>&nbsp;<\/p>\n<p><a href=\"https:\/\/www.whathifi.com\/reviews\/klipsch-reference-base-2018-home-cinema-package\" target=\"_blank\" rel=\"noopener\"><img loading=\"lazy\" decoding=\"async\" class=\"alignnone wp-image-22447 size-full\" src=\"https:\/\/hificlub.com.br\/loja\/wp-content\/uploads\/2024\/01\/what-hifi-awards-10.png\" alt=\"\" width=\"316\" height=\"160\" srcset=\"https:\/\/hificlub.com.br\/loja\/wp-content\/uploads\/2024\/01\/what-hifi-awards-10.png 316w, https:\/\/hificlub.com.br\/loja\/wp-content\/uploads\/2024\/01\/what-hifi-awards-10-300x152.png 300w\" sizes=\"auto, (max-width: 316px) 100vw, 316px\" \/><\/a><\/p>\n","protected":false},"excerpt":{"rendered":"<p>Adicione graves robustos a filmes e m\u00fasica com o Subwoofer Klispch R-120SW de 12 \u201ce 400 W. Este subwoofer de disparo frontal inclui um woofer IMG de 12\u201d e fornece at\u00e9 400 W de pot\u00eancia de pico, ou at\u00e9 200 W de pot\u00eancia RMS. Com uma resposta de frequ\u00eancia de 29 a 120 Hz, este [&hellip;]<\/p>\n","protected":false},"featured_media":22605,"template":"","meta":{"_acf_changed":false},"product_brand":[],"product_cat":[17,114,36],"product_tag":[],"class_list":{"0":"post-22604","1":"product","2":"type-product","3":"status-publish","4":"has-post-thumbnail","6":"product_cat-caixas","7":"product_cat-klipsch","8":"product_cat-subwoofer","10":"first","11":"instock","12":"sold-individually","13":"shipping-taxable","14":"purchasable","15":"product-type-simple"},"acf":[],"aioseo_notices":[],"_links":{"self":[{"href":"https:\/\/hificlub.com.br\/loja\/wp-json\/wp\/v2\/product\/22604","targetHints":{"allow":["GET"]}}],"collection":[{"href":"https:\/\/hificlub.com.br\/loja\/wp-json\/wp\/v2\/product"}],"about":[{"href":"https:\/\/hificlub.com.br\/loja\/wp-json\/wp\/v2\/types\/product"}],"wp:featuredmedia":[{"embeddable":true,"href":"https:\/\/hificlub.com.br\/loja\/wp-json\/wp\/v2\/media\/22605"}],"wp:attachment":[{"href":"https:\/\/hificlub.com.br\/loja\/wp-json\/wp\/v2\/media?parent=22604"}],"wp:term":[{"taxonomy":"product_brand","embeddable":true,"href":"https:\/\/hificlub.com.br\/loja\/wp-json\/wp\/v2\/product_brand?post=22604"},{"taxonomy":"product_cat","embeddable":true,"href":"https:\/\/hificlub.com.br\/loja\/wp-json\/wp\/v2\/product_cat?post=22604"},{"taxonomy":"product_tag","embeddable":true,"href":"https:\/\/hificlub.com.br\/loja\/wp-json\/wp\/v2\/product_tag?post=22604"}],"curies":[{"name":"wp","href":"https:\/\/api.w.org\/{rel}","templated":true}]}}