{"id":22365,"date":"2025-06-02T11:02:11","date_gmt":"2025-06-02T14:02:11","guid":{"rendered":"https:\/\/hificlub.com.br\/loja\/?post_type=product&#038;p=22365"},"modified":"2026-03-03T22:17:53","modified_gmt":"2026-03-04T01:17:53","slug":"zavfino-the-cove-ofhc-tonearm-cable","status":"publish","type":"product","link":"https:\/\/hificlub.com.br\/loja\/produto\/zavfino-the-cove-ofhc-tonearm-cable\/","title":{"rendered":"ZAVFINO THE COVE OFHC &#8211; Cabo de Bra\u00e7o Din\/RCA"},"content":{"rendered":"<p>Seu design leve, blindado e de alta pureza permite uma apresenta\u00e7\u00e3o impec\u00e1vel e uma melhoria imediata e percept\u00edvel em rela\u00e7\u00e3o aos cabos originais inclu\u00eddos em muitos cabos novos e antigos. Todas as conex\u00f5es s\u00e3o banhadas a ouro e isoladas com PTFE\/TEF para desempenho ideal.<\/p>\n<p>O Cove, assim como todos os nossos cabos, passa pelo nosso novo processo de limpeza ultrass\u00f4nica, no qual o cobre bruto \u00e9 passado por um banho-maria supercarregado para queimar sujeira, \u00f3leo, part\u00edculas e impurezas da superf\u00edcie do fio. Este banho ultrass\u00f4nico tamb\u00e9m tem o efeito exclusivo de conferir aos nossos cabos um som de pr\u00e9-queima que levaria centenas de horas para ser alcan\u00e7ado com o uso normal.<\/p>\n<p><strong>SPECS<\/strong><\/p>\n<ul>\n<li>Condutor: Condutores de cobre de alta condutividade isentos de oxig\u00eanio,<\/li>\n<li>Isolamentos: diel\u00e9trico de PE, diel\u00e9trico de PTFE, luva de nylon, revestimento de PVC 80C<\/li>\n<li>Blindagem: Mylar de alum\u00ednio com espiral de cobre com revestimento de prata de passo estreito<\/li>\n<li>Aterramento: Fio terra OFC de 50 cm com clipe de aterramento banhado a ouro 24k<\/li>\n<li>Conector f\u00eamea (DIN): DIN 1877 ZAV ou TAD-3R de \u00e2ngulo reto, cobre de alta pureza banhado a ouro 24k, isolado em PTFE\/TEF utilizando constru\u00e7\u00e3o de pino antiestresse 1877.<\/li>\n<li>Conector macho (RCA): 1877 com revestimento em ouro 24k<\/li>\n<li>Luva 1: Luva combinada de monofilamento de tereftalato de polietileno (PET)<\/li>\n<li>Comprimento: 1,2 m<\/li>\n<\/ul>\n","protected":false},"excerpt":{"rendered":"<p>Seu design leve, blindado e de alta pureza permite uma apresenta\u00e7\u00e3o impec\u00e1vel e uma melhoria imediata e percept\u00edvel em rela\u00e7\u00e3o aos cabos originais inclu\u00eddos em muitos cabos novos e antigos. Todas as conex\u00f5es s\u00e3o banhadas a ouro e isoladas com PTFE\/TEF para desempenho ideal. O Cove, assim como todos os nossos cabos, passa pelo nosso [&hellip;]<\/p>\n","protected":false},"featured_media":22366,"template":"","meta":{"_acf_changed":false},"product_brand":[],"product_cat":[61,168,291,272],"product_tag":[],"class_list":{"0":"post-22365","1":"product","2":"type-product","3":"status-publish","4":"has-post-thumbnail","6":"product_cat-cabos","7":"product_cat-marcas","8":"product_cat-tonearm","9":"product_cat-zavfino","11":"first","12":"instock","13":"sold-individually","14":"shipping-taxable","15":"purchasable","16":"product-type-simple"},"acf":[],"aioseo_notices":[],"_links":{"self":[{"href":"https:\/\/hificlub.com.br\/loja\/wp-json\/wp\/v2\/product\/22365","targetHints":{"allow":["GET"]}}],"collection":[{"href":"https:\/\/hificlub.com.br\/loja\/wp-json\/wp\/v2\/product"}],"about":[{"href":"https:\/\/hificlub.com.br\/loja\/wp-json\/wp\/v2\/types\/product"}],"wp:featuredmedia":[{"embeddable":true,"href":"https:\/\/hificlub.com.br\/loja\/wp-json\/wp\/v2\/media\/22366"}],"wp:attachment":[{"href":"https:\/\/hificlub.com.br\/loja\/wp-json\/wp\/v2\/media?parent=22365"}],"wp:term":[{"taxonomy":"product_brand","embeddable":true,"href":"https:\/\/hificlub.com.br\/loja\/wp-json\/wp\/v2\/product_brand?post=22365"},{"taxonomy":"product_cat","embeddable":true,"href":"https:\/\/hificlub.com.br\/loja\/wp-json\/wp\/v2\/product_cat?post=22365"},{"taxonomy":"product_tag","embeddable":true,"href":"https:\/\/hificlub.com.br\/loja\/wp-json\/wp\/v2\/product_tag?post=22365"}],"curies":[{"name":"wp","href":"https:\/\/api.w.org\/{rel}","templated":true}]}}