{"id":22362,"date":"2025-06-02T10:56:23","date_gmt":"2025-06-02T13:56:23","guid":{"rendered":"https:\/\/hificlub.com.br\/loja\/?post_type=product&#038;p=22362"},"modified":"2026-03-03T22:17:54","modified_gmt":"2026-03-04T01:17:54","slug":"zavfino-the-spirit-mkii-ofhc-silver-plated-tonearm-cable","status":"publish","type":"product","link":"https:\/\/hificlub.com.br\/loja\/produto\/zavfino-the-spirit-mkii-ofhc-silver-plated-tonearm-cable\/","title":{"rendered":"ZAVFINO THE SPIRIT MKII OFHC &#8211; Cabo de Bra\u00e7o Banhado a Prata Din\/RCA"},"content":{"rendered":"<p>A filosofia de design por tr\u00e1s do cabo de bra\u00e7o Spirit \u00e9 simples e direta: conhecimento de engenharia, constru\u00e7\u00e3o de qualidade e materiais impec\u00e1veis. Este n\u00e3o \u00e9 um cabo de \u00e1udio modificado, mas sim um cabo projetado exclusivamente para uso com os melhores bra\u00e7os do passado, do presente e do futuro.<\/p>\n<p>O Spirit tem a capacidade de atingir e reter a apresenta\u00e7\u00e3o e a sensa\u00e7\u00e3o reais da execu\u00e7\u00e3o com um calor e uma clareza que definem cada instrumento e todas as suas complexidades, ao mesmo tempo em que reproduzem os vocais no n\u00edvel e na profundidade corretos. Rico, vibrante, preciso e uma \u00f3tima atualiza\u00e7\u00e3o para qualquer sistema.<\/p>\n<p>O Spirit, assim como todos os nossos cabos, passa pelo nosso novo processo de limpeza ultrass\u00f4nica, no qual o cobre bruto \u00e9 passado por um banho de \u00e1gua supercarregado para queimar sujeira, \u00f3leo, part\u00edculas e impurezas da superf\u00edcie do fio. Este banho ultrass\u00f4nico tamb\u00e9m tem o efeito exclusivo de dar aos nossos cabos um som de pr\u00e9-queima que levaria centenas de horas para ser alcan\u00e7ado com o uso normal.<\/p>\n<ul>\n<li>Condutor: Condutores OFHC SILVER, constru\u00e7\u00e3o de passo estreito. Baixa capacit\u00e2ncia, blindado<\/li>\n<\/ul>\n<ul>\n<li>Isolamentos: Diel\u00e9trico PE, diel\u00e9trico PTFE, luva de nylon, revestimento de PVC 80C<\/li>\n<\/ul>\n<ul>\n<li>Blindagem: Mylar de alum\u00ednio com espiral de cobre com revestimento prateado de passo estreito<\/li>\n<\/ul>\n<ul>\n<li>Aterramento: Fio terra OFC de 50 cm com clipe de aterramento banhado a ouro 24kConector F\u00eamea (DIN): ZV88 reto ou TAD-3R DIN de \u00e2ngulo reto, banhado a ouro 24k, isolado em cobre de alta pureza com PTFE\/TEF utilizando constru\u00e7\u00e3o de pino antiestresse 1877.<\/li>\n<\/ul>\n<ul>\n<li>Conector Macho (RCA): 1877 ZSP4 com conjunto de pinos de cobre OCC em ouro 24k,<\/li>\n<\/ul>\n<ul>\n<li>Luva 1: Luva de monofilamento de tereftalato de polietileno (PET) combinada com nylon resistente \u00e0 abras\u00e3o de alta tens\u00e3o.<\/li>\n<\/ul>\n","protected":false},"excerpt":{"rendered":"<p>A filosofia de design por tr\u00e1s do cabo de bra\u00e7o Spirit \u00e9 simples e direta: conhecimento de engenharia, constru\u00e7\u00e3o de qualidade e materiais impec\u00e1veis. Este n\u00e3o \u00e9 um cabo de \u00e1udio modificado, mas sim um cabo projetado exclusivamente para uso com os melhores bra\u00e7os do passado, do presente e do futuro. O Spirit tem a [&hellip;]<\/p>\n","protected":false},"featured_media":22363,"template":"","meta":{"_acf_changed":false},"product_brand":[],"product_cat":[61,291,272],"product_tag":[],"class_list":{"0":"post-22362","1":"product","2":"type-product","3":"status-publish","4":"has-post-thumbnail","6":"product_cat-cabos","7":"product_cat-tonearm","8":"product_cat-zavfino","10":"first","11":"instock","12":"sold-individually","13":"shipping-taxable","14":"purchasable","15":"product-type-simple"},"acf":[],"aioseo_notices":[],"_links":{"self":[{"href":"https:\/\/hificlub.com.br\/loja\/wp-json\/wp\/v2\/product\/22362","targetHints":{"allow":["GET"]}}],"collection":[{"href":"https:\/\/hificlub.com.br\/loja\/wp-json\/wp\/v2\/product"}],"about":[{"href":"https:\/\/hificlub.com.br\/loja\/wp-json\/wp\/v2\/types\/product"}],"wp:featuredmedia":[{"embeddable":true,"href":"https:\/\/hificlub.com.br\/loja\/wp-json\/wp\/v2\/media\/22363"}],"wp:attachment":[{"href":"https:\/\/hificlub.com.br\/loja\/wp-json\/wp\/v2\/media?parent=22362"}],"wp:term":[{"taxonomy":"product_brand","embeddable":true,"href":"https:\/\/hificlub.com.br\/loja\/wp-json\/wp\/v2\/product_brand?post=22362"},{"taxonomy":"product_cat","embeddable":true,"href":"https:\/\/hificlub.com.br\/loja\/wp-json\/wp\/v2\/product_cat?post=22362"},{"taxonomy":"product_tag","embeddable":true,"href":"https:\/\/hificlub.com.br\/loja\/wp-json\/wp\/v2\/product_tag?post=22362"}],"curies":[{"name":"wp","href":"https:\/\/api.w.org\/{rel}","templated":true}]}}