{"id":22125,"date":"2025-05-30T03:59:30","date_gmt":"2025-05-30T06:59:30","guid":{"rendered":"https:\/\/hificlub.com.br\/loja\/?post_type=product&#038;p=22125"},"modified":"2026-03-03T22:17:57","modified_gmt":"2026-03-04T01:17:57","slug":"definitive-technology-dymension-tech-aw-450-caixa-outdoor-par","status":"publish","type":"product","link":"https:\/\/hificlub.com.br\/loja\/produto\/definitive-technology-dymension-tech-aw-450-caixa-outdoor-par\/","title":{"rendered":"DEFINITIVE TECHNOLOGY DYMENSION TECH AW-450 BLACK- Caixa Outdoor &#8211; Par"},"content":{"rendered":"<p>Caixa de Som Externa Bidirecional de 4,5\u201d para Montagem em Superf\u00edcie<\/p>\n<p>A caixa de som compacta Dymension AW-450 para montagem em superf\u00edcie, para todas as condi\u00e7\u00f5es clim\u00e1ticas, preenche pequenos espa\u00e7os externos com um som n\u00edtido e din\u00e2mico, integrando-se ao ambiente. A correspond\u00eancia de timbre garante uma integra\u00e7\u00e3o perfeita com as caixas de som Dymension.<\/p>\n<p>Tweeter com c\u00fapula de \u00f3xido de alum\u00ednio<br \/>\nWoofer com preenchimento mineral<br \/>\nRadiador de graves passivo<br \/>\nCorrespond\u00eancia de timbre<br \/>\nProte\u00e7\u00e3o IP66 para todas as condi\u00e7\u00f5es clim\u00e1ticas<br \/>\nCaixa robusta<\/p>\n<p><strong>SPECS<\/strong><\/p>\n<p>Montagem: Suporte de parede com ajuste de +\/- 60 graus em um plano<br \/>\nClassifica\u00e7\u00e3o IP: IP66<br \/>\nCaracter\u00edsticas t\u00e9cnicas: Caixa com preenchimento mineral<br \/>\nEntradas: 1 par de terminais de 5 vias<br \/>\nDrivers: Tweeter com c\u00fapula de \u00f3xido de alum\u00ednio de 1&#8243;, woofer com preenchimento mineral de 4,5&#8243;, radiador de graves acoplado por press\u00e3o de 4&#8243; x 6&#8243;<br \/>\nResposta de frequ\u00eancia (-3dB): 86 Hz \u2013 24 kHz<br \/>\nResposta de frequ\u00eancia (-10dB): 65 Hz \u2013 32 kHz<br \/>\nSensibilidade (2,83Vrms\/1m): 85 dB<br \/>\nImped\u00e2ncia nominal: 4\u03a9 (compat\u00edvel com 8\u03a9)<br \/>\nPot\u00eancia recomendada do amplificador: 20-100W<br \/>\nGarantia: 5 anos<\/p>\n<p>Dimens\u00f5es (pol.) A x L x P: 11,4 x 6,6 x 8,0<br \/>\nPeso do produto: 5,5kg<br \/>\nCores dispon\u00edveis: Preto, Branco<\/p>\n<p>&nbsp;<\/p>\n","protected":false},"excerpt":{"rendered":"<p>Caixa de Som Externa Bidirecional de 4,5\u201d para Montagem em Superf\u00edcie A caixa de som compacta Dymension AW-450 para montagem em superf\u00edcie, para todas as condi\u00e7\u00f5es clim\u00e1ticas, preenche pequenos espa\u00e7os externos com um som n\u00edtido e din\u00e2mico, integrando-se ao ambiente. A correspond\u00eancia de timbre garante uma integra\u00e7\u00e3o perfeita com as caixas de som Dymension. Tweeter [&hellip;]<\/p>\n","protected":false},"featured_media":22140,"template":"","meta":{"_acf_changed":false},"product_brand":[],"product_cat":[283,17,168],"product_tag":[],"class_list":{"0":"post-22125","1":"product","2":"type-product","3":"status-publish","4":"has-post-thumbnail","6":"product_cat-caixa-outdoor","7":"product_cat-caixas","8":"product_cat-marcas","10":"first","11":"instock","12":"sold-individually","13":"shipping-taxable","14":"purchasable","15":"product-type-simple"},"acf":[],"aioseo_notices":[],"_links":{"self":[{"href":"https:\/\/hificlub.com.br\/loja\/wp-json\/wp\/v2\/product\/22125","targetHints":{"allow":["GET"]}}],"collection":[{"href":"https:\/\/hificlub.com.br\/loja\/wp-json\/wp\/v2\/product"}],"about":[{"href":"https:\/\/hificlub.com.br\/loja\/wp-json\/wp\/v2\/types\/product"}],"wp:featuredmedia":[{"embeddable":true,"href":"https:\/\/hificlub.com.br\/loja\/wp-json\/wp\/v2\/media\/22140"}],"wp:attachment":[{"href":"https:\/\/hificlub.com.br\/loja\/wp-json\/wp\/v2\/media?parent=22125"}],"wp:term":[{"taxonomy":"product_brand","embeddable":true,"href":"https:\/\/hificlub.com.br\/loja\/wp-json\/wp\/v2\/product_brand?post=22125"},{"taxonomy":"product_cat","embeddable":true,"href":"https:\/\/hificlub.com.br\/loja\/wp-json\/wp\/v2\/product_cat?post=22125"},{"taxonomy":"product_tag","embeddable":true,"href":"https:\/\/hificlub.com.br\/loja\/wp-json\/wp\/v2\/product_tag?post=22125"}],"curies":[{"name":"wp","href":"https:\/\/api.w.org\/{rel}","templated":true}]}}