{"id":22110,"date":"2025-05-29T17:21:02","date_gmt":"2025-05-29T20:21:02","guid":{"rendered":"https:\/\/hificlub.com.br\/loja\/?post_type=product&#038;p=22110"},"modified":"2025-05-30T04:07:05","modified_gmt":"2025-05-30T07:07:05","slug":"rotel-rb-956ax-amplificador-multicanal-6x30-watts","status":"publish","type":"product","link":"https:\/\/hificlub.com.br\/loja\/produto\/rotel-rb-956ax-amplificador-multicanal-6x30-watts\/","title":{"rendered":"ROTEL RB-956AX Amplificador Multicanal 6x 30 watts"},"content":{"rendered":"<p>ROTEL-RB-956AX-Amplificador-Multicanal-Eleve sua experi\u00eancia de \u00e1udio com o Amplificador de Pot\u00eancia Rotel RB-956AX, uma unidade robusta e vers\u00e1til projetada para oferecer som de alta fidelidade. Com suporte para os modos AM e FM, ele atende \u00e0s suas necessidades de \u00e1udio cl\u00e1ssico, al\u00e9m de entradas digitais modernas. O exterior preto elegante oferece uma variedade de recursos, incluindo seis canais de sa\u00edda e m\u00faltiplas op\u00e7\u00f5es de entrada, como RCA est\u00e9reo L\/R, para uma configura\u00e7\u00e3o de \u00e1udio abrangente.<\/p>\n<p>O RB-956AX \u00e9 equipado com conectores banana para alto-falantes, permitindo f\u00e1cil conectividade com o seu sistema de som preferido. Com uma pot\u00eancia de sa\u00edda de 30 W, este amplificador garante clareza e pot\u00eancia na entrega de \u00e1udio. Seja para audi\u00e7\u00e3o casual ou para a configura\u00e7\u00e3o meticulosa de um audi\u00f3filo, esta unidade promete um ambiente sonoro rico e detalhado.<\/p>\n<p>O Rotel RB-956AX cont\u00e9m seis amplificadores de 30 watts (mas com classifica\u00e7\u00e3o conservadora) em uma \u00fanica unidade, um pouco menor do que um receptor A\/V t\u00edpico. Os canais s\u00e3o agrupados em tr\u00eas pares est\u00e9reo, com conectores de entrada de sinal e terminais de sa\u00edda de alto-falante independentes. Cada par est\u00e9reo tamb\u00e9m possui uma pequena chave seletora na parte traseira, perto de suas conex\u00f5es de entrada e sa\u00edda, que o converte para opera\u00e7\u00e3o mono em ponte, fornecendo o triplo da pot\u00eancia nominal de um de seus canais est\u00e9reo. Outra op\u00e7\u00e3o \u00e9 a bi-amplifica\u00e7\u00e3o em um sistema est\u00e9reo convencional, com dois dos pares de amplificadores acionando separadamente as se\u00e7\u00f5es de tweeter e woofer de alto-falantes cujas se\u00e7\u00f5es de baixa e alta frequ\u00eancia t\u00eam entradas separadas; o terceiro par de amplificadores pode ser usado para outra finalidade, como acionar um subwoofer ou alto-falantes em outra sala.<\/p>\n<p><strong>SPECS<\/strong><\/p>\n<p>Pot\u00eancia de sa\u00edda: 30 watts por canal em 8\u03a9 (6 canais), 90 watts em 8\u03a9 (mono)<\/p>\n<p>Resposta de frequ\u00eancia: 10Hz a 80kHz<\/p>\n<p>Distor\u00e7\u00e3o harm\u00f4nica total: 0,03%<\/p>\n<p>Fator de amortecimento: 180<\/p>\n<p>Sensibilidade de entrada: 1V<\/p>\n<p>Rela\u00e7\u00e3o sinal-ru\u00eddo: 105dB<\/p>\n<p>Imped\u00e2ncia de carga do alto-falante: 4\u03a9 a 16\u03a9<\/p>\n<p>Sa\u00edda (alto-falantes): m\u00ednimo de 8 ohms (modo conectado); 4-16 ohms (modo est\u00e9reo)<\/p>\n<p>Fator de amortecimento: 180 (20 a 20.000 Hz, 8 ohms)<\/p>\n<p>Consumo de energia: 400 watts<\/p>\n<p>Dimens\u00f5es: 440 (L) x 92 (A) x 396 (P)<\/p>\n<p>Peso: 10,5kg<\/p>\n<p>&nbsp;<\/p>\n","protected":false},"excerpt":{"rendered":"<p>ROTEL-RB-956AX-Amplificador-Multicanal-Eleve sua experi\u00eancia de \u00e1udio com o Amplificador de Pot\u00eancia Rotel RB-956AX, uma unidade robusta e vers\u00e1til projetada para oferecer som de alta fidelidade. Com suporte para os modos AM e FM, ele atende \u00e0s suas necessidades de \u00e1udio cl\u00e1ssico, al\u00e9m de entradas digitais modernas. O exterior preto elegante oferece uma variedade de recursos, incluindo [&hellip;]<\/p>\n","protected":false},"featured_media":22113,"template":"","meta":{"_acf_changed":false},"product_brand":[],"product_cat":[27,168,48,24],"product_tag":[],"class_list":{"0":"post-22110","1":"product","2":"type-product","3":"status-publish","4":"has-post-thumbnail","6":"product_cat-amplificador","7":"product_cat-marcas","8":"product_cat-multicanal","9":"product_cat-rotel","11":"first","12":"instock","13":"sold-individually","14":"shipping-taxable","15":"purchasable","16":"product-type-simple"},"acf":[],"aioseo_notices":[],"_links":{"self":[{"href":"https:\/\/hificlub.com.br\/loja\/wp-json\/wp\/v2\/product\/22110","targetHints":{"allow":["GET"]}}],"collection":[{"href":"https:\/\/hificlub.com.br\/loja\/wp-json\/wp\/v2\/product"}],"about":[{"href":"https:\/\/hificlub.com.br\/loja\/wp-json\/wp\/v2\/types\/product"}],"wp:featuredmedia":[{"embeddable":true,"href":"https:\/\/hificlub.com.br\/loja\/wp-json\/wp\/v2\/media\/22113"}],"wp:attachment":[{"href":"https:\/\/hificlub.com.br\/loja\/wp-json\/wp\/v2\/media?parent=22110"}],"wp:term":[{"taxonomy":"product_brand","embeddable":true,"href":"https:\/\/hificlub.com.br\/loja\/wp-json\/wp\/v2\/product_brand?post=22110"},{"taxonomy":"product_cat","embeddable":true,"href":"https:\/\/hificlub.com.br\/loja\/wp-json\/wp\/v2\/product_cat?post=22110"},{"taxonomy":"product_tag","embeddable":true,"href":"https:\/\/hificlub.com.br\/loja\/wp-json\/wp\/v2\/product_tag?post=22110"}],"curies":[{"name":"wp","href":"https:\/\/api.w.org\/{rel}","templated":true}]}}