{"id":21941,"date":"2025-05-28T08:07:46","date_gmt":"2025-05-28T11:07:46","guid":{"rendered":"https:\/\/hificlub.com.br\/loja\/?post_type=product&#038;p=21941"},"modified":"2026-03-03T22:17:59","modified_gmt":"2026-03-04T01:17:59","slug":"jbl-stage-200p-300w-subwoofer","status":"publish","type":"product","link":"https:\/\/hificlub.com.br\/loja\/produto\/jbl-stage-200p-300w-subwoofer\/","title":{"rendered":"JBL STAGE 200P &#8211; Subwoofer 10&#8243; &#8211; 300w"},"content":{"rendered":"<p>Projetado e desenvolvido em nosso mundialmente famoso Centro de Excel\u00eancia em Engenharia Ac\u00fastica em Northridge, Calif\u00f3rnia, o Stage 200P \u00e9 um subwoofer de 300 W que combina perfeitamente com toda a s\u00e9rie Stage e proporciona a emo\u00e7\u00e3o de graves que os clientes desejam. Este subwoofer possui um woofer de baixa frequ\u00eancia de policelulose de 10 polegadas (250 mm) de alta excurs\u00e3o frontal com duas portas sintonizadas de disparo traseiro que proporcionam graves profundos e potentes, caracter\u00edsticos da JBL. Um conjunto completo de controles facilita a integra\u00e7\u00e3o do sistema.<\/p>\n<p><strong>SPECS<\/strong><\/p>\n<p>Tipo: Subwoofer Amplificado<\/p>\n<p>Driver de Baixa Frequ\u00eancia: Policelulose de 10 polegadas (250 mm) com Nervuras de Alta Expans\u00e3o<\/p>\n<p>Pot\u00eancia do Amplificador: 150 W RMS (300 W Din\u00e2mico)<\/p>\n<p>Resposta de Frequ\u00eancia: \u00b1 6 dB 28 Hz-150 Hz<\/p>\n<p>Frequ\u00eancias de Crossover: 50 Hz-150 Hz (vari\u00e1vel) 24 dB\/oitava<\/p>\n<p>Controles: 35 Hz-150 Hz<\/p>\n<p>Controles: Auto Power, Crossover, Level, Phase<\/p>\n<p>Entradas: Uma (1) Entrada LFE de N\u00edvel de Linha<\/p>\n<p>Ajuste do Gabinete: Bass-Reflex via Portas Duplas de Ajuste Traseiro<\/p>\n<p>Requisitos de Energia: 120 V, 60 Hz (EUA) 220-230 V, 50\/60 Hz (UE)<\/p>\n<p>Consumo de Energia: &lt;0,5 W (standby) \/ 205 W\/1,6 A (m\u00e1x. &#8211; 230 V) \/ 205 W\/3,15 A (m\u00e1x. &#8211; 120 V)<\/p>\n<p><strong>Dimens\u00f5es<\/strong><br \/>\nDimens\u00f5es (A x L x P): 361 mm x 350 mm x 385 mm<br \/>\nPeso do produto: 14,4 kg<br \/>\nPeso para envio: 18,3 kg<\/p>\n<dl class=\"ds-specs\">\n<dd><\/dd>\n<\/dl>\n","protected":false},"excerpt":{"rendered":"<p>Projetado e desenvolvido em nosso mundialmente famoso Centro de Excel\u00eancia em Engenharia Ac\u00fastica em Northridge, Calif\u00f3rnia, o Stage 200P \u00e9 um subwoofer de 300 W que combina perfeitamente com toda a s\u00e9rie Stage e proporciona a emo\u00e7\u00e3o de graves que os clientes desejam. Este subwoofer possui um woofer de baixa frequ\u00eancia de policelulose de 10 [&hellip;]<\/p>\n","protected":false},"featured_media":21942,"template":"","meta":{"_acf_changed":false},"product_brand":[],"product_cat":[17,46,168,36],"product_tag":[],"class_list":{"0":"post-21941","1":"product","2":"type-product","3":"status-publish","4":"has-post-thumbnail","6":"product_cat-caixas","7":"product_cat-jbl","8":"product_cat-marcas","9":"product_cat-subwoofer","11":"first","12":"instock","13":"sold-individually","14":"shipping-taxable","15":"purchasable","16":"product-type-simple"},"acf":[],"aioseo_notices":[],"_links":{"self":[{"href":"https:\/\/hificlub.com.br\/loja\/wp-json\/wp\/v2\/product\/21941","targetHints":{"allow":["GET"]}}],"collection":[{"href":"https:\/\/hificlub.com.br\/loja\/wp-json\/wp\/v2\/product"}],"about":[{"href":"https:\/\/hificlub.com.br\/loja\/wp-json\/wp\/v2\/types\/product"}],"wp:featuredmedia":[{"embeddable":true,"href":"https:\/\/hificlub.com.br\/loja\/wp-json\/wp\/v2\/media\/21942"}],"wp:attachment":[{"href":"https:\/\/hificlub.com.br\/loja\/wp-json\/wp\/v2\/media?parent=21941"}],"wp:term":[{"taxonomy":"product_brand","embeddable":true,"href":"https:\/\/hificlub.com.br\/loja\/wp-json\/wp\/v2\/product_brand?post=21941"},{"taxonomy":"product_cat","embeddable":true,"href":"https:\/\/hificlub.com.br\/loja\/wp-json\/wp\/v2\/product_cat?post=21941"},{"taxonomy":"product_tag","embeddable":true,"href":"https:\/\/hificlub.com.br\/loja\/wp-json\/wp\/v2\/product_tag?post=21941"}],"curies":[{"name":"wp","href":"https:\/\/api.w.org\/{rel}","templated":true}]}}