{"id":21921,"date":"2025-05-27T18:42:55","date_gmt":"2025-05-27T21:42:55","guid":{"rendered":"https:\/\/hificlub.com.br\/loja\/?post_type=product&#038;p=21921"},"modified":"2026-03-03T22:17:59","modified_gmt":"2026-03-04T01:17:59","slug":"sonos-era-300-black-caixa-espacial","status":"publish","type":"product","link":"https:\/\/hificlub.com.br\/loja\/produto\/sonos-era-300-black-caixa-espacial\/","title":{"rendered":"SONOS ERA 300 &#8211; Caixa Espacial com Suporte Nativo a Dolby Atmos Music, Bluetooth e Airplay"},"content":{"rendered":"<p>Com \u00e1udio de \u00faltima gera\u00e7\u00e3o que chega de todas as dire\u00e7\u00f5es, o Era 300 n\u00e3o apenas envolve voc\u00ea, mas tamb\u00e9m o coloca dentro da sua m\u00fasica.<\/p>\n<p>A <b>Sonos Era 300<\/b> \u00e9 uma caixa de som inteligente (smart speaker) sem fio premium, projetada e otimizada pela Sonos especificamente para reproduzir \u00c1udio Espacial com suporte a <b>Dolby Atmos Music<\/b>.<\/p>\n<p>Ela n\u00e3o \u00e9 apenas uma caixa de som est\u00e9reo, mas sim um componente ac\u00fastico de <span class=\"math-inline\" data-math=\"360\\text{ graus}\">$360\\text{ graus}$<\/span> que projeta o som em m\u00faltiplas dire\u00e7\u00f5es, criando uma experi\u00eancia de \u00e1udio tridimensional e imersiva.<\/p>\n<p><strong>Destaques e Recursos Principais<\/strong><\/p>\n<p>\u00c1udio Espacial e Dolby Atmos: \u00c9 o primeiro alto-falante <i>standalone<\/i> da Sonos com drivers posicionados para cima e para os lados, permitindo a reprodu\u00e7\u00e3o nativa de conte\u00fado Dolby Atmos Music (de servi\u00e7os como Amazon Music Unlimited e Apple Music).<\/p>\n<p><b>Conjunto de Drivers Inovador:<\/b> Cont\u00e9m <b><span class=\"math-inline\" data-math=\"6\">6<\/span>\u00a0drivers<\/b> (alto-falantes) internos:<\/p>\n<ul>\n<li><span class=\"math-inline\" data-math=\"4\">4<\/span>\u00a0Tweeters: Um frontal (m\u00e9dios), dois laterais (separa\u00e7\u00e3o est\u00e9reo) e um voltado para cima (para canais de altura Atmos).<\/li>\n<li><span class=\"math-inline\" data-math=\"2\">2<\/span>\u00a0Woofers: Angulados para maximizar a sa\u00edda de graves e suportar a separa\u00e7\u00e3o est\u00e9reo.<\/li>\n<li>Todos s\u00e3o alimentados por <span class=\"math-inline\" data-math=\"6\">6<\/span>\u00a0amplificadores digitais Classe-D.<\/li>\n<\/ul>\n<p><b>Calibra\u00e7\u00e3o Trueplay:<\/b> Inclui o sistema de calibra\u00e7\u00e3o <b>Trueplay<\/b> da Sonos, que usa os microfones embutidos (ou o microfone de um dispositivo iOS\/iPadOS para a calibra\u00e7\u00e3o avan\u00e7ada) para analisar a ac\u00fastica do ambiente e otimizar a equaliza\u00e7\u00e3o da caixa de som.<\/p>\n<p><b>Conectividade Total:<\/b><\/p>\n<ul>\n<li>Wi-Fi 6 (802.11ax): Permite <i>streaming<\/i> de \u00e1udio de alta qualidade sem interrup\u00e7\u00f5es.<\/li>\n<li>Bluetooth 5.0\/5.3: Adiciona flexibilidade, permitindo <i>streaming<\/i> direto de dispositivos m\u00f3veis.<\/li>\n<li>AirPlay 2: Suporte nativo para dispositivos Apple.<\/li>\n<\/ul>\n<p><b>Entrada de Linha (Line-In):<\/b> Possui uma porta <b>USB-C<\/b> multifuncional que, com um adaptador Line-In opcional (vendido separadamente), permite conectar fontes anal\u00f3gicas, como toca-discos ou outros dispositivos.<\/p>\n<p><b>Sistema Surround:<\/b> Duas caixas Era 300 podem ser emparelhadas para atuar como alto-falantes traseiros de um <i>home theater<\/i>, complementando as <i>soundbars<\/i> Sonos Arc ou Beam (Gen 2) com canais de altura e laterais dedicados.<\/p>\n<p><b>Controle Inteligente:<\/b> Inclui controle de voz <b>&#8220;Hey Sonos&#8221;<\/b> e <b>Amazon Alexa<\/b> (dependendo da regi\u00e3o), al\u00e9m de controles t\u00e1teis intuitivos e o aplicativo Sonos S2.<\/p>\n<p>&nbsp;<\/p>\n<p><a href=\"https:\/\/www.whathifi.com\/news\/sonos-award-winning-era-300-has-plummeted-to-its-lowest-ever-price-now-pound100-off\"><img loading=\"lazy\" decoding=\"async\" class=\"alignnone wp-image-22882\" src=\"https:\/\/hificlub.com.br\/loja\/wp-content\/uploads\/2025\/06\/what-hifi-awards.png\" alt=\"\" width=\"203\" height=\"103\" srcset=\"https:\/\/hificlub.com.br\/loja\/wp-content\/uploads\/2025\/06\/what-hifi-awards.png 316w, https:\/\/hificlub.com.br\/loja\/wp-content\/uploads\/2025\/06\/what-hifi-awards-300x152.png 300w\" sizes=\"auto, (max-width: 203px) 100vw, 203px\" \/><\/a><\/p>\n<div class=\"TechSpecs_techSpecsGrid__14w0wdg4\">\n<p>&nbsp;<\/p>\n<\/div>\n","protected":false},"excerpt":{"rendered":"<p>Com \u00e1udio de \u00faltima gera\u00e7\u00e3o que chega de todas as dire\u00e7\u00f5es, o Era 300 n\u00e3o apenas envolve voc\u00ea, mas tamb\u00e9m o coloca dentro da sua m\u00fasica. A Sonos Era 300 \u00e9 uma caixa de som inteligente (smart speaker) sem fio premium, projetada e otimizada pela Sonos especificamente para reproduzir \u00c1udio Espacial com suporte a Dolby [&hellip;]<\/p>\n","protected":false},"featured_media":21925,"template":"","meta":{"_acf_changed":false},"product_brand":[],"product_cat":[278,168,253],"product_tag":[],"class_list":{"0":"post-21921","1":"product","2":"type-product","3":"status-publish","4":"has-post-thumbnail","6":"product_cat-caixa-espacial","7":"product_cat-marcas","8":"product_cat-sonos","10":"first","11":"instock","12":"sold-individually","13":"shipping-taxable","14":"purchasable","15":"product-type-simple"},"acf":[],"aioseo_notices":[],"_links":{"self":[{"href":"https:\/\/hificlub.com.br\/loja\/wp-json\/wp\/v2\/product\/21921","targetHints":{"allow":["GET"]}}],"collection":[{"href":"https:\/\/hificlub.com.br\/loja\/wp-json\/wp\/v2\/product"}],"about":[{"href":"https:\/\/hificlub.com.br\/loja\/wp-json\/wp\/v2\/types\/product"}],"wp:featuredmedia":[{"embeddable":true,"href":"https:\/\/hificlub.com.br\/loja\/wp-json\/wp\/v2\/media\/21925"}],"wp:attachment":[{"href":"https:\/\/hificlub.com.br\/loja\/wp-json\/wp\/v2\/media?parent=21921"}],"wp:term":[{"taxonomy":"product_brand","embeddable":true,"href":"https:\/\/hificlub.com.br\/loja\/wp-json\/wp\/v2\/product_brand?post=21921"},{"taxonomy":"product_cat","embeddable":true,"href":"https:\/\/hificlub.com.br\/loja\/wp-json\/wp\/v2\/product_cat?post=21921"},{"taxonomy":"product_tag","embeddable":true,"href":"https:\/\/hificlub.com.br\/loja\/wp-json\/wp\/v2\/product_tag?post=21921"}],"curies":[{"name":"wp","href":"https:\/\/api.w.org\/{rel}","templated":true}]}}