{"id":2192,"date":"2023-10-17T19:59:25","date_gmt":"2023-10-17T22:59:25","guid":{"rendered":"https:\/\/hificlub.com.br\/loja2\/produto\/panamax-mr4300-1800w-15a-9-tomadas\/"},"modified":"2026-04-22T05:10:37","modified_gmt":"2026-04-22T08:10:37","slug":"panamax-mr4300-1800w-15a-9-tomadas","status":"publish","type":"product","link":"https:\/\/hificlub.com.br\/loja\/produto\/panamax-mr4300-1800w-15a-9-tomadas\/","title":{"rendered":"PANAMAX MR4300  1800w 15A  9 Tomadas"},"content":{"rendered":"<p>9 tomadas el\u00e9tricas protegidas e filtradas<\/p>\n<p>Monitoramento Autom\u00e1tico de Tens\u00e3o Exclusivo (AVM)<\/p>\n<p>Tecnologia Protect or Disconnect\u2122<\/p>\n<p>Carregamento USB (0,5V\/5V)<\/p>\n<p>Filtra\u00e7\u00e3o linear de n\u00edvel 3 (2 bancos totalmente isolados) com banco de sa\u00edda de alta corrente dedicado (4 sa\u00eddas)<\/p>\n<p>Prote\u00e7\u00e3o de sinal de antena, cabo ou sat\u00e9lite, LAN e TELCO<\/p>\n<p>Luzes de m\u00eddia rotativas e regul\u00e1veis \u200b\u200biluminam equipamentos<\/p>\n<p>Cabo de alimenta\u00e7\u00e3o de 8 p\u00e9s com plugue de baixo perfil<\/p>\n<p>orelhas de rack inclu\u00eddas<\/p>\n<p>Fam\u00edliaS\u00e9rie RM<\/p>\n<p>Tens\u00e3o da linha 120 (Volts)<\/p>\n<p>N\u00famero de tomadas 9<\/p>\n<p>N\u00famero de Bancos Isolados 2<\/p>\n<p><strong>Descri\u00e7\u00f5es de tomadas<\/strong><\/p>\n<p>Todas as 9 sa\u00eddas filtradas e protegidas contra surtos.<\/p>\n<p>As sa\u00eddas do banco 2 s\u00e3o de alta corrente<\/p>\n<p>Mont\u00e1vel em Rack<\/p>\n<p>Orelhas de Rack Inclu\u00eddasS<\/p>\n<p>Medidor(es) do painel frontal LED volt\u00edmetro<\/p>\n<p>Luzes frontais de m\u00eddia 2 luzes de m\u00eddia rotativas e regul\u00e1veis<\/p>\n<p>Ao controle Controle liga\/desliga para todas as tomadas atrav\u00e9s do bot\u00e3o liga\/desliga do painel frontal.<\/p>\n<p>Conformidade cCSAus<\/p>\n<p>Carregamento USB 1 carregador USB no painel frontal<\/p>\n<p>Gatilho de baixa tens\u00e3o N \/ D<\/p>\n<p>Cabo de alimenta\u00e7\u00e3o CAC ativo de 8 p\u00e9s, com plugue de baixo perfil<\/p>\n<p>Dimens\u00f5es 17&#8243; L x 6&#8243; P x 1,75&#8243; A, 2,19&#8243; A com p\u00e9s<\/p>\n<p>Peso 6,5 libras<\/p>\n<p>Tecnologia de prote\u00e7\u00e3o CA Proteger ou desconectar<\/p>\n<p>o monitoramento autom\u00e1tico de tens\u00e3o<\/p>\n<p>L-N, LG, NG Modos de prote\u00e7\u00e3o<\/p>\n<p>Fus\u00e3o t\u00e9rmica<\/p>\n<p>Desligamento por Subtens\u00e3o100 V \u00b1 2 V<\/p>\n<p>Desligamento por sobretens\u00e3o140 V \u00b1 4 V<\/p>\n<p>Classifica\u00e7\u00e3o atual m\u00e1xima15 (Amperes)<\/p>\n<p>N\u00edvel inicial de apertoPico 200V<\/p>\n<p>Tecnologia de Filtra\u00e7\u00e3oElevador<\/p>\n<p>Classifica\u00e7\u00e3o de filtragem<\/p>\n<p>Banco 1:\u00a0-70dB min.\u00a0@ 100kHz\u00a0-65dB min.\u00a0@ 250kHz\u00a0-45dB min.\u00a0@ 500kHz\u00a0Filtra\u00e7\u00e3o m\u00e1xima: -80dB @ 150kHz<\/p>\n<p>Banco 2 \u2013 Alta Corrente, Baixa Imped\u00e2ncia\u00a0-50dB min.\u00a0@ 100kHz\u00a0-60dB min.\u00a0@ 250kHz\u00a0-45dB min.\u00a0@ 500kHz\u00a0Filtra\u00e7\u00e3o m\u00e1xima: -63dB @ 250kHz<\/p>\n<p>&nbsp;<\/p>\n<p>Prote\u00e7\u00e3o de linha de sinal1 LAN, 1 Tel, 2 Cabo\/Sat\u00e9lite<\/p>\n<p>Comprimento19,6 (polegadas)<\/p>\n<p>Largura12,1 (polegadas)<\/p>\n<p>Altura5,2 (polegadas)<\/p>\n<p>Peso8 (lbs)<\/p>\n<p>Unidade de medidaCada<\/p>\n<p>UPC050616008938<\/p>\n<p>Quantidade do pacote principal4<\/p>\n<p>Classifica\u00e7\u00e3o de prote\u00e7\u00e3o de tens\u00e3o (UL 1449 3\u00aa edi\u00e7\u00e3o, 3.000A)330V<\/p>\n<p>Dissipa\u00e7\u00e3o de energia de pulso \u00fanico1575 Joules<\/p>\n<p>Tempo de resposta1ns<\/p>\n<p>Corrente de Descarga Nominal (UL 1449 3\u00aa Edi\u00e7\u00e3o)3.000A<\/p>\n<p>Prote\u00e7\u00e3o LAN \u2013 Fios protegidos8 fios<\/p>\n<p>LAN \u2013 ConectoresRJ-45<\/p>\n<p>LAN \u2013 Compatibilidade10\/100\/1000bT<\/p>\n<p>LAN &#8211; N\u00edvel de Fixa\u00e7\u00e3o62 V \u00b1 6 V @ 1 mA<\/p>\n<p>Prote\u00e7\u00e3o TEL \u2013 Fios Protegidos2 fios, 1 par (4, 5)<\/p>\n<p>Telco \u2013 JacksRJ-11<\/p>\n<p>Telco \u2013 sem fus\u00edvel\/reinicializa\u00e7\u00e3o autom\u00e1ticaSim<\/p>\n<p>Telco &#8211; N\u00edvel de Fixa\u00e7\u00e3o260V<\/p>\n<p>Prote\u00e7\u00e3o Coaxial &#8211; BlindadaYesCoax &#8211; Perda de inser\u00e7\u00e3o&lt; 0,5 dB<\/p>\n<p>Coaxial \u2013 Pronto para HD 1080 i\/pSim<\/p>\n<p>Coaxial &#8211; Faixa de frequ\u00eancia0 MHz &#8211; 2,2 GHz<\/p>\n<p>Coaxial \u2013 Conex\u00f5esFeminino \u201cF\u201d, banhado a ouro<\/p>\n<p>Coaxial &#8211; N\u00edvel de Fixa\u00e7\u00e3o75V<\/p>\n<p>Coaxial \u2013 Bidirecional<\/p>\n<p>Outras especifica\u00e7\u00f5es Informa\u00e7\u00e3o de Envio Filtra\u00e7\u00e3o Prote\u00e7\u00e3o AC<\/p>\n","protected":false},"excerpt":{"rendered":"<p>9 tomadas el\u00e9tricas protegidas e filtradas Monitoramento Autom\u00e1tico de Tens\u00e3o Exclusivo (AVM) Tecnologia Protect or Disconnect\u2122 Carregamento USB (0,5V\/5V) Filtra\u00e7\u00e3o linear de n\u00edvel 3 (2 bancos totalmente isolados) com banco de sa\u00edda de alta corrente dedicado (4 sa\u00eddas) Prote\u00e7\u00e3o de sinal de antena, cabo ou sat\u00e9lite, LAN e TELCO Luzes de m\u00eddia rotativas e regul\u00e1veis [&hellip;]<\/p>\n","protected":false},"featured_media":2191,"template":"","meta":{"_acf_changed":false},"product_brand":[],"product_cat":[89,106,250],"product_tag":[],"class_list":{"0":"post-2192","1":"product","2":"type-product","3":"status-publish","4":"has-post-thumbnail","6":"product_cat-acessorios","7":"product_cat-energia","8":"product_cat-panamax","10":"first","11":"instock","12":"sold-individually","13":"shipping-taxable","14":"purchasable","15":"product-type-simple"},"acf":[],"aioseo_notices":[],"_links":{"self":[{"href":"https:\/\/hificlub.com.br\/loja\/wp-json\/wp\/v2\/product\/2192","targetHints":{"allow":["GET"]}}],"collection":[{"href":"https:\/\/hificlub.com.br\/loja\/wp-json\/wp\/v2\/product"}],"about":[{"href":"https:\/\/hificlub.com.br\/loja\/wp-json\/wp\/v2\/types\/product"}],"wp:featuredmedia":[{"embeddable":true,"href":"https:\/\/hificlub.com.br\/loja\/wp-json\/wp\/v2\/media\/2191"}],"wp:attachment":[{"href":"https:\/\/hificlub.com.br\/loja\/wp-json\/wp\/v2\/media?parent=2192"}],"wp:term":[{"taxonomy":"product_brand","embeddable":true,"href":"https:\/\/hificlub.com.br\/loja\/wp-json\/wp\/v2\/product_brand?post=2192"},{"taxonomy":"product_cat","embeddable":true,"href":"https:\/\/hificlub.com.br\/loja\/wp-json\/wp\/v2\/product_cat?post=2192"},{"taxonomy":"product_tag","embeddable":true,"href":"https:\/\/hificlub.com.br\/loja\/wp-json\/wp\/v2\/product_tag?post=2192"}],"curies":[{"name":"wp","href":"https:\/\/api.w.org\/{rel}","templated":true}]}}