{"id":21916,"date":"2025-05-27T18:14:46","date_gmt":"2025-05-27T21:14:46","guid":{"rendered":"https:\/\/hificlub.com.br\/loja\/?post_type=product&#038;p=21916"},"modified":"2026-04-04T09:27:21","modified_gmt":"2026-04-04T12:27:21","slug":"accuphase-stereo-power-amplifier-a-48s","status":"publish","type":"product","link":"https:\/\/hificlub.com.br\/loja\/produto\/accuphase-stereo-power-amplifier-a-48s\/","title":{"rendered":"ACCUPHASE  A-48S  Amplificador Stereo Pure Class A  50 watts"},"content":{"rendered":"<p>O A-48S incorpora tecnologias de ponta para criar um amplificador de pot\u00eancia Classe A que oferece desempenho excepcional. Beneficiando-se de anos de projetos ideais de unidades de alto desempenho, o A-48S utiliza 6 MOS-FETs de pot\u00eancia pull-push paralelos e possui uma sa\u00edda de 50 W em 8 ohms, 100 W em 4 ohms, 200 W em 2 ohms e 400 W em 1 ohm, com o mesmo tamanho dos modelos convencionais. O n\u00edvel de ru\u00eddo tamb\u00e9m foi reduzido em 6%, proporcionando um fator de amortecimento de 1.000. O A-48S extrair\u00e1 o melhor de qualquer caixa ac\u00fastica, permitindo que voc\u00ea desfrute de qualidade sonora e amplitude incompar\u00e1veis.<\/p>\n<p><strong>SPECS<\/strong><\/p>\n<p>Est\u00e1gio de sa\u00edda MOS-FET de 6 est\u00e1gios paralelos push-pull com acionamento Classe A<br \/>\nSa\u00edda linear de grande porte de 50 W \/ 8 ohms, 100 W \/ 4 ohms, 200 W \/ 2 ohms e 400 W \/ 1 ohm<br \/>\nAmplificador de instrumenta\u00e7\u00e3o<br \/>\nTopologia de amplifica\u00e7\u00e3o com realimenta\u00e7\u00e3o de corrente<br \/>\nSensoriamento remoto balanceado<br \/>\nCircuito MCS+<br \/>\nTransformador toroidal grande e de alta efici\u00eancia<br \/>\nCapacitores de filtragem de 68.000 \u03bcF de alta capacidade<br \/>\nTerminais de alto-falante grandes conectados diretamente ao circuito de prote\u00e7\u00e3o<br \/>\nCircuito de prote\u00e7\u00e3o usando chaves MOS-FET<br \/>\nAlto fator de amortecimento de 1.000<br \/>\nMedidores de pot\u00eancia grandes e de alta sensibilidade, variando de \u201350 dB<br \/>\nConex\u00e3o bi-amplificada e comuta\u00e7\u00e3o de conex\u00e3o em ponte<br \/>\nCircuito de prote\u00e7\u00e3o de sa\u00edda de alto-falante protege contra curto-circuito<br \/>\nPlaca superior com acabamento em alum\u00ednio<br \/>\nP\u00e9s isolantes de ferro fundido de alto carbono com caracter\u00edsticas de amortecimento superiores<\/p>\n<p>\u2022 Pot\u00eancia m\u00e1xima de sa\u00edda (RMS): 50 W\/8 \u03a9, 100 W\/4 \u03a9, 200 W\/2 \u03a9, 400 W\/1 \u03a9<br \/>\n* Sinal musical<br \/>\n\u2022 Resposta de frequ\u00eancia:<br \/>\n&#8211; 20-20.000 Hz (+0\/\u20130,2 dB) em pot\u00eancia m\u00e1xima<br \/>\n&#8211; 3-160.000 Hz (+0\/\u20133 dB) para 1 W<\/p>\n<p>\u2022 Distor\u00e7\u00e3o de intermodula\u00e7\u00e3o: 0,01%<br \/>\n\u2022 Fator de amortecimento: 1000<br \/>\n\u2022 Amortecimento: M\u00c1X., \u20133 dB, \u20136 dB, \u201312 dB<br \/>\n\u2022 Amplifica\u00e7\u00e3o: 28 dB, 25 dB, 22 dB, 16 dB<br \/>\n\u2022 Consumo de energia: 0,3 W (em espera), 200 W (sem sinal de entrada), 220 W (IEC 60065)<\/p>\n<p>\u2022 Dimens\u00f5es (L x A) x P): 465 \u00d7 211 \u00d7 464 mm<br \/>\n\u2022 Peso: 44,8 kg<\/p>\n","protected":false},"excerpt":{"rendered":"<p>O A-48S incorpora tecnologias de ponta para criar um amplificador de pot\u00eancia Classe A que oferece desempenho excepcional. Beneficiando-se de anos de projetos ideais de unidades de alto desempenho, o A-48S utiliza 6 MOS-FETs de pot\u00eancia pull-push paralelos e possui uma sa\u00edda de 50 W em 8 ohms, 100 W em 4 ohms, 200 W [&hellip;]<\/p>\n","protected":false},"featured_media":21917,"template":"","meta":{"_acf_changed":false},"product_brand":[],"product_cat":[229,27,28,168],"product_tag":[],"class_list":{"0":"post-21916","1":"product","2":"type-product","3":"status-publish","4":"has-post-thumbnail","6":"product_cat-accuphase","7":"product_cat-amplificador","8":"product_cat-estereo","9":"product_cat-marcas","11":"first","12":"instock","13":"sold-individually","14":"shipping-taxable","15":"purchasable","16":"product-type-simple"},"acf":[],"aioseo_notices":[],"_links":{"self":[{"href":"https:\/\/hificlub.com.br\/loja\/wp-json\/wp\/v2\/product\/21916","targetHints":{"allow":["GET"]}}],"collection":[{"href":"https:\/\/hificlub.com.br\/loja\/wp-json\/wp\/v2\/product"}],"about":[{"href":"https:\/\/hificlub.com.br\/loja\/wp-json\/wp\/v2\/types\/product"}],"wp:featuredmedia":[{"embeddable":true,"href":"https:\/\/hificlub.com.br\/loja\/wp-json\/wp\/v2\/media\/21917"}],"wp:attachment":[{"href":"https:\/\/hificlub.com.br\/loja\/wp-json\/wp\/v2\/media?parent=21916"}],"wp:term":[{"taxonomy":"product_brand","embeddable":true,"href":"https:\/\/hificlub.com.br\/loja\/wp-json\/wp\/v2\/product_brand?post=21916"},{"taxonomy":"product_cat","embeddable":true,"href":"https:\/\/hificlub.com.br\/loja\/wp-json\/wp\/v2\/product_cat?post=21916"},{"taxonomy":"product_tag","embeddable":true,"href":"https:\/\/hificlub.com.br\/loja\/wp-json\/wp\/v2\/product_tag?post=21916"}],"curies":[{"name":"wp","href":"https:\/\/api.w.org\/{rel}","templated":true}]}}