{"id":2186,"date":"2023-10-17T19:59:23","date_gmt":"2023-10-17T22:59:23","guid":{"rendered":"https:\/\/hificlub.com.br\/loja2\/produto\/panamax-m5400-pm-condicionador-de-energia\/"},"modified":"2026-04-22T04:59:28","modified_gmt":"2026-04-22T07:59:28","slug":"panamax-m5400-pm-condicionador-de-energia","status":"publish","type":"product","link":"https:\/\/hificlub.com.br\/loja\/produto\/panamax-m5400-pm-condicionador-de-energia\/","title":{"rendered":"PANAMAX M5400 PM Condicionador de energia"},"content":{"rendered":"<div id=\"rb_content\">\n<div id=\"contentBody\" class=\"col-8\">\n<div data-update-area=\"specs\">\n<div id=\"productSpecs\">\n<p><span style=\"font-size: x-small\">REGULAMENTO DE TENS\u00c3O<\/span><br \/>\n<span style=\"font-size: x-small\">Melhorar o desempenho do sistema e prolongar a vida do equipamento, proporcionando um n\u00edvel consistente de energia ideal para o seu equipamento.<\/span><br \/>\n<span style=\"font-size: x-small\">MELHORA A QUALIDADE DE IMAGEM E SOM<\/span><br \/>\n<span style=\"font-size: x-small\">Level 4 + Limpeza de energia e Filtra\u00e7\u00e3o elimina os sintomas comuns de poder contaminados (incluindo perda de detalhe, aparece, silvos, hums e artefatos visuais) e permite que o seu A \/ V equipamento para realizar at\u00e9 a sua plena capacidade.<\/span><br \/>\n<span style=\"font-size: x-small\">MONITORES TENS\u00c3O DE LINHA DE ENTRADA E FORNECE UMA INDICA\u00c7\u00c3O VISUAL DO N\u00cdVEL DE POT\u00caNCIA<\/span><br \/>\n<span style=\"font-size: x-small\">Panamax de patente pendente da AVM \u00bf circuito monitora continuamente o poder de entrada como exibido no volt\u00edmetro digital. Em caso de subtens\u00e3o ou uma sobretens\u00e3o, um raio piscando ser\u00e1 exibido em vermelho no volt\u00edmetro, e poder para o equipamento ligado \u00e9 desligado automaticamente se qualquer uma destas condi\u00e7\u00f5es for detectada. Quando tens\u00e3o volta a um cofre n\u00edvel de pot\u00eancia, para o equipamento \u00e9 automaticamente reconectado.<\/span><br \/>\n<span style=\"font-size: x-small\">REDUZ A CONTAMINA\u00c7\u00c3O CRUZADA ENTRE COMPONENTES<\/span><br \/>\n<span style=\"font-size: x-small\">O M5400-PM \u00e9 projetado para fornecer isolamento de ru\u00eddo entre 5 bancos isoladas tomada incluindo 2 pontos altos atuais de modo que qualquer ru\u00eddo criado por um componente A \/ V n\u00e3o pode contaminar o poder ir para equipamentos ligados em outro banco tomada.<\/span><\/p>\n<p><span style=\"font-size: x-small\">Geral<br \/>\nPeso 20 libras.<br \/>\nOrelhas de rack Inclu\u00eddo<br \/>\nDimens\u00f5es 17 pol W x 12,75 x 3,5 polegadas D em H, (4,1 pol incluindo os p\u00e9s)<\/span><\/p>\n<p>&nbsp;<\/p>\n<h2 class=\"yikes-custom-woo-tab-title yikes-custom-woo-tab-title-other-specifications\"><span style=\"font-size: x-small\">Specifications<\/span><\/h2>\n<div class=\"tab-pane-content\">\n<div data-type=\"specs-tab-placeholder\">\n<dl>\n<dt class=\"Specification\">General<\/dt>\n<\/dl>\n<ul class=\"spec-list\">\n<li class=\"stripped-row full-width group\"><span class=\"spec-name\">Family<\/span><span class=\"spec-data\">PM Series<\/span><\/li>\n<li class=\"stripped-row full-width group\"><span class=\"spec-name\">Line Voltage<\/span><span class=\"spec-data\">120 (Volts)<\/span><\/li>\n<li class=\"stripped-row full-width group\"><span class=\"spec-name\">Number of Outlets<\/span><span class=\"spec-data\">11<\/span><\/li>\n<li class=\"stripped-row full-width group\"><span class=\"spec-name\">Number of Isolated Banks<\/span><span class=\"spec-data\">5<\/span><\/li>\n<li class=\"stripped-row full-width group\"><span class=\"spec-name\">Outlet Descriptions<\/span>All 11 outlets voltage regulated, filtered, and surge protected.Banks 1 and 2 are always onBank 3 and 4 are switchable from front panel power button or 12V trigger\n<p>Bank 5 outlets are high current and switchable from power button or 12V trigger<\/li>\n<li class=\"stripped-row full-width group\"><span class=\"spec-name\">Rack Mountable<\/span><span class=\"spec-data\">Yes<\/span><\/li>\n<li class=\"stripped-row full-width group\"><span class=\"spec-name\">Rack Ears Included<\/span><span class=\"spec-data\">Yes<\/span><\/li>\n<li class=\"stripped-row full-width group\"><span class=\"spec-name\">Front Panel Meter(s)<\/span><span class=\"spec-data\">1 voltmeter (volts in), 1 voltmeter(volts out)\/ammeter combo<\/span><\/li>\n<li class=\"stripped-row full-width group\"><span class=\"spec-name\">Front Media Light(s)<\/span><span class=\"spec-data\">No<\/span><\/li>\n<li class=\"stripped-row full-width group\"><span class=\"spec-name\">Control<\/span><span class=\"spec-data\">On\/Off control of switched outlets through front panel power button or rear panel DC trigger.<\/span><\/li>\n<li class=\"stripped-row full-width group\"><span class=\"spec-name\">Voltage Regulation<\/span><span class=\"spec-data\">Regulation capture range:<br \/>\n100VAC to 136VAC<br \/>\nOutput voltage range:<br \/>\n120VAC \u00c2\u00b1 6 VAC<\/span><\/li>\n<li class=\"stripped-row full-width group\"><span class=\"spec-name\">Compliance<\/span><span class=\"spec-data\">cCSAus<\/span><\/li>\n<li class=\"stripped-row full-width group\"><span class=\"spec-name\">USB Charging<\/span><span class=\"spec-data\">1 front panel 500mA USB charger. May not recognize all devices. Check manufactures power specifications of USB device.<\/span><\/li>\n<li class=\"stripped-row full-width group\"><span class=\"spec-name\">Low Voltage Trigger<\/span><span class=\"spec-data\">12 V, In\/Out<\/span><\/li>\n<li class=\"stripped-row full-width group\"><span class=\"spec-name\">AC Power Cord<\/span><span class=\"spec-data\">10 ft. detachable<\/span><\/li>\n<li class=\"stripped-row full-width group\"><span class=\"spec-name\">Dimensions<\/span><span class=\"spec-data\">17\u2033 W x 12.75\u2033 D x 3.5\u2033 H, (4.1\u2033 Including feet)<\/span><\/li>\n<li class=\"stripped-row full-width group\"><span class=\"spec-name\">Weight<\/span><span class=\"spec-data\">20 lbs<\/span><\/li>\n<\/ul>\n<dl>\n<dt class=\"Specification\">AC Protection<\/dt>\n<\/dl>\n<ul class=\"spec-list\">\n<li class=\"stripped-row full-width group\"><span class=\"spec-name\">AC Protection Technology<\/span><span class=\"spec-data\">Voltage Regulation<br \/>\nProtect or Disconnect<br \/>\nAutomatic Voltage Monitoring<br \/>\nL-N, L-G, N-G Protection Modes<br \/>\nThermal Fusing<\/span><\/li>\n<li class=\"stripped-row full-width group\"><span class=\"spec-name\">Under-Voltage Shutoff<\/span><span class=\"spec-data\">86VAC \u00c2\u00b1 6V<\/span><\/li>\n<li class=\"stripped-row full-width group\"><span class=\"spec-name\">Over-Voltage Shutoff<\/span><span class=\"spec-data\">142 VAC \u00c2\u00b1 8 VAC<\/span><\/li>\n<li class=\"stripped-row full-width group\"><span class=\"spec-name\">Maximum Current Rating<\/span><span class=\"spec-data\">15 (Amps)<\/span><\/li>\n<li class=\"stripped-row full-width group\"><span class=\"spec-name\">Initial Clamping Level<\/span><span class=\"spec-data\">200V Peak<\/span><\/li>\n<\/ul>\n<dl>\n<dt class=\"Specification\">Filtration<\/dt>\n<\/dl>\n<ul class=\"spec-list\">\n<li class=\"stripped-row full-width group\"><span class=\"spec-name\">Filtration Technology<\/span><span class=\"spec-data\">LiFT<\/span><\/li>\n<li class=\"stripped-row full-width group\"><span class=\"spec-name\">Filtration Rating<\/span>Banks 1, 2, 3, 4: 80 db (100 KHz \u2013 2 MHz)Bank 5, High Current Outlets: 60 db (100 KHz \u2013 2 MHz)<\/li>\n<li class=\"stripped-row full-width group\"><span class=\"spec-name\">Signal Line Protection<\/span><span class=\"spec-data\">2 LAN, 1 Tel, 3 Cable\/Satellite<\/span><\/li>\n<\/ul>\n<dl>\n<dt class=\"Specification\">Shipping Info<\/dt>\n<\/dl>\n<ul class=\"spec-list\">\n<li class=\"stripped-row full-width group\"><span class=\"spec-name\">Length<\/span><span class=\"spec-data\">24 (Inches)<\/span><\/li>\n<li class=\"stripped-row full-width group\"><span class=\"spec-name\">Width<\/span><span class=\"spec-data\">20.1 (Inches)<\/span><\/li>\n<li class=\"stripped-row full-width group\"><span class=\"spec-name\">Height<\/span><span class=\"spec-data\">10.4 (Inches)<\/span><\/li>\n<li class=\"stripped-row full-width group\"><span class=\"spec-name\">Weight<\/span><span class=\"spec-data\">24 (Lbs)<\/span><\/li>\n<li class=\"stripped-row full-width group\"><span class=\"spec-name\">Unit of Measure<\/span><span class=\"spec-data\">Each<\/span><\/li>\n<li class=\"stripped-row full-width group\"><span class=\"spec-name\">UPC<\/span><span class=\"spec-data\">050616008150<\/span><\/li>\n<li class=\"stripped-row full-width group\"><span class=\"spec-name\">Master Pack Qty<\/span><span class=\"spec-data\">1<\/span><\/li>\n<\/ul>\n<dl>\n<dt class=\"Specification\">Other Specifications<\/dt>\n<\/dl>\n<ul class=\"spec-list\">\n<li class=\"stripped-row full-width group\"><span class=\"spec-name\">UL1449 Suppression Rating<\/span><span class=\"spec-data\">330V<\/span><\/li>\n<li class=\"stripped-row full-width group\"><span class=\"spec-name\">Peak Impulse Current<\/span><span class=\"spec-data\">72,000 A<\/span><\/li>\n<li class=\"stripped-row full-width group\"><span class=\"spec-name\">Energy Dissipation<\/span><span class=\"spec-data\">2125 Joules<\/span><\/li>\n<li class=\"stripped-row full-width group\"><span class=\"spec-name\">LAN Circuits -Wires Protected<\/span><span class=\"spec-data\">8-Wires<\/span><\/li>\n<li class=\"stripped-row full-width group\"><span class=\"spec-name\">LAN Circuits \u2013 Connectors<\/span><span class=\"spec-data\">RJ-45<\/span><\/li>\n<li class=\"stripped-row full-width group\"><span class=\"spec-name\">LAN Circuits \u2013 Compatibility<\/span><span class=\"spec-data\">10\/100bT<\/span><\/li>\n<li class=\"stripped-row full-width group\"><span class=\"spec-name\">LAN Circuits \u2013 Clamping Level<\/span><span class=\"spec-data\">52V<\/span><\/li>\n<li class=\"stripped-row full-width group\"><span class=\"spec-name\">USB Circuit \u2013 Power Delivery<\/span><span class=\"spec-data\">500 mA @ 5VDC<\/span><\/li>\n<li class=\"stripped-row full-width group\"><span class=\"spec-name\">USB Circuit \u2013 Jacks<\/span><span class=\"spec-data\">USB-A<\/span><\/li>\n<li class=\"stripped-row full-width group\"><span class=\"spec-name\">Telco Protection \u2013 Wires Protected<\/span><span class=\"spec-data\">2-Wire, Pins 4 &amp; 5<\/span><\/li>\n<li class=\"stripped-row full-width group\"><span class=\"spec-name\">Telco Protection \u2013 Suppression Modes<\/span><span class=\"spec-data\">Metallic &amp; Longitudinal<\/span><\/li>\n<li class=\"stripped-row full-width group\"><span class=\"spec-name\">Telco Protection \u2013 Fuseless\/Auto-resetting<\/span><span class=\"spec-data\">Yes<\/span><\/li>\n<li class=\"stripped-row full-width group\"><span class=\"spec-name\">Telco Protection \u2013 Connectors<\/span><span class=\"spec-data\">RJ-11<\/span><\/li>\n<li class=\"stripped-row full-width group\"><span class=\"spec-name\">Telco Protection \u2013 Clamping Level<\/span><span class=\"spec-data\">260V<\/span><\/li>\n<li class=\"stripped-row full-width group\"><span class=\"spec-name\">Telco Protection \u2013 Capacitance<\/span><span class=\"spec-data\">30pf (approx.)<\/span><\/li>\n<li class=\"stripped-row full-width group\"><span class=\"spec-name\">Universal Coax Protection \u2013 Shielded<\/span><span class=\"spec-data\">Yes<\/span><\/li>\n<li class=\"stripped-row full-width group\"><span class=\"spec-name\">Coax Protection \u2013 Insertion Loss<\/span><span class=\"spec-data\">&lt; 0.5 dB<\/span><\/li>\n<li class=\"stripped-row full-width group\"><span class=\"spec-name\">Coax Protection \u2013 HD 1080 i\/p Ready<\/span><span class=\"spec-data\">Yes<\/span><\/li>\n<li class=\"stripped-row full-width group\"><span class=\"spec-name\">Coax Protection \u2013 Frequency Range<\/span><span class=\"spec-data\">0 MHz \u2013 2.2 GHz<\/span><\/li>\n<li class=\"stripped-row full-width group\"><span class=\"spec-name\">Coax Protection \u2013 Connections<\/span><span class=\"spec-data\">Female \u201cF\u201d, Gold Plated<\/span><\/li>\n<li class=\"stripped-row full-width group\"><span class=\"spec-name\">Coax Protection \u2013 Clamping Level<\/span><span class=\"spec-data\">75V<\/span><\/li>\n<li class=\"stripped-row full-width group\"><span class=\"spec-name\">Coax Protection -Bidirectional<\/span><span class=\"spec-data\">Yes<\/span><\/li>\n<\/ul>\n<\/div>\n<\/div>\n<p>&nbsp;<\/p>\n<\/div>\n<\/div>\n<\/div>\n<\/div>\n","protected":false},"excerpt":{"rendered":"<p>REGULAMENTO DE TENS\u00c3O Melhorar o desempenho do sistema e prolongar a vida do equipamento, proporcionando um n\u00edvel consistente de energia ideal para o seu equipamento. MELHORA A QUALIDADE DE IMAGEM E SOM Level 4 + Limpeza de energia e Filtra\u00e7\u00e3o elimina os sintomas comuns de poder contaminados (incluindo perda de detalhe, aparece, silvos, hums e [&hellip;]<\/p>\n","protected":false},"featured_media":2181,"template":"","meta":{"_acf_changed":false},"product_brand":[],"product_cat":[89,106,250],"product_tag":[],"class_list":{"0":"post-2186","1":"product","2":"type-product","3":"status-publish","4":"has-post-thumbnail","6":"product_cat-acessorios","7":"product_cat-energia","8":"product_cat-panamax","10":"first","11":"instock","12":"sold-individually","13":"shipping-taxable","14":"purchasable","15":"product-type-simple"},"acf":[],"aioseo_notices":[],"_links":{"self":[{"href":"https:\/\/hificlub.com.br\/loja\/wp-json\/wp\/v2\/product\/2186","targetHints":{"allow":["GET"]}}],"collection":[{"href":"https:\/\/hificlub.com.br\/loja\/wp-json\/wp\/v2\/product"}],"about":[{"href":"https:\/\/hificlub.com.br\/loja\/wp-json\/wp\/v2\/types\/product"}],"wp:featuredmedia":[{"embeddable":true,"href":"https:\/\/hificlub.com.br\/loja\/wp-json\/wp\/v2\/media\/2181"}],"wp:attachment":[{"href":"https:\/\/hificlub.com.br\/loja\/wp-json\/wp\/v2\/media?parent=2186"}],"wp:term":[{"taxonomy":"product_brand","embeddable":true,"href":"https:\/\/hificlub.com.br\/loja\/wp-json\/wp\/v2\/product_brand?post=2186"},{"taxonomy":"product_cat","embeddable":true,"href":"https:\/\/hificlub.com.br\/loja\/wp-json\/wp\/v2\/product_cat?post=2186"},{"taxonomy":"product_tag","embeddable":true,"href":"https:\/\/hificlub.com.br\/loja\/wp-json\/wp\/v2\/product_tag?post=2186"}],"curies":[{"name":"wp","href":"https:\/\/api.w.org\/{rel}","templated":true}]}}