{"id":2180,"date":"2023-10-17T19:59:22","date_gmt":"2023-10-17T22:59:22","guid":{"rendered":"https:\/\/hificlub.com.br\/loja2\/produto\/mcintosh-c53-com-dac-mm-mc-phono\/"},"modified":"2026-03-03T22:20:55","modified_gmt":"2026-03-04T01:20:55","slug":"mcintosh-c53-com-dac-mm-mc-phono","status":"publish","type":"product","link":"https:\/\/hificlub.com.br\/loja\/produto\/mcintosh-c53-com-dac-mm-mc-phono\/","title":{"rendered":"MCINTOSH C55 com DAC e MM MC Phono"},"content":{"rendered":"<p>O pr\u00e9-amplificador C55 \u00e9 o auge da excel\u00eancia sonora projetado para audi\u00f3filos, entusiastas da m\u00fasica e f\u00e3s dedicados de McIntosh. Como portador da inova\u00e7\u00e3o, ele pega o bast\u00e3o de seu antecessor, o multipremiado C53, e impulsiona sua experi\u00eancia de \u00e1udio dom\u00e9stico para novos reinos de nirvana de \u00e1udio. Com precis\u00e3o e habilidade, o C55 orgulhosamente assume o seu lugar como um verdadeiro l\u00edder do setor.<br \/>\nINSUMOS EM ABUND\u00c2NCIA<br \/>\nCom impressionantes 16 entradas (9 anal\u00f3gicas e 7 digitais), o C55 se torna o centro nevr\u00e1lgico do seu universo de \u00e1udio. As entradas anal\u00f3gicas incluem 3 conex\u00f5es balanceadas e 4 n\u00e3o balanceadas, juntamente com 2 entradas fono configur\u00e1veis \u200b\u200bpara cartuchos fono Moving Coil ou Moving Magnet para conectar seu (s) toca-discos . Ambas as entradas phono apresentam ganho ajust\u00e1vel em passos de 6dB de 40dB a 64dB, bem como equaliza\u00e7\u00e3o RIAA.<\/p>\n<p>A se\u00e7\u00e3o digital est\u00e1 alojada em nosso m\u00f3dulo de \u00e1udio digital DA2 e \u00e9 alimentada por um conversor digital para anal\u00f3gico (DAC) de n\u00edvel audi\u00f3filo Quad Balanced, 8 canais e 32 bits. O DA2 oferece uma variedade de conex\u00f5es, incluindo uma entrada HDMI Audio Return Channel (ARC) 1 somente de \u00e1udio , conduzindo o som da sua TV para uma nova era atrav\u00e9s do seu sistema est\u00e9reo dom\u00e9stico. Os formatos de \u00e1udio multicanal Dolby \u00ae e DTS \u00ae s\u00e3o habilmente convertidos em \u00e1udio requintado de dois canais para uma experi\u00eancia auditiva cativante.<br \/>\nAs outras 6 entradas digitais do DA2 consistem em 2 coaxiais, 2 \u00f3pticas, 1 USB e 1 MCT. A entrada USB suporta DSD512 e DXD 384kHz. As entradas coaxial e \u00f3ptica decodificam m\u00fasica digital de at\u00e9 24 bits\/192kHz para reprodu\u00e7\u00e3o de \u00e1udio de alta resolu\u00e7\u00e3o. E para obter a melhor qualidade de som do \u00e1udio de alta defini\u00e7\u00e3o em sua cole\u00e7\u00e3o SACD, a entrada MCT oferece uma conex\u00e3o DSD personalizada e segura quando combinada com nossa s\u00e9rie MCT de transportes SACD\/CD . Todo o m\u00f3dulo DA2 \u00e9 atualiz\u00e1vel e poder\u00e1 ser substitu\u00eddo por um m\u00f3dulo futuro caso novas tecnologias digitais estejam dispon\u00edveis.<\/p>\n<p>PRODUTOS INOVADORES PARA ESCUTA PERSONALIZADA<br \/>\nPara conectar o C55 ao(s) seu (s) amplificador(es) de pot\u00eancia , existem 3 conjuntos est\u00e9reo de sa\u00eddas vari\u00e1veis \u200b\u200bbalanceadas e n\u00e3o balanceadas que oferecem flexibilidade de conex\u00e3o avan\u00e7ada. Todos os 3 conjuntos de sa\u00eddas podem estar ativos ao mesmo tempo e cada um pode enviar o sinal de \u00e1udio do componente fonte para 3 sistemas de \u00e1udio separados.<br \/>\nAl\u00e9m disso, a sa\u00edda principal e a sa\u00edda 1 podem ser usadas para biamplificar um \u00fanico sistema de alto -falantes por meio dos filtros passa-alto e passa-baixo ajust\u00e1veis \u200b\u200bintegrados. Nesta configura\u00e7\u00e3o, as sa\u00eddas High Pass podem ser conectadas a um amplificador valvulado e as sa\u00eddas Low Pass podem ser conectadas a um amplificador de estado s\u00f3lido. O crossover ajust\u00e1vel permite otimizar o desempenho dos seus amplificadores de acordo com as especifica\u00e7\u00f5es do seu alto-falante e com as suas prefer\u00eancias auditivas. A sa\u00edda 1 oferece controle de n\u00edvel de acabamento, que permite que dois amplificadores diferentes tenham volume balanceado durante a biamplifica\u00e7\u00e3o.<\/p>\n<p>Al\u00e9m disso, a Sa\u00edda 2 pode ser configurada como mono ou est\u00e9reo e pode enviar sinal de \u00e1udio para um sistema de \u00e1udio est\u00e9reo em outra sala, para um \u00fanico subwoofer mono ou para 2 subwoofers est\u00e9reo separados. 2<br \/>\nRETORNO DO LOOP DO PROCESSADOR<br \/>\nO C55 traz o retorno do Processor Loop, algo n\u00e3o dispon\u00edvel nas \u00faltimas gera\u00e7\u00f5es de pr\u00e9-amplificadores McIntosh. O Loop do Processador permite que voc\u00ea insira um processador de sinal externo (como nosso Equalizador Ambiental MQ112 ou Sistema de Corre\u00e7\u00e3o de Sala MEN220 ), expansores de faixa din\u00e2mica ou outros dispositivos sem ter que coloc\u00e1-lo entre o pr\u00e9-amplificador e o(s) amplificador(es) de pot\u00eancia. Isso geralmente \u00e9 mais conveniente e pode permitir um melhor desempenho.<br \/>\nO Processor Loop tamb\u00e9m \u00e9 o lugar perfeito para conectar um gravador de fita anal\u00f3gico, um toca-fitas de \u00faltima gera\u00e7\u00e3o ou um toca-fitas de 3 cabe\u00e7as que permite gravar a partir de um componente fonte e ouvir a grava\u00e7\u00e3o segundos depois para que voc\u00ea possa monitorar seu grava\u00e7\u00f5es.<\/p>\n<p>Aplicativo McIntosh Connect<br \/>\nREDE CONECTADA PARA CONTROLE E ATUALIZA\u00c7\u00d5ES<br \/>\nAl\u00e9m de usar o controle remoto inclu\u00eddo ou os controles do painel frontal, o C55 pode ser conectado \u00e0 sua rede, o que desbloquear\u00e1 as op\u00e7\u00f5es de controle oferecidas por meio de nosso aplicativo Connect gratuito (programado para estar dispon\u00edvel em abril de 2024) . Projetado para dispositivos Android e Apple, o aplicativo Connect pode ser usado para controlar as principais fun\u00e7\u00f5es do C55, incluindo controle de volume, bem como sele\u00e7\u00e3o de entrada e sa\u00edda.<\/p>\n<p>Selecione os componentes de origem McIntosh 3 que possuem um cabo de dados conectado ao C55 e ser\u00e3o parcialmente control\u00e1veis \u200b\u200bpor meio do recurso Source Control do aplicativo. Com o Source Control, os usu\u00e1rios poder\u00e3o controlar muitas das fun\u00e7\u00f5es da unidade fonte a partir do aplicativo, como mudar de esta\u00e7\u00e3o de r\u00e1dio em um sintonizador ou reproduzir um disco em um CD Player. Esse recurso trar\u00e1 maior comodidade \u00e0s configura\u00e7\u00f5es que possuem um conjunto secund\u00e1rio de amplificadores de pot\u00eancia e alto-falantes conectados a uma das sa\u00eddas do C55, como um sistema externo onde voc\u00ea n\u00e3o ser\u00e1 mais for\u00e7ado a entrar para controlar sua funcionalidade b\u00e1sica.<\/p>\n<p>Outro benef\u00edcio de adicionar o C55 \u00e0 sua rede \u00e9 a capacidade de receber atualiza\u00e7\u00f5es peri\u00f3dicas de firmware. Essas vers\u00f5es de firmware podem adicionar novos recursos ou fornecer atualiza\u00e7\u00f5es importantes de desempenho.<\/p>\n<p>RECURSOS ADICIONAIS DE DESEMPENHO<br \/>\nEqualizador anal\u00f3gico de 8 bandas para ajustar sua m\u00fasica com precis\u00e3o, criando uma experi\u00eancia de \u00e1udio personalizada (o equalizador pode ser ignorado, se desejado).<br \/>\nAmplificador de fone de ouvido de alto desempenho com tecnologia Headphone Crossfeed Director (HXD \u00ae ) traz uma dimens\u00e3o adicional \u00e0 audi\u00e7\u00e3o com fone de ouvido.<br \/>\nHome Theater PassThru para integra\u00e7\u00e3o perfeita ao seu sistema de home theater .<br \/>\nRecebeu a designa\u00e7\u00e3o Roon Tested da Roon Labs.<br \/>\nO Power Control permite ligar e desligar facilmente outros componentes McIntosh conectados.<br \/>\nAs portas de dados podem enviar comandos de controle remoto para componentes de origem conectados.<br \/>\nComuta\u00e7\u00e3o de entrada eletromagn\u00e9tica para comuta\u00e7\u00e3o confi\u00e1vel, silenciosa e sem distor\u00e7\u00e3o.<br \/>\nLevel Trim Ajuste para combinar n\u00edveis de entrada anal\u00f3gica para evitar mudan\u00e7as abruptas nos n\u00edveis de volume.<br \/>\nSistema atenuador balanceado de precis\u00e3o e controlado digitalmente para controle de volume preciso com precis\u00e3o de 0,1dB.<br \/>\nFontes de alimenta\u00e7\u00e3o totalmente reguladas e um transformador de pot\u00eancia R-core especial para opera\u00e7\u00e3o est\u00e1vel e sem ru\u00eddo.<br \/>\nSistema de gerenciamento de energia ecol\u00f3gico que desliga a unidade ap\u00f3s 30 minutos de inatividade (pode ser desativado).<br \/>\nELEVA SUA JORNADA AUDITIVA<br \/>\nToda essa tecnologia de \u00e1udio de ponta reside no ic\u00f4nico design McIntosh \u2013 um painel frontal de vidro preto adornado com medidores azuis, bot\u00f5es girat\u00f3rios e um logotipo iluminado. O chassi de a\u00e7o inoxid\u00e1vel polido adiciona um toque de eleg\u00e2ncia, tornando-o um companheiro perfeito para amplificadores , CD players , toca-discos e muito mais.<\/p>\n<p>Eleve sua jornada sonora com o pr\u00e9-amplificador C55. Contate seu revendedor local e embarque em uma aventura de \u00e1udio como nunca antes.<\/p>\n<p>1) A entrada HDMI ARC reproduzir\u00e1 apenas \u00e1udio de uma TV compat\u00edvel. Ele n\u00e3o transmitir\u00e1 v\u00eddeo de ou para uma TV, nem reproduzir\u00e1 \u00e1udio de qualquer fonte que n\u00e3o seja de TV.<br \/>\n2) Somente subwoofers amplificados funcionar\u00e3o com este pr\u00e9-amplificador.<br \/>\n3) Componentes de fonte compat\u00edveis com controle de fonte: MCD201, MCD205, MCD301, MCD350, MCD500, MCD550, MCD600, MCD751, MCD1000, MCD1100, MCD7009, MCD7010, MCD12000, MCT80, MCT450, MCT500, MR85, MR87, MR8 8, MR89, MR7084 , MVP831, MVP841, MVP851, MVP861, MVP871, MVP881, MVP891 e MVP901.<\/p>\n<p>Os termos HDMI, HDMI High-Definition Multimedia Interface e o logotipo HDMI s\u00e3o marcas comerciais ou marcas registradas da HDMI Licensing Administrator, Inc.<br \/>\nDolby \u00e9 uma marca registrada da Dolby Laboratories.<br \/>\nDTS, DTS-HD, o S\u00edmbolo, &amp; DTS ou DTS-HD e o S\u00edmbolo juntos s\u00e3o marcas registradas da DTS, Inc. \u00a9 DTS, Inc. Todos os direitos reservados.<\/p>\n<p>ESPECIFICA\u00c7\u00d5ES ELETR\u00d4NICAS<br \/>\nN\u00famero de canais<br \/>\n2<br \/>\nDistor\u00e7\u00e3o Harm\u00f4nica Total<br \/>\n0,005%<br \/>\nResposta de frequ\u00eancia<br \/>\n+0, -0,5dB de 20Hz a 20kHz<br \/>\n+0, -3dB de 15Hz a 100kHz<br \/>\nM\u00e1ximo de volts de sa\u00edda (equilibrado\/desequilibrado)<br \/>\n16 V RMS \/ 8 V RMS<br \/>\nSensibilidade Alto N\u00edvel (Balanceado\/Desequilibrado)<br \/>\n900mV\/450mV<br \/>\nSensibilidade Phono (bobina m\u00f3vel)<br \/>\n0,45mV<br \/>\nSensibilidade Phono (\u00cdm\u00e3 M\u00f3vel)<br \/>\n4,5mV<br \/>\nRela\u00e7\u00e3o sinal-ru\u00eddo (alto n\u00edvel)<br \/>\n100dB<br \/>\nRela\u00e7\u00e3o sinal-ru\u00eddo (bobina m\u00f3vel)<br \/>\n80dB<br \/>\nRela\u00e7\u00e3o sinal-ru\u00eddo (\u00edm\u00e3 m\u00f3vel)<br \/>\n82dB<br \/>\nGanho de tens\u00e3o (alto n\u00edvel)<br \/>\n15dB<br \/>\nGanho de tens\u00e3o (bobina m\u00f3vel)<br \/>\nSelecion\u00e1vel 40dB, 46dB, 52dB, 58dB ou 64dB<br \/>\nGanho de tens\u00e3o (\u00edm\u00e3 m\u00f3vel)<br \/>\nSelecion\u00e1vel 40dB, 46dB, 52dB, 58dB ou 64dB<br \/>\nImped\u00e2ncia de entrada (balanceada\/desbalanceada)<br \/>\n44K ohm, 22K ohm<br \/>\nCONECTIVIDADE<br \/>\nEntrada balanceada<br \/>\n3<br \/>\nEntrada desequilibrada<br \/>\n4<br \/>\nBobina m\u00f3vel de entrada fono<br \/>\nAt\u00e9 2 (a unidade possui 2 entradas Phono; cada uma pode ser configurada pelo usu\u00e1rio como Moving Coil ou Moving Magnet)<br \/>\n\u00cdm\u00e3 m\u00f3vel de entrada fono<br \/>\nAt\u00e9 2 (a unidade possui 2 entradas Phono; cada uma pode ser configurada pelo usu\u00e1rio como Moving Coil ou Moving Magnet)<br \/>\nM\u00f3dulo de \u00e1udio digital atualiz\u00e1vel<br \/>\nSim: DA2<br \/>\nEntrada Coaxial Digital<br \/>\n2<br \/>\nEntrada \u00f3ptica digital<br \/>\n2<br \/>\nEntrada Digital MCT<br \/>\n1<br \/>\nEntrada USB Digital<br \/>\n1<br \/>\nEntrada HDMI (ARC)<br \/>\n1<br \/>\nEntrada Digital AES\/EBU<br \/>\n0<br \/>\nSa\u00edda fixa balanceada<br \/>\n0<br \/>\nSa\u00edda vari\u00e1vel balanceada<br \/>\n3<br \/>\nSa\u00edda fixa desequilibrada<br \/>\n0<br \/>\nSa\u00edda vari\u00e1vel desequilibrada<br \/>\n3<br \/>\nSa\u00edda de fone de ouvido<br \/>\nDrive de 1\/4&#8243; de altura com diretor de alimenta\u00e7\u00e3o cruzada de fone de ouvido (HXD \u00ae )<br \/>\nCorrespond\u00eancia de n\u00edvel de entrada<br \/>\nSim, +\/- 6dB<br \/>\nPassThru de home theater<br \/>\nSim<br \/>\nTipo de conector anal\u00f3gico n\u00e3o balanceado<br \/>\nLat\u00e3o maci\u00e7o banhado a ouro premium<br \/>\nPorta de servi\u00e7o<br \/>\n1<br \/>\nConex\u00e3o de rede<br \/>\n1<br \/>\nAO CONTROLE<br \/>\nControles de tom<br \/>\n8 bandas (cada banda ajust\u00e1vel \u00b1 12dB)<br \/>\nBypass de tom e atribui\u00e7\u00e3o de entrada<br \/>\nSim<br \/>\nEntrada de controle RS232<br \/>\nSim<br \/>\nSa\u00edda de controle de pot\u00eancia<br \/>\n1 principal, 4 gatilho<br \/>\nPorta de dados do painel traseiro<br \/>\n6<br \/>\nEntrada do sensor IR do painel traseiro<br \/>\nSim<br \/>\nESPECIFICA\u00c7\u00d5ES GERAIS<br \/>\nMultichassi ou \u00danico<br \/>\nSimples, duas camadas<br \/>\nMedidores de sa\u00edda<br \/>\nSim<br \/>\nTubo de V\u00e1cuo ou Estado S\u00f3lido<br \/>\nEstado s\u00f3lido<br \/>\nConsumo de energia (ligado)<br \/>\n75 Watts<br \/>\nPESOS E DIMENS\u00d5ES<br \/>\nDimens\u00f5es da unidade (L x A x P)<br \/>\n17,5&#8243; (44,45cm) x 7,625&#8243; (19,4cm) x 16,5&#8243; (41,9cm)<br \/>\nUnidade de peso<br \/>\n28 libras (12,5 kg)<br \/>\nPeso<br \/>\n43,5 libras (19,7 kg)<\/p>\n","protected":false},"excerpt":{"rendered":"<p>O pr\u00e9-amplificador C55 \u00e9 o auge da excel\u00eancia sonora projetado para audi\u00f3filos, entusiastas da m\u00fasica e f\u00e3s dedicados de McIntosh. Como portador da inova\u00e7\u00e3o, ele pega o bast\u00e3o de seu antecessor, o multipremiado C53, e impulsiona sua experi\u00eancia de \u00e1udio dom\u00e9stico para novos reinos de nirvana de \u00e1udio. Com precis\u00e3o e habilidade, o C55 orgulhosamente [&hellip;]<\/p>\n","protected":false},"featured_media":14684,"template":"","meta":{"_acf_changed":false},"product_brand":[],"product_cat":[39,38],"product_tag":[],"class_list":{"0":"post-2180","1":"product","2":"type-product","3":"status-publish","4":"has-post-thumbnail","6":"product_cat-mcintosh","7":"product_cat-pre-amplificador","9":"first","10":"instock","11":"sold-individually","12":"shipping-taxable","13":"product-type-simple"},"acf":[],"aioseo_notices":[],"_links":{"self":[{"href":"https:\/\/hificlub.com.br\/loja\/wp-json\/wp\/v2\/product\/2180","targetHints":{"allow":["GET"]}}],"collection":[{"href":"https:\/\/hificlub.com.br\/loja\/wp-json\/wp\/v2\/product"}],"about":[{"href":"https:\/\/hificlub.com.br\/loja\/wp-json\/wp\/v2\/types\/product"}],"wp:featuredmedia":[{"embeddable":true,"href":"https:\/\/hificlub.com.br\/loja\/wp-json\/wp\/v2\/media\/14684"}],"wp:attachment":[{"href":"https:\/\/hificlub.com.br\/loja\/wp-json\/wp\/v2\/media?parent=2180"}],"wp:term":[{"taxonomy":"product_brand","embeddable":true,"href":"https:\/\/hificlub.com.br\/loja\/wp-json\/wp\/v2\/product_brand?post=2180"},{"taxonomy":"product_cat","embeddable":true,"href":"https:\/\/hificlub.com.br\/loja\/wp-json\/wp\/v2\/product_cat?post=2180"},{"taxonomy":"product_tag","embeddable":true,"href":"https:\/\/hificlub.com.br\/loja\/wp-json\/wp\/v2\/product_tag?post=2180"}],"curies":[{"name":"wp","href":"https:\/\/api.w.org\/{rel}","templated":true}]}}