{"id":21727,"date":"2025-05-25T21:37:49","date_gmt":"2025-05-26T00:37:49","guid":{"rendered":"https:\/\/hificlub.com.br\/loja\/?post_type=product&#038;p=21727"},"modified":"2026-03-03T22:18:03","modified_gmt":"2026-03-04T01:18:03","slug":"meze-audio-109-pro-headphone","status":"publish","type":"product","link":"https:\/\/hificlub.com.br\/loja\/produto\/meze-audio-109-pro-headphone\/","title":{"rendered":"MEZE AUDIO 109 PRO Headphone"},"content":{"rendered":"<p><strong>ESTADO DE CONSERVA\u00c7\u00c3O &#8211; Novo<\/strong><\/p>\n<p><strong>Descri\u00e7\u00e3o<\/strong><\/p>\n<p>S109 PRO \u00e9 uma demonstra\u00e7\u00e3o do nosso comprometimento em ir al\u00e9m da reprodu\u00e7\u00e3o fiel do som e entregar emo\u00e7\u00e3o pura. Tudo come\u00e7ou com um prop\u00f3sito: criar alegria. Trata-se de se deixar levar pelo som, daquela conex\u00e3o \u00edntima que voc\u00ea tem com seu artista, m\u00fasica ou instrumento favorito, quando todas as distra\u00e7\u00f5es s\u00e3o removidas.<\/p>\n<p>O 109 PRO segue nossos mais altos padr\u00f5es de conforto e ergonomia. Uma vez colocado na cabe\u00e7a, o fone de ouvido se torna impercept\u00edvel, deixando voc\u00ea apenas com a m\u00fasica. Madeira de nogueira, zinco fundido, a\u00e7o mangan\u00eas e couro vegano se complementam para criar uma estrutura confort\u00e1vel, leve e altamente dur\u00e1vel.<\/p>\n<p>Nosso driver din\u00e2mico de 50 mm, montado e ajustado com m\u00e1xima precis\u00e3o, nos permitiu expandir os limites de velocidade, precis\u00e3o e alcance din\u00e2mico. Para atingir os objetivos ac\u00fasticos que definimos para o 109 PRO, concentramos nossos esfor\u00e7os de P&amp;D na pesquisa de materiais para cada um dos componentes do driver.<\/p>\n<p><strong>Meze Audio<\/strong>\u00a0foi fundada em 2011, na Rom\u00eania, por Antonio Meze, com a vis\u00e3o de criar fones de ouvido que combinassem excel\u00eancia sonora, design ic\u00f4nico e durabilidade. A marca ganhou reconhecimento rapidamente no mundo do \u00e1udio de alta fidelidade, posicionando-se como uma escolha premium entre entusiastas e profissionais do som. Desde o in\u00edcio, a Meze buscou criar produtos que proporcionassem uma experi\u00eancia auditiva rica e envolvente, e ao mesmo tempo um conforto excepcional. Seu foco em materiais de alta qualidade, constru\u00e7\u00e3o artesanal e um estilo est\u00e9tico \u00fanico diferencia seus fones no mercado competitivo de \u00e1udio. Um dos primeiros modelos de destaque da marca foi o Meze 99 Classics, lan\u00e7ado em 2015. Este modelo capturou a aten\u00e7\u00e3o do mercado global por sua constru\u00e7\u00e3o em madeira, estilo retr\u00f4, e desempenho sonoro equilibrado, conquistando uma s\u00e9rie de pr\u00eamios e elogios da cr\u00edtica especializada. Com o sucesso dos 99 Classics, a Meze Audio expandiu seu portf\u00f3lio, entrando no segmento de fones de ouvido planar magn\u00e9ticos com o lan\u00e7amento do Meze Empyrean em 2018. Este modelo, desenvolvido em colabora\u00e7\u00e3o com a Rinaro Isodynamics, representou um avan\u00e7o significativo em tecnologia e engenharia de \u00e1udio. O Empyrean foi projetado para oferecer uma ampla faixa din\u00e2mica e uma reprodu\u00e7\u00e3o sonora extremamente precisa, consolidando a Meze como uma refer\u00eancia no mercado de fones high end. A filosofia da Meze sempre foi criar equipamentos que resistam ao teste do tempo, tanto no design quanto na qualidade sonora. A marca continua a evoluir, com lan\u00e7amentos como o Meze Elite, que trazem ainda mais refinamento \u00e0 linha planar magn\u00e9tica, oferecendo uma experi\u00eancia auditiva de refer\u00eancia para audi\u00f3filos exigentes<\/p>\n<p><strong>SPECS<\/strong><\/p>\n<p>Transducer Type Dynamic<br \/>\nInput Connector dual: 3.5 mm TS Jack<br \/>\nTransducer Size: 50 mm<br \/>\nTotal Harmonic Distortion: &lt;0.1% at 1 kHz<br \/>\nFrequency Range: 5 Hz &#8211; 30 kHz<br \/>\nEar cups Black Walnut Wood<br \/>\nImpedance :40 \u03a9<br \/>\nWeight :375 g (13 oz.)<br \/>\nSensitivity: 112 dB SPL\/mW at 1 kHz<\/p>\n<p>&nbsp;<\/p>\n","protected":false},"excerpt":{"rendered":"<p>ESTADO DE CONSERVA\u00c7\u00c3O &#8211; Novo Descri\u00e7\u00e3o S109 PRO \u00e9 uma demonstra\u00e7\u00e3o do nosso comprometimento em ir al\u00e9m da reprodu\u00e7\u00e3o fiel do som e entregar emo\u00e7\u00e3o pura. Tudo come\u00e7ou com um prop\u00f3sito: criar alegria. Trata-se de se deixar levar pelo som, daquela conex\u00e3o \u00edntima que voc\u00ea tem com seu artista, m\u00fasica ou instrumento favorito, quando todas [&hellip;]<\/p>\n","protected":false},"featured_media":21728,"template":"","meta":{"_acf_changed":false},"product_brand":[],"product_cat":[263,270],"product_tag":[],"class_list":{"0":"post-21727","1":"product","2":"type-product","3":"status-publish","4":"has-post-thumbnail","6":"product_cat-headphone","7":"product_cat-meze","9":"first","10":"instock","11":"sold-individually","12":"shipping-taxable","13":"purchasable","14":"product-type-simple"},"acf":[],"aioseo_notices":[],"_links":{"self":[{"href":"https:\/\/hificlub.com.br\/loja\/wp-json\/wp\/v2\/product\/21727","targetHints":{"allow":["GET"]}}],"collection":[{"href":"https:\/\/hificlub.com.br\/loja\/wp-json\/wp\/v2\/product"}],"about":[{"href":"https:\/\/hificlub.com.br\/loja\/wp-json\/wp\/v2\/types\/product"}],"wp:featuredmedia":[{"embeddable":true,"href":"https:\/\/hificlub.com.br\/loja\/wp-json\/wp\/v2\/media\/21728"}],"wp:attachment":[{"href":"https:\/\/hificlub.com.br\/loja\/wp-json\/wp\/v2\/media?parent=21727"}],"wp:term":[{"taxonomy":"product_brand","embeddable":true,"href":"https:\/\/hificlub.com.br\/loja\/wp-json\/wp\/v2\/product_brand?post=21727"},{"taxonomy":"product_cat","embeddable":true,"href":"https:\/\/hificlub.com.br\/loja\/wp-json\/wp\/v2\/product_cat?post=21727"},{"taxonomy":"product_tag","embeddable":true,"href":"https:\/\/hificlub.com.br\/loja\/wp-json\/wp\/v2\/product_tag?post=21727"}],"curies":[{"name":"wp","href":"https:\/\/api.w.org\/{rel}","templated":true}]}}